{"id":11762,"date":"2018-11-19T13:49:51","date_gmt":"2018-11-19T13:49:51","guid":{"rendered":"https:\/\/www.swisscleantech.ch\/?post_type=agendaeintrag&#038;p=11762"},"modified":"2018-12-19T11:26:29","modified_gmt":"2018-12-19T11:26:29","slug":"groupe-thematique-sur-la-numerisation-developpement-durable-quelle-influence-la-smart-infrastructure-a-t-elle","status":"publish","type":"agendaeintrag","link":"https:\/\/www.swisscleantech.ch\/fr\/agendaeintrag\/groupe-thematique-sur-la-numerisation-developpement-durable-quelle-influence-la-smart-infrastructure-a-t-elle\/","title":{"rendered":"Groupe th\u00e9matique sur la num\u00e9risation &#038; d\u00e9veloppement durable:  Quelle influence la  Smart Infrastructure a-t-elle?"},"content":{"rendered":"<p>La Smart Infrastructure est l&#8217;un des grands leviers pour la mise en oeuvre du d\u00e9veloppement durable \u00e9cologique. Dans notre groupe th\u00e9matique, nous aborderons pr\u00e9cis\u00e9ment cette th\u00e9matique et discuterons des questions suivantes:<\/p>\n<ul>\n<li>O\u00f9 r\u00e9sident les plus grands potentiels de d\u00e9veloppement durable dans le contexte de la Smart Infrastructure?<\/li>\n<li>O\u00f9 les conditions-cadres g\u00eanent-elles la mise en oeuvre de solutions de num\u00e9risation au profit du d\u00e9veloppement durable?<\/li>\n<li>En quoi la num\u00e9risation l&#8217;\u00e9volution durable (par exemple quels sont les nouveaux besoins engendr\u00e9s par la num\u00e9risation et o\u00f9 y a-t-il des effets Rebound inattendus)?<\/li>\n<li>O\u00f9 faudrait-il encadrer la num\u00e9risation? Est-ce m\u00eame possible?<\/li>\n<\/ul>\n<p>L&#8217;\u00e9v\u00e9nement se tient en allemand.<\/p>\n<p><a href=\"https:\/\/www.swisscleantech.ch\/files\/Programm_FG-Smart-Infrastructure-2019_01_17.pdf\">Programm<\/a>e<br \/>\n<a href=\"https:\/\/www.swisscleantech.ch\/anmeldung-abmeldung-formulare\/anmeldung-fg-digitalisierung\/\">Inscription<\/a><\/p>\n","protected":false},"featured_media":11763,"template":"","acf":[],"_links":{"self":[{"href":"https:\/\/www.swisscleantech.ch\/fr\/wp-json\/wp\/v2\/agendaeintrag\/11762"}],"collection":[{"href":"https:\/\/www.swisscleantech.ch\/fr\/wp-json\/wp\/v2\/agendaeintrag"}],"about":[{"href":"https:\/\/www.swisscleantech.ch\/fr\/wp-json\/wp\/v2\/types\/agendaeintrag"}],"version-history":[{"count":0,"href":"https:\/\/www.swisscleantech.ch\/fr\/wp-json\/wp\/v2\/agendaeintrag\/11762\/revisions"}],"wp:featuredmedia":[{"embeddable":true,"href":"https:\/\/www.swisscleantech.ch\/fr\/wp-json\/wp\/v2\/media\/11763"}],"wp:attachment":[{"href":"https:\/\/www.swisscleantech.ch\/fr\/wp-json\/wp\/v2\/media?parent=11762"}],"curies":[{"name":"wp","href":"https:\/\/api.w.org\/{rel}","templated":true}]}}

Groupe thématique sur la numérisation &#038; développement durable:  Quelle influence la  Smart Infrastructure a-t-elle?

<p>La Smart Infrastructure est l&#8217;un des grands leviers pour la mise en oeuvre du développement durable écologique. Dans notre groupe thématique, nous aborderons précisément cette thématique et discuterons des questions suivantes:</p>
<ul>
<li>Où résident les plus grands potentiels de développement durable dans le contexte de la Smart Infrastructure?</li>
<li>Où les conditions-cadres gênent-elles la mise en oeuvre de solutions de numérisation au profit du développement durable?</li>
<li>En quoi la numérisation l&#8217;évolution durable (par exemple quels sont les nouveaux besoins engendrés par la numérisation et où y a-t-il des effets Rebound inattendus)?</li>
<li>Où faudrait-il encadrer la numérisation? Est-ce même possible?</li>
</ul>
<p>L&#8217;événement se tient en allemand.</p>
<p><a href="https://www.swisscleantech.ch/files/Programm_FG-Smart-Infrastructure-2019_01_17.pdf">Programm</a>e<br />
<a href="https://www.swisscleantech.ch/anmeldung-abmeldung-formulare/anmeldung-fg-digitalisierung/">Inscription</a></p>
