{"id":12058,"date":"2019-01-17T13:49:38","date_gmt":"2019-01-17T13:49:38","guid":{"rendered":"https:\/\/www.swisscleantech.ch\/?post_type=agendaeintrag&#038;p=12058"},"modified":"2019-04-03T07:59:59","modified_gmt":"2019-04-03T07:59:59","slug":"webinar-zum-inlandziel","status":"publish","type":"agendaeintrag","link":"https:\/\/www.swisscleantech.ch\/fr\/agendaeintrag\/webinar-zum-inlandziel\/","title":{"rendered":"Webinar: Zeit, die Schweizer Klimaziele zu erh\u00f6hen?"},"content":{"rendered":"<p><em>Im Webinar pr\u00e4sentierten wir Fakten und Meinungen zur Frage, ob swisscleantech seine Zielforderung aufgrund des Berichtes des Weltklimarates und neusten wissenschaftlichen Erkenntnissen heraufsetzen soll.\u00a0<\/em><\/p>\n<p>Webinar verpasst? <a href=\"https:\/\/www.swisscleantech.ch\/position\/zeit-die-schweizer-klimaziele-zu-erhoehen-2\/\">Hier<\/a> finden Sie mehr Infos zum Thema.<\/p>\n<p>swisscleantech fordert zurzeit ein 2030 Inlandziel von 40%. Der Bundesrat schl\u00e4gt ein Ziel von 30% vor. B\u00fcrgerliche Parteien fordern eine volle Flexibilisierung und wollen auf ein Inlandziel verzichten.\u00a0Im Herbst 2018 hat der Weltklimarat einen neuen Klimabericht ver\u00f6ffentlicht, der zeigt, dass ein Temperaturanstieg von 1.5 Grad deutlich weniger Kosten und Sch\u00e4den bringt als eine Erw\u00e4rmung von 2 Grad. Um dies zu erreichen, m\u00fcssen die globalen CO<sub>2<\/sub>-Emissionen bis 2030 um 45% sinken. Sollte swisscleantech aufgrund der neuen wissenschaftlichen Erkenntnisse die Zielforderung heraufsetzen?<\/p>\n<ul>\n<li><strong>Prof. Dr. Andreas Fischlin<\/strong>\u00a0(ETH Z\u00fcrich, Mitautor des\u00a0IPCC-Sonderbericht zu 1,5 \u00b0C)\u00a0spricht\u00a0\u00fcber die wichtigsten\u00a0Resultate\u00a0des IPCC-Berichtes<\/li>\n<li><strong>Anja Kollmuss\u00a0<\/strong>(Klimaexpertin swisscleantech) &amp; <strong>Martina Novak<\/strong> (Leiterin Politik bei swisscleantech) zeigen auf, welche verschiedenen Klimaziele die Schweizer Politik verfolgt und welche Vor- und Nachteile eine Erh\u00f6hung der Zielforderung mit sich bringt<\/li>\n<\/ul>\n<p>Nach dem Webinar werden swisscleantech Mitglieder die Gelegenheit haben, im Rahmen einer Umfrage ihre Meinung zu \u00e4ussern.<\/p>\n<p>***<\/p>\n<p>Das Webinar findet <strong>\u00fcber gotomeeting<\/strong>\u00a0statt.\u00a0Eine Anmeldung ist nicht n\u00f6tig, sie k\u00f6nnen bequem von ihrem Laptop \u00fcber <a href=\"https:\/\/global.gotomeeting.com\/join\/620906997\" target=\"_blank\" rel=\"noopener\">diesen Zugangslink<\/a> aus teilnehmen.\u00a0<\/p>\n<p>Den Zugangscode finden Sie in der Einladung, die Sie per Email erhalten haben. Falls Sie den Code nicht mehr finden, <a href=\"sekretariat@swisscleantech.ch\">schreiben Sie uns<\/a>!<\/p>\n<h4>Dieses Webinar richtet sich exklusiv an unsere Mitglieder.<\/h4>\n","protected":false},"featured_media":0,"template":"","acf":[],"_links":{"self":[{"href":"https:\/\/www.swisscleantech.ch\/fr\/wp-json\/wp\/v2\/agendaeintrag\/12058"}],"collection":[{"href":"https:\/\/www.swisscleantech.ch\/fr\/wp-json\/wp\/v2\/agendaeintrag"}],"about":[{"href":"https:\/\/www.swisscleantech.ch\/fr\/wp-json\/wp\/v2\/types\/agendaeintrag"}],"version-history":[{"count":2,"href":"https:\/\/www.swisscleantech.ch\/fr\/wp-json\/wp\/v2\/agendaeintrag\/12058\/revisions"}],"predecessor-version":[{"id":13205,"href":"https:\/\/www.swisscleantech.ch\/fr\/wp-json\/wp\/v2\/agendaeintrag\/12058\/revisions\/13205"}],"wp:attachment":[{"href":"https:\/\/www.swisscleantech.ch\/fr\/wp-json\/wp\/v2\/media?parent=12058"}],"curies":[{"name":"wp","href":"https:\/\/api.w.org\/{rel}","templated":true}]}}

Webinar: Zeit, die Schweizer Klimaziele zu erhöhen?

<p><em>Im Webinar präsentierten wir Fakten und Meinungen zur Frage, ob swisscleantech seine Zielforderung aufgrund des Berichtes des Weltklimarates und neusten wissenschaftlichen Erkenntnissen heraufsetzen soll. </em></p>
<p>Webinar verpasst? <a href="https://www.swisscleantech.ch/position/zeit-die-schweizer-klimaziele-zu-erhoehen-2/">Hier</a> finden Sie mehr Infos zum Thema.</p>
<p>swisscleantech fordert zurzeit ein 2030 Inlandziel von 40%. Der Bundesrat schlägt ein Ziel von 30% vor. Bürgerliche Parteien fordern eine volle Flexibilisierung und wollen auf ein Inlandziel verzichten. Im Herbst 2018 hat der Weltklimarat einen neuen Klimabericht veröffentlicht, der zeigt, dass ein Temperaturanstieg von 1.5 Grad deutlich weniger Kosten und Schäden bringt als eine Erwärmung von 2 Grad. Um dies zu erreichen, müssen die globalen CO<sub>2</sub>-Emissionen bis 2030 um 45% sinken. Sollte swisscleantech aufgrund der neuen wissenschaftlichen Erkenntnisse die Zielforderung heraufsetzen?</p>
<ul>
<li><strong>Prof. Dr. Andreas Fischlin</strong> (ETH Zürich, Mitautor des IPCC-Sonderbericht zu 1,5 °C) spricht über die wichtigsten Resultate des IPCC-Berichtes</li>
<li><strong>Anja Kollmuss </strong>(Klimaexpertin swisscleantech) &amp; <strong>Martina Novak</strong> (Leiterin Politik bei swisscleantech) zeigen auf, welche verschiedenen Klimaziele die Schweizer Politik verfolgt und welche Vor- und Nachteile eine Erhöhung der Zielforderung mit sich bringt</li>
</ul>
<p>Nach dem Webinar werden swisscleantech Mitglieder die Gelegenheit haben, im Rahmen einer Umfrage ihre Meinung zu äussern.</p>
<p>***</p>
<p>Das Webinar findet <strong>über gotomeeting</strong> statt. Eine Anmeldung ist nicht nötig, sie können bequem von ihrem Laptop über <a href="https://global.gotomeeting.com/join/620906997" target="_blank" rel="noopener">diesen Zugangslink</a> aus teilnehmen. </p>
<p>Den Zugangscode finden Sie in der Einladung, die Sie per Email erhalten haben. Falls Sie den Code nicht mehr finden, <a href="sekretariat@swisscleantech.ch">schreiben Sie uns</a>!</p>
<h4>Dieses Webinar richtet sich exklusiv an unsere Mitglieder.</h4>
