{"id":12858,"date":"2019-03-14T10:47:57","date_gmt":"2019-03-14T10:47:57","guid":{"rendered":"https:\/\/www.swisscleantech.ch\/?post_type=agendaeintrag&#038;p=12858"},"modified":"2019-06-12T13:18:09","modified_gmt":"2019-06-12T13:18:09","slug":"fokusgruppe-mobilitaet","status":"publish","type":"agendaeintrag","link":"https:\/\/www.swisscleantech.ch\/fr\/agendaeintrag\/fokusgruppe-mobilitaet\/","title":{"rendered":"Fokusgruppe Mobilit\u00e4t: Standortbestimmung Mobilit\u00e4tspolitik"},"content":{"rendered":"<h4>Veranstaltung verpasst? Lesen Sie unseren <a href=\"https:\/\/www.swisscleantech.ch\/position\/wo-stehen-wir-in-der-mobilitaetspolitik\/\">Nachbericht<\/a>.<\/h4>\n<p>***<\/p>\n<p><strong>Standortbestimmung Mobilit\u00e4tspolitik<\/strong><\/p>\n<p>Mobilit\u00e4t hat erhebliche Umweltauswirkungen \u2013 nicht nur in Bezug auf den Klimawandel. Welche politischen Dossiers sind aktuell in der Diskussion, welche Themenfelder fehlen und m\u00fcssten dringend beurteilt werden?<\/p>\n<p>Gemeinsam wollen wir eine Einordnung vornehmen und dar\u00fcber diskutieren, wie der Fokus in der Mobilit\u00e4tspolitik gesamtheitlicher gew\u00e4hlt werden k\u00f6nnte.<\/p>\n<p><a href=\"https:\/\/www.swisscleantech.ch\/files\/Fokusgruppe_Mobilit\u00e4t_2019_06_05.pdf\">Programm<\/a><br \/>\n<a href=\"http:\/\/www.swisscleantech.ch\/anmeldung-fg-mobilitaet\">Anmeldung<\/a><\/p>\n","protected":false},"featured_media":0,"template":"","acf":[],"_links":{"self":[{"href":"https:\/\/www.swisscleantech.ch\/fr\/wp-json\/wp\/v2\/agendaeintrag\/12858"}],"collection":[{"href":"https:\/\/www.swisscleantech.ch\/fr\/wp-json\/wp\/v2\/agendaeintrag"}],"about":[{"href":"https:\/\/www.swisscleantech.ch\/fr\/wp-json\/wp\/v2\/types\/agendaeintrag"}],"version-history":[{"count":1,"href":"https:\/\/www.swisscleantech.ch\/fr\/wp-json\/wp\/v2\/agendaeintrag\/12858\/revisions"}],"predecessor-version":[{"id":13099,"href":"https:\/\/www.swisscleantech.ch\/fr\/wp-json\/wp\/v2\/agendaeintrag\/12858\/revisions\/13099"}],"wp:attachment":[{"href":"https:\/\/www.swisscleantech.ch\/fr\/wp-json\/wp\/v2\/media?parent=12858"}],"curies":[{"name":"wp","href":"https:\/\/api.w.org\/{rel}","templated":true}]}}

Fokusgruppe Mobilität: Standortbestimmung Mobilitätspolitik

<h4>Veranstaltung verpasst? Lesen Sie unseren <a href="https://www.swisscleantech.ch/position/wo-stehen-wir-in-der-mobilitaetspolitik/">Nachbericht</a>.</h4>
<p>***</p>
<p><strong>Standortbestimmung Mobilitätspolitik</strong></p>
<p>Mobilität hat erhebliche Umweltauswirkungen – nicht nur in Bezug auf den Klimawandel. Welche politischen Dossiers sind aktuell in der Diskussion, welche Themenfelder fehlen und müssten dringend beurteilt werden?</p>
<p>Gemeinsam wollen wir eine Einordnung vornehmen und darüber diskutieren, wie der Fokus in der Mobilitätspolitik gesamtheitlicher gewählt werden könnte.</p>
<p><a href="https://www.swisscleantech.ch/files/Fokusgruppe_Mobilität_2019_06_05.pdf">Programm</a><br />
<a href="http://www.swisscleantech.ch/anmeldung-fg-mobilitaet">Anmeldung</a></p>
