{"id":13644,"date":"2019-05-24T13:50:55","date_gmt":"2019-05-24T13:50:55","guid":{"rendered":"https:\/\/www.swisscleantech.ch\/?post_type=agendaeintrag&#038;p=13644"},"modified":"2019-09-20T07:46:19","modified_gmt":"2019-09-20T07:46:19","slug":"oekologischer-staedtebau-auf-innovative-und-vielversprechende-loesungen-setzten","status":"publish","type":"agendaeintrag","link":"https:\/\/www.swisscleantech.ch\/fr\/agendaeintrag\/oekologischer-staedtebau-auf-innovative-und-vielversprechende-loesungen-setzten\/","title":{"rendered":"\u00d6kologischer St\u00e4dtebau &#8211; Auf innovative und vielversprechende L\u00f6sungen setzten"},"content":{"rendered":"<h4>Veranstaltung verpasst? Lesen Sie <a href=\"https:\/\/www.swisscleantech.ch\/artikel\/progressiver-oekologischer-staedtebau-mailand\/\" target=\"_blank\" rel=\"noopener noreferrer\"><strong>unseren Nachbericht!<\/strong><\/a><\/h4>\n<p>***<\/p>\n<p>Zusammen mit\u00a0FDP Frauen und FDP Urban organisiert swisscleantech\u00a0einen Ausflug nach Mailand mit Besichtigung des Bosco Verticale. ExpertInnen begleiten Sie und bringen Ihnen innovative St\u00e4dtebaukonzepte n\u00e4her.\u00a0<\/p>\n<p>Die Teilnehmerzahl ist begrenzt \u2013 first come, first served!<\/p>\n<p><strong>Rahmenprogramm<\/strong>:<\/p>\n<p>W\u00e4hrend des ganzen Nachmittags werden wir diverse innovative St\u00e4dtebaukonzepte besichtigen, organisiert durch F\u00e9lix Baumann, schweizerischer Generalkonsul in Mailand. F\u00fchrende Expertinnen und Experten stellen innovative Konzepte in den Bereichen <strong>Smart City, Urbanes Wohnen, Urban Mobility und Ko-Kreative Stadt<\/strong> vor.<\/p>\n<p>Bereits letztes Jahr ein Highlight: Andreas Kipar, Gr\u00fcnder und CEO von LAND SRL bringt uns die st\u00e4dtebaulichen Herausforderungen und Errungenschaften von Mailand n\u00e4her und pr\u00e4sentiert uns die Vision Mailand 2030!\u00a0<\/p>\n<p>Nach der R\u00fcckkehr in die Hotels laden wir anschlie\u00dfend zum <strong>gemeinsamen Abendessen<\/strong> ein. Im gem\u00fctlichen Rahmen lassen wir Erlebtes nochmals Revue passieren. F\u00fcr den R\u00fccktransport in die Hotels ist gesorgt, oder aber Sie geniessen noch Mailand bei Nacht.<\/p>\n<p>F\u00fcr den darauffolgenden Samstag empfehlen wir, Mailand auf eigene Faust zu entdecken, entweder individuell oder in Gruppen. Dieser Teil ist nat\u00fcrlich freiwillig und jedem selber \u00fcberlassen.<\/p>\n<p><a href=\"http:\/\/www.frauen-fdp.ch\/staedtebau\" target=\"_blank\" rel=\"noopener noreferrer\">Mehr Informationen<\/a><\/p>\n","protected":false},"featured_media":13645,"template":"","acf":[],"_links":{"self":[{"href":"https:\/\/www.swisscleantech.ch\/fr\/wp-json\/wp\/v2\/agendaeintrag\/13644"}],"collection":[{"href":"https:\/\/www.swisscleantech.ch\/fr\/wp-json\/wp\/v2\/agendaeintrag"}],"about":[{"href":"https:\/\/www.swisscleantech.ch\/fr\/wp-json\/wp\/v2\/types\/agendaeintrag"}],"version-history":[{"count":1,"href":"https:\/\/www.swisscleantech.ch\/fr\/wp-json\/wp\/v2\/agendaeintrag\/13644\/revisions"}],"predecessor-version":[{"id":13659,"href":"https:\/\/www.swisscleantech.ch\/fr\/wp-json\/wp\/v2\/agendaeintrag\/13644\/revisions\/13659"}],"wp:featuredmedia":[{"embeddable":true,"href":"https:\/\/www.swisscleantech.ch\/fr\/wp-json\/wp\/v2\/media\/13645"}],"wp:attachment":[{"href":"https:\/\/www.swisscleantech.ch\/fr\/wp-json\/wp\/v2\/media?parent=13644"}],"curies":[{"name":"wp","href":"https:\/\/api.w.org\/{rel}","templated":true}]}}

Ökologischer Städtebau &#8211; Auf innovative und vielversprechende Lösungen setzten

<h4>Veranstaltung verpasst? Lesen Sie <a href="https://www.swisscleantech.ch/artikel/progressiver-oekologischer-staedtebau-mailand/" target="_blank" rel="noopener noreferrer"><strong>unseren Nachbericht!</strong></a></h4>
<p>***</p>
<p>Zusammen mit FDP Frauen und FDP Urban organisiert swisscleantech einen Ausflug nach Mailand mit Besichtigung des Bosco Verticale. ExpertInnen begleiten Sie und bringen Ihnen innovative Städtebaukonzepte näher. </p>
<p>Die Teilnehmerzahl ist begrenzt – first come, first served!</p>
<p><strong>Rahmenprogramm</strong>:</p>
<p>Während des ganzen Nachmittags werden wir diverse innovative Städtebaukonzepte besichtigen, organisiert durch Félix Baumann, schweizerischer Generalkonsul in Mailand. Führende Expertinnen und Experten stellen innovative Konzepte in den Bereichen <strong>Smart City, Urbanes Wohnen, Urban Mobility und Ko-Kreative Stadt</strong> vor.</p>
<p>Bereits letztes Jahr ein Highlight: Andreas Kipar, Gründer und CEO von LAND SRL bringt uns die städtebaulichen Herausforderungen und Errungenschaften von Mailand näher und präsentiert uns die Vision Mailand 2030! </p>
<p>Nach der Rückkehr in die Hotels laden wir anschließend zum <strong>gemeinsamen Abendessen</strong> ein. Im gemütlichen Rahmen lassen wir Erlebtes nochmals Revue passieren. Für den Rücktransport in die Hotels ist gesorgt, oder aber Sie geniessen noch Mailand bei Nacht.</p>
<p>Für den darauffolgenden Samstag empfehlen wir, Mailand auf eigene Faust zu entdecken, entweder individuell oder in Gruppen. Dieser Teil ist natürlich freiwillig und jedem selber überlassen.</p>
<p><a href="http://www.frauen-fdp.ch/staedtebau" target="_blank" rel="noopener noreferrer">Mehr Informationen</a></p>
