{"id":14028,"date":"2019-06-28T10:06:08","date_gmt":"2019-06-28T10:06:08","guid":{"rendered":"https:\/\/www.swisscleantech.ch\/?post_type=agendaeintrag&#038;p=14028"},"modified":"2019-10-22T08:11:44","modified_gmt":"2019-10-22T08:11:44","slug":"efficacite-energetique-pour-les-pme","status":"publish","type":"agendaeintrag","link":"https:\/\/www.swisscleantech.ch\/fr\/agendaeintrag\/efficacite-energetique-pour-les-pme\/","title":{"rendered":"Efficacit\u00e9 \u00e9nerg\u00e9tique pour les entreprises"},"content":{"rendered":"<p>A travers ce format de rencontre &#8211; 5 \u00e0 7, en partenariat avec TecOrbe en Romandie, swisscleantech souhaite aborder des projets et m\u00e9thodologies concr\u00e8tes pour r\u00e9duire les gaz \u00e0 effet de serre et augmenter efficacit\u00e9 \u00e9nerg\u00e9tique, notamment avec des solutions pour les entreprises.<\/p>\n<p class=\"bodytext\">Au programme: un survol du probl\u00e8me vu par la HEIG-VD, le point de vue de swisscleantech pour des conditions cadre adapt\u00e9es, des retours d&#8217;exp\u00e9riences de 2 entreprises et la pr\u00e9sentation du PEIK (audit \u00e9nerg\u00e9tique pour les PME).<\/p>\n<p class=\"bodytext\">Et surtout : la possibilit\u00e9 d&#8217;approfondir le sujet en discutant avec ceux qui la pratiquent lors du\u00a0Networking Ap\u00e9ro!<\/p>\n<h4><a href=\"https:\/\/www.swisscleantech.ch\/files\/invitation-TecOrbe_swisscleantech_2019_11_05-Final.pdf\">Flyer avec programme d\u00e9taill\u00e9<\/a><\/h4>\n<p><span style=\"color: #800000;\"><strong>COMPLET &#8211; les inscriptions sont closes<\/strong><\/span><\/p>\n<p>Vous pouvez nous <a href=\"sekretariat@swisscleantech.ch\">\u00e9crire<\/a> si vous souhaitez la programmation d&#8217;une nouvelle date.<\/p>\n","protected":false},"featured_media":0,"template":"","acf":[],"_links":{"self":[{"href":"https:\/\/www.swisscleantech.ch\/fr\/wp-json\/wp\/v2\/agendaeintrag\/14028"}],"collection":[{"href":"https:\/\/www.swisscleantech.ch\/fr\/wp-json\/wp\/v2\/agendaeintrag"}],"about":[{"href":"https:\/\/www.swisscleantech.ch\/fr\/wp-json\/wp\/v2\/types\/agendaeintrag"}],"version-history":[{"count":1,"href":"https:\/\/www.swisscleantech.ch\/fr\/wp-json\/wp\/v2\/agendaeintrag\/14028\/revisions"}],"predecessor-version":[{"id":14988,"href":"https:\/\/www.swisscleantech.ch\/fr\/wp-json\/wp\/v2\/agendaeintrag\/14028\/revisions\/14988"}],"wp:attachment":[{"href":"https:\/\/www.swisscleantech.ch\/fr\/wp-json\/wp\/v2\/media?parent=14028"}],"curies":[{"name":"wp","href":"https:\/\/api.w.org\/{rel}","templated":true}]}}

Efficacité énergétique pour les entreprises

<p>A travers ce format de rencontre &#8211; 5 à 7, en partenariat avec TecOrbe en Romandie, swisscleantech souhaite aborder des projets et méthodologies concrètes pour réduire les gaz à effet de serre et augmenter efficacité énergétique, notamment avec des solutions pour les entreprises.</p>
<p class="bodytext">Au programme: un survol du problème vu par la HEIG-VD, le point de vue de swisscleantech pour des conditions cadre adaptées, des retours d&#8217;expériences de 2 entreprises et la présentation du PEIK (audit énergétique pour les PME).</p>
<p class="bodytext">Et surtout : la possibilité d&#8217;approfondir le sujet en discutant avec ceux qui la pratiquent lors du Networking Apéro!</p>
<h4><a href="https://www.swisscleantech.ch/files/invitation-TecOrbe_swisscleantech_2019_11_05-Final.pdf">Flyer avec programme détaillé</a></h4>
<p><span style="color: #800000;"><strong>COMPLET &#8211; les inscriptions sont closes</strong></span></p>
<p>Vous pouvez nous <a href="sekretariat@swisscleantech.ch">écrire</a> si vous souhaitez la programmation d&#8217;une nouvelle date.</p>
