{"id":14339,"date":"2019-08-26T11:45:40","date_gmt":"2019-08-26T11:45:40","guid":{"rendered":"https:\/\/www.swisscleantech.ch\/?post_type=agendaeintrag&#038;p=14339"},"modified":"2019-09-25T07:46:01","modified_gmt":"2019-09-25T07:46:01","slug":"nachhaltige-geschaeftsmodelle-startups","status":"publish","type":"agendaeintrag","link":"https:\/\/www.swisscleantech.ch\/fr\/agendaeintrag\/nachhaltige-geschaeftsmodelle-startups\/","title":{"rendered":"Nachhaltige Gesch\u00e4ftsmodelle f\u00fcr Startups &#8211; Infoveranstaltung"},"content":{"rendered":"<p><strong>Wie baut man als Startup ein nachhaltiges Gesch\u00e4ftsmodell auf?\u00a0Welche politische Rahmenbedingungen braucht es daf\u00fcr?<\/strong><\/p>\n<p><strong>swisscleantech pr\u00e4sentiert L\u00f6sungen im Rahmen einer fortschrittlichen Energie- und Klimapolitik und diskutiert mit Unternehmern, die Innovationen und Nachhaltigkeit f\u00fcr ihr Gesch\u00e4ft nutzen.<\/strong><\/p>\n<p><strong>Programm<\/strong><\/p>\n<p>18:00 | Welcome speech &#8211; Karin Stephan, Community &amp; Ecosystem Building, Impact Hub<\/p>\n<p>18:15 | \u00abWas bringt nachhaltiges Handeln? Welche Chancen ergeben sich f\u00fcr Start Ups?\u00bb \u2013\u00a0Fabian Etter, Vizepr\u00e4sident swisscleantech und Verwaltungsratspr\u00e4sident Elektro Etter AG\u00a0<\/p>\n<p>18:35 | \u00abWas macht swisscleantech? Wie unterst\u00fctzt der Wirtschaftsverband die zukunftsorientierten Unternehmer und wie k\u00f6nnen wir gemeinsam eine klimataugliche Wirtschaft gestalten?\u00bb \u2013 Katia Alich, Mitgliedermanagement und Partnerschaften, swisscleantech\u00a0<\/p>\n<p>19:00 | Q&amp;A, anschliessend Networking-Ap\u00e9ro<\/p>\n<p><a href=\"https:\/\/www.eventbrite.com\/e\/nachhaltige-geschaftsmodelle-fur-startups-tickets-70637557837?aff=ebdssbdestsearch\" target=\"_blank\" rel=\"noopener\">Zur Anmeldung<\/a><\/p>\n","protected":false},"featured_media":14557,"template":"","acf":[],"_links":{"self":[{"href":"https:\/\/www.swisscleantech.ch\/fr\/wp-json\/wp\/v2\/agendaeintrag\/14339"}],"collection":[{"href":"https:\/\/www.swisscleantech.ch\/fr\/wp-json\/wp\/v2\/agendaeintrag"}],"about":[{"href":"https:\/\/www.swisscleantech.ch\/fr\/wp-json\/wp\/v2\/types\/agendaeintrag"}],"version-history":[{"count":2,"href":"https:\/\/www.swisscleantech.ch\/fr\/wp-json\/wp\/v2\/agendaeintrag\/14339\/revisions"}],"predecessor-version":[{"id":14464,"href":"https:\/\/www.swisscleantech.ch\/fr\/wp-json\/wp\/v2\/agendaeintrag\/14339\/revisions\/14464"}],"wp:featuredmedia":[{"embeddable":true,"href":"https:\/\/www.swisscleantech.ch\/fr\/wp-json\/wp\/v2\/media\/14557"}],"wp:attachment":[{"href":"https:\/\/www.swisscleantech.ch\/fr\/wp-json\/wp\/v2\/media?parent=14339"}],"curies":[{"name":"wp","href":"https:\/\/api.w.org\/{rel}","templated":true}]}}

Nachhaltige Geschäftsmodelle für Startups &#8211; Infoveranstaltung

<p><strong>Wie baut man als Startup ein nachhaltiges Geschäftsmodell auf? Welche politische Rahmenbedingungen braucht es dafür?</strong></p>
<p><strong>swisscleantech präsentiert Lösungen im Rahmen einer fortschrittlichen Energie- und Klimapolitik und diskutiert mit Unternehmern, die Innovationen und Nachhaltigkeit für ihr Geschäft nutzen.</strong></p>
<p><strong>Programm</strong></p>
<p>18:00 | Welcome speech &#8211; Karin Stephan, Community &amp; Ecosystem Building, Impact Hub</p>
<p>18:15 | «Was bringt nachhaltiges Handeln? Welche Chancen ergeben sich für Start Ups?» – Fabian Etter, Vizepräsident swisscleantech und Verwaltungsratspräsident Elektro Etter AG </p>
<p>18:35 | «Was macht swisscleantech? Wie unterstützt der Wirtschaftsverband die zukunftsorientierten Unternehmer und wie können wir gemeinsam eine klimataugliche Wirtschaft gestalten?» – Katia Alich, Mitgliedermanagement und Partnerschaften, swisscleantech </p>
<p>19:00 | Q&amp;A, anschliessend Networking-Apéro</p>
<p><a href="https://www.eventbrite.com/e/nachhaltige-geschaftsmodelle-fur-startups-tickets-70637557837?aff=ebdssbdestsearch" target="_blank" rel="noopener">Zur Anmeldung</a></p>
