{"id":15759,"date":"2020-01-10T14:31:58","date_gmt":"2020-01-10T14:31:58","guid":{"rendered":"https:\/\/www.swisscleantech.ch\/?post_type=agendaeintrag&#038;p=15759"},"modified":"2020-03-05T16:36:58","modified_gmt":"2020-03-05T16:36:58","slug":"assemblee-generale-de-swisscleantech","status":"publish","type":"agendaeintrag","link":"https:\/\/www.swisscleantech.ch\/fr\/agendaeintrag\/assemblee-generale-de-swisscleantech\/","title":{"rendered":"Assembl\u00e9e g\u00e9n\u00e9rale de swisscleantech"},"content":{"rendered":"<p>&nbsp;<\/p>\n<h4>Information importante: Compte tenu de la situation particuli\u00e8re li\u00e9e au coronavirus, nous avons d\u00e9cid\u00e9 de ne pas tenir l\u2019Assembl\u00e9e g\u00e9n\u00e9rale de cette ann\u00e9e \u00e0 Berne comme pr\u00e9vu. Elle\u00a0<span lang=\"FR-CH\">aura tout de m\u00eame lieu mais par voie \u00e9lectronique.<\/span>\u00a0La date et l&#8217;heure restent inchang\u00e9es.\u00a0Il n\u2019est pas n\u00e9cessaire de vous inscrire au pr\u00e9alable. <span lang=\"FR-CH\">Les informations n\u00e9cessaires vous seront envoy\u00e9es par e-mail le 9 mars.\u00a0<\/span>Par cette d\u00e9cision, nous souhaitons aider la Conf\u00e9d\u00e9ration dans ses efforts visant \u00e0 enrayer la propagation du virus. Nous vous remercions de votre compr\u00e9hension.<\/h4>\n<p>&nbsp;<\/p>\n<p>Nous avons le plaisir d&#8217;inviter nos adh\u00e9rents \u00e0 l&#8217;assembl\u00e9e g\u00e9n\u00e9rale de swisscleantech de cette ann\u00e9e pour jeter un regard r\u00e9trospectif sur l&#8217;exercice 2019. Les Friends of swisscleantech sont \u00e9galement les bienvenus, mais n&#8217;ont pas le droit de vote.\u00a0<\/p>\n<p>Vous recevrez l&#8217;ordre du jour, y compris les documents, 10 jours avant l&#8217;Assembl\u00e9e g\u00e9n\u00e9rale.\u00a0<\/p>\n<p>Nous nous r\u00e9jouissons de votre pr\u00e9sence en grand nombre.<\/p>\n<p><a href=\"https:\/\/www.swisscleantech.ch\/fr\/gv-fruehlingsanlass20\/\">Inscription ou annulation<\/a><\/p>\n<p>&nbsp;<\/p>\n","protected":false},"featured_media":15970,"template":"","acf":[],"_links":{"self":[{"href":"https:\/\/www.swisscleantech.ch\/fr\/wp-json\/wp\/v2\/agendaeintrag\/15759"}],"collection":[{"href":"https:\/\/www.swisscleantech.ch\/fr\/wp-json\/wp\/v2\/agendaeintrag"}],"about":[{"href":"https:\/\/www.swisscleantech.ch\/fr\/wp-json\/wp\/v2\/types\/agendaeintrag"}],"version-history":[{"count":1,"href":"https:\/\/www.swisscleantech.ch\/fr\/wp-json\/wp\/v2\/agendaeintrag\/15759\/revisions"}],"predecessor-version":[{"id":16168,"href":"https:\/\/www.swisscleantech.ch\/fr\/wp-json\/wp\/v2\/agendaeintrag\/15759\/revisions\/16168"}],"wp:featuredmedia":[{"embeddable":true,"href":"https:\/\/www.swisscleantech.ch\/fr\/wp-json\/wp\/v2\/media\/15970"}],"wp:attachment":[{"href":"https:\/\/www.swisscleantech.ch\/fr\/wp-json\/wp\/v2\/media?parent=15759"}],"curies":[{"name":"wp","href":"https:\/\/api.w.org\/{rel}","templated":true}]}}

Assemblée générale de swisscleantech

<p>&nbsp;</p>
<h4>Information importante: Compte tenu de la situation particulière liée au coronavirus, nous avons décidé de ne pas tenir l’Assemblée générale de cette année à Berne comme prévu. Elle <span lang="FR-CH">aura tout de même lieu mais par voie électronique.</span> La date et l&#8217;heure restent inchangées. Il n’est pas nécessaire de vous inscrire au préalable. <span lang="FR-CH">Les informations nécessaires vous seront envoyées par e-mail le 9 mars. </span>Par cette décision, nous souhaitons aider la Confédération dans ses efforts visant à enrayer la propagation du virus. Nous vous remercions de votre compréhension.</h4>
<p>&nbsp;</p>
<p>Nous avons le plaisir d&#8217;inviter nos adhérents à l&#8217;assemblée générale de swisscleantech de cette année pour jeter un regard rétrospectif sur l&#8217;exercice 2019. Les Friends of swisscleantech sont également les bienvenus, mais n&#8217;ont pas le droit de vote. </p>
<p>Vous recevrez l&#8217;ordre du jour, y compris les documents, 10 jours avant l&#8217;Assemblée générale. </p>
<p>Nous nous réjouissons de votre présence en grand nombre.</p>
<p><a href="https://www.swisscleantech.ch/fr/gv-fruehlingsanlass20/">Inscription ou annulation</a></p>
<p>&nbsp;</p>
