{"id":15940,"date":"2019-12-19T16:25:58","date_gmt":"2019-12-19T16:25:58","guid":{"rendered":"https:\/\/www.swisscleantech.ch\/?post_type=agendaeintrag&#038;p=15940"},"modified":"2020-02-19T10:43:53","modified_gmt":"2020-02-19T10:43:53","slug":"webinar-wasserstoff-als-energietraeger-der-zukunft","status":"publish","type":"agendaeintrag","link":"https:\/\/www.swisscleantech.ch\/fr\/agendaeintrag\/webinar-wasserstoff-als-energietraeger-der-zukunft\/","title":{"rendered":"Webinaire: L\u2019hydrog\u00e8ne, vecteur \u00e9nerg\u00e9tique du futur?"},"content":{"rendered":"<p>Des essais sont r\u00e9alis\u00e9s depuis longtemps pour faire de l\u2019hydrog\u00e8ne le vecteur \u00e9nerg\u00e9tique du futur. Quels sont les perspectives et les enjeux?\u00a0Pour en discuter, nous vous invitons <strong>le 26 f\u00e9vrier 2020 de 12h15 \u00e0 13h15 \u00e0 un <\/strong>Lunchbreak-Webinaire.<\/p>\n<p>Apr\u00e8s une br\u00e8ve introduction et pr\u00e9sentation du contexte politique, quatre adh\u00e9rents de swisscleantechqui travaillent d\u00e9j\u00e0 actuellement avec l\u2019hydrog\u00e8ne exposeront leurs projets.\u00a0<\/p>\n<p><u>Programme:<\/u><\/p>\n<ul>\n<li>Introduction \u00abL\u2019hydrog\u00e8ne, vecteur \u00e9nerg\u00e9tique\u00bb\u00a0\n<ul>\n<li><strong><em>Prof. Dr. Markus Friedl, Haute \u00e9cole technique de Rapperswil<\/em><\/strong><\/li>\n<\/ul>\n<\/li>\n<li>Contexte politique\n<ul>\n<li><strong><em>Anja Kollmuss,\u00a0swisscleantech\u00a0<\/em><\/strong><\/li>\n<\/ul>\n<\/li>\n<li>Pr\u00e9sentation des projets des adh\u00e9rents de swisscleantech\n<ul>\n<li><strong><em>Andreas Kunz, responsable Installations \u00e9nerg\u00e9tiques,\u00a0Energie 360\u00b0 AG<\/em><\/strong><\/li>\n<li><strong><em>Rolf Huber, Pr\u00e9sident du conseil d\u2019administration,\u00a0H2 Energy AG<\/em><\/strong><\/li>\n<li><strong><em>Franziska Steidle-Sailer, Strategic Market Development Manager, Swiss Sustainable Yachts AG \u2013\u00a0AQUON\u00a0<\/em><\/strong><\/li>\n<li><b><span lang=\"EN-US\">Fr\u00e9d\u00e9ric Veloso, Strategy and Business Development Director, GreenGT<\/span><\/b><\/li>\n<\/ul>\n<\/li>\n<\/ul>\n<p><u>Login Webinaire:<\/u><\/p>\n<p>Participez depuis votre ordinateur, tablette ou smartphone.<br \/>\n\u00a0<a href=\"https:\/\/global.gotomeeting.com\/join\/160382861\" target=\"_blank\" rel=\"noopener noreferrer\" data-cke-saved-href=\"https:\/\/global.gotomeeting.com\/join\/160382861\" data-cke-saved->https:\/\/global.gotomeeting.com\/join\/160382861\u00a0<\/a><\/p>\n<p>Vous pouvez aussi vous connecter par t\u00e9l\u00e9phone. <br \/>\nSuisse:\u00a0+41 225 4599 60;\u00a0Code\u00a0d\u2019acc\u00e8s:\u00a0160-382-861<\/p>\n<p>Vous ne connaissez pas encore GoToMeeting ? Installez l&#8217;application d\u00e8s maintenant pour \u00eatre pr\u00eat pour votre premi\u00e8re r\u00e9union: <br \/>\n<a href=\"https:\/\/global.gotomeeting.com\/install\/160382861\" target=\"_blank\" rel=\"noopener noreferrer\">https:\/\/global.gotomeeting.com\/install\/160382861<\/a><\/p>\n<h4>Ce webinaire s&#8217;adresse exclusivement \u00e0 nos adh\u00e9rents.<\/h4>\n","protected":false},"featured_media":15941,"template":"","acf":[],"_links":{"self":[{"href":"https:\/\/www.swisscleantech.ch\/fr\/wp-json\/wp\/v2\/agendaeintrag\/15940"}],"collection":[{"href":"https:\/\/www.swisscleantech.ch\/fr\/wp-json\/wp\/v2\/agendaeintrag"}],"about":[{"href":"https:\/\/www.swisscleantech.ch\/fr\/wp-json\/wp\/v2\/types\/agendaeintrag"}],"version-history":[{"count":1,"href":"https:\/\/www.swisscleantech.ch\/fr\/wp-json\/wp\/v2\/agendaeintrag\/15940\/revisions"}],"predecessor-version":[{"id":15942,"href":"https:\/\/www.swisscleantech.ch\/fr\/wp-json\/wp\/v2\/agendaeintrag\/15940\/revisions\/15942"}],"wp:featuredmedia":[{"embeddable":true,"href":"https:\/\/www.swisscleantech.ch\/fr\/wp-json\/wp\/v2\/media\/15941"}],"wp:attachment":[{"href":"https:\/\/www.swisscleantech.ch\/fr\/wp-json\/wp\/v2\/media?parent=15940"}],"curies":[{"name":"wp","href":"https:\/\/api.w.org\/{rel}","templated":true}]}}

Webinaire: L’hydrogène, vecteur énergétique du futur?

<p>Des essais sont réalisés depuis longtemps pour faire de l’hydrogène le vecteur énergétique du futur. Quels sont les perspectives et les enjeux? Pour en discuter, nous vous invitons <strong>le 26 février 2020 de 12h15 à 13h15 à un </strong>Lunchbreak-Webinaire.</p>
<p>Après une brève introduction et présentation du contexte politique, quatre adhérents de swisscleantechqui travaillent déjà actuellement avec l’hydrogène exposeront leurs projets. </p>
<p><u>Programme:</u></p>
<ul>
<li>Introduction «L’hydrogène, vecteur énergétique» 
<ul>
<li><strong><em>Prof. Dr. Markus Friedl, Haute école technique de Rapperswil</em></strong></li>
</ul>
</li>
<li>Contexte politique
<ul>
<li><strong><em>Anja Kollmuss, swisscleantech </em></strong></li>
</ul>
</li>
<li>Présentation des projets des adhérents de swisscleantech
<ul>
<li><strong><em>Andreas Kunz, responsable Installations énergétiques, Energie 360° AG</em></strong></li>
<li><strong><em>Rolf Huber, Président du conseil d’administration, H2 Energy AG</em></strong></li>
<li><strong><em>Franziska Steidle-Sailer, Strategic Market Development Manager, Swiss Sustainable Yachts AG – AQUON </em></strong></li>
<li><b><span lang="EN-US">Frédéric Veloso, Strategy and Business Development Director, GreenGT</span></b></li>
</ul>
</li>
</ul>
<p><u>Login Webinaire:</u></p>
<p>Participez depuis votre ordinateur, tablette ou smartphone.<br />
 <a href="https://global.gotomeeting.com/join/160382861" target="_blank" rel="noopener noreferrer" data-cke-saved-href="https://global.gotomeeting.com/join/160382861" data-cke-saved->https://global.gotomeeting.com/join/160382861 </a></p>
<p>Vous pouvez aussi vous connecter par téléphone. <br />
Suisse: +41 225 4599 60; Code d’accès: 160-382-861</p>
<p>Vous ne connaissez pas encore GoToMeeting ? Installez l&#8217;application dès maintenant pour être prêt pour votre première réunion: <br />
<a href="https://global.gotomeeting.com/install/160382861" target="_blank" rel="noopener noreferrer">https://global.gotomeeting.com/install/160382861</a></p>
<h4>Ce webinaire s&#8217;adresse exclusivement à nos adhérents.</h4>
