{"id":17178,"date":"2020-07-08T13:35:45","date_gmt":"2020-07-08T13:35:45","guid":{"rendered":"https:\/\/www.swisscleantech.ch\/?post_type=agendaeintrag&#038;p=17178"},"modified":"2020-09-08T07:53:45","modified_gmt":"2020-09-08T07:53:45","slug":"friends-of-swisscleantech-call-for-action","status":"publish","type":"agendaeintrag","link":"https:\/\/www.swisscleantech.ch\/fr\/agendaeintrag\/friends-of-swisscleantech-call-for-action\/","title":{"rendered":"Friends of swisscleantech \u2013 Call For Action"},"content":{"rendered":"<p><strong>Wollen Sie selber aktiv werden im Kampf gegen den Klimawandel? Markieren Sie sich den 16. September im Kalender: Am Vormittag und im Vorfeld der ersten Schweizer Klimakonferenz 2020 an der HSR Hochschule f\u00fcr Technik Rapperswil findet der erste Call for Action (CfA) des Wirtschaftsverbandes swisscleantech statt. Treffen Sie sich mit Christian Zeyer (Gesch\u00e4ftsf\u00fchrer swisscleantech), Henrik Nordborg (Leiter Erneuerbare Energien HSR) und Gleichgesinnte, den Friends of swisscleantech. Wir wollen gemeinsam den Grundstein legen f\u00fcr Projekte, Aktionen und Massnahmen, die der globalen Klimaerw\u00e4rmung und ihren Auswirkungen in der Schweiz entgegenwirken. Wir wollen die Energiewende umsetzen und eine klimataugliche Wirtschaft schaffen. Sie k\u00f6nnen sich wenig mit Demonstrationen identifizieren, wollen aber dennoch aktiv werden? Dann sind Sie bei uns richtig! <\/strong><\/p>\n<p><em>Warum ist Ihr Engagement wichtig?<\/em><\/p>\n<p>Die Energiestrategie wurde 2017 vom Volk verabschiedet und der Bundesrat will die Schweiz, im Sinne des Pariser Klimaabkommens, bis 2050 CO<sub>2<\/sub>-neutral machen. Aber die Umsetzung stockt. Noch immer sind die kantonalen Energiegesetze zahnlos und \u00d6lheizungen k\u00f6nnen weiterhin neu installiert werden und die n\u00e4chsten 20 Jahre CO<sub>2<\/sub>emittieren. Beim Ausbau der erneuerbaren Energien Sonne und Wind ist die Schweiz fast das Schlusslicht Europas: Platz 26 von 28.<\/p>\n<p>Die Kraft der Umsetzung kann nur durch eine klare Stimme aus der Wirtschaft kommen. Denn die Wirtschaft kennt bereits heute die L\u00f6sungen. Es geht jetzt darum, sie umzusetzen.<\/p>\n<p>Die Wirtschaft, das sind die Firmen in der Schweiz und ihre Mitarbeitenden &#8211; also wir alle. swisscleantech setzt sich an vorderster Front daf\u00fcr ein, dass unsere Wirtschaft klimafreundlich wird und daf\u00fcr die richtigen Rahmenbedingungen erh\u00e4lt. Die Friends of swisscleantech unterst\u00fctzen den Verband swisscleantech aktiv mit ihrem pers\u00f6nlichen Engagement und indem sie ihr eigenes Unternehmen zu mehr Klimaschutz motivieren. <strong>Gemeinsam sind wir eine starke Stimme einer klimatauglichen Wirtschaft.<\/strong><\/p>\n<p>Lassen Sie uns gemeinsam das \u00fcberf\u00e4llige CO<sub>2<\/sub>-Gesetz \u00fcber die Ziellinie bringen und dem von der SVP angek\u00fcndigten Referendum entschlossen entgegentreten, den Weg zu mehr erneuerbarer Energie und Energieeffizienz ebnen und die Dekarbonisierung vorantreiben.<\/p>\n<p><em>Was tut swisscleantech daf\u00fcr und was k\u00f6nnen Sie dazu beitragen? <\/em><\/p>\n<p>Der Anlass am 16. September bietet eine Plattform, um sich kennen zu lernen, zu vernetzen und sich in Projekten, Aktionen, usw. zu engagieren. Bringen Sie Ihre Erfahrungen, Ihr Know-how, Ihre Leidenschaft und Ihr Engagement ein. Lassen Sie uns Synergien nutzen und Kr\u00e4fte b\u00fcndeln. Wir freuen uns darauf, wir freuen uns auf Sie!<\/p>\n<p><strong>Teilnahmegeb\u00fchren<\/strong><\/p>\n<ul>\n<li>Gratis f\u00fcr Friends of swisscleantech (und jene, die gleichentags eine Mitgliedschaft unterzeichnen)<\/li>\n<li>50 CHF Unkostenbeitrag f\u00fcr alle anderen<\/li>\n<\/ul>\n<p><strong>Programm\u00a0<\/strong><\/p>\n<ul>\n<li>08.30 Uhr \u2013 Eintreffen und Registrierung beim Kaffee<\/li>\n<li>09.00 Uhr \u2013 Begr\u00fcssung durch Christian Zeyer, Gesch\u00e4ftsf\u00fchrer swisscleantech<br \/>\nFriends of swisscleantech \u2013 Call for Action: Einf\u00fchrung Christian Zeyer<\/li>\n<li>09.15 Uhr \u2013 \u00a0Impulsreferat <em>Energiewende \u2013 Welches sind die Erfolgsfaktoren?<\/em> Henrik Nordborg, <br \/>\nStudiengangleiter Erneuerbare Energien und Umwelttechnik, HSR<\/li>\n<li>09.45 Uhr \u2013 Pause<\/li>\n<li>10.00 Uhr \u2013 Kennenlernen und Power-Workshop \u2013 M\u00f6gliche, konkrete Projekte und Aktionen<\/li>\n<li>11.00 Uhr \u2013 Ende und Zusammenfassung<\/li>\n<li>11.15 Uhr \u2013 Weiteres Vorgehen \u2013 Vernetzung \u2013 Plattform Landingpage Friends of swisscleantech<\/li>\n<li>11.25 Uhr \u2013Dank und Verabschiedung durch Christian Zeyer, Gesch\u00e4ftsf\u00fchrer swisscleantech<\/li>\n<li>11.30 Uhr \u2013Mittagessen<\/li>\n<\/ul>\n<p><a href=\"https:\/\/www.swisscleantech.ch\/fr\/anmeldung-abmeldung-formulare\/anmeldung-fos-call4action\/\">Anmeldung<\/a><\/p>\n<p><a class=\"addeventatc\" title=\"Add to Calendar\" href=\"https:\/\/www.addevent.com\/event\/IO4966244\" target=\"_blank\" rel=\"nofollow noopener noreferrer\" data-id=\"IO4966244\">Add to Calendar<\/a> <script type=\"text\/javascript\" src=\"https:\/\/addevent.com\/libs\/atc\/1.6.1\/atc.min.js\" async defer><\/script><\/p>\n<p>***<\/p>\n<p>Wer am Nachmittag an der ersten Klimakonferenz der HSR teilnehmen m\u00f6chte, bitte <a href=\"https:\/\/www.klimacluster.ch\/index.php?id=19334\" target=\"_blank\" rel=\"noopener noreferrer\">hier<\/a> anmelden.<\/p>\n","protected":false},"featured_media":0,"template":"","acf":[],"_links":{"self":[{"href":"https:\/\/www.swisscleantech.ch\/fr\/wp-json\/wp\/v2\/agendaeintrag\/17178"}],"collection":[{"href":"https:\/\/www.swisscleantech.ch\/fr\/wp-json\/wp\/v2\/agendaeintrag"}],"about":[{"href":"https:\/\/www.swisscleantech.ch\/fr\/wp-json\/wp\/v2\/types\/agendaeintrag"}],"version-history":[{"count":2,"href":"https:\/\/www.swisscleantech.ch\/fr\/wp-json\/wp\/v2\/agendaeintrag\/17178\/revisions"}],"predecessor-version":[{"id":17185,"href":"https:\/\/www.swisscleantech.ch\/fr\/wp-json\/wp\/v2\/agendaeintrag\/17178\/revisions\/17185"}],"wp:attachment":[{"href":"https:\/\/www.swisscleantech.ch\/fr\/wp-json\/wp\/v2\/media?parent=17178"}],"curies":[{"name":"wp","href":"https:\/\/api.w.org\/{rel}","templated":true}]}}

<p><strong>Wollen Sie selber aktiv werden im Kampf gegen den Klimawandel? Markieren Sie sich den 16. September im Kalender: Am Vormittag und im Vorfeld der ersten Schweizer Klimakonferenz 2020 an der HSR Hochschule für Technik Rapperswil findet der erste Call for Action (CfA) des Wirtschaftsverbandes swisscleantech statt. Treffen Sie sich mit Christian Zeyer (Geschäftsführer swisscleantech), Henrik Nordborg (Leiter Erneuerbare Energien HSR) und Gleichgesinnte, den Friends of swisscleantech. Wir wollen gemeinsam den Grundstein legen für Projekte, Aktionen und Massnahmen, die der globalen Klimaerwärmung und ihren Auswirkungen in der Schweiz entgegenwirken. Wir wollen die Energiewende umsetzen und eine klimataugliche Wirtschaft schaffen. Sie können sich wenig mit Demonstrationen identifizieren, wollen aber dennoch aktiv werden? Dann sind Sie bei uns richtig! </strong></p>
<p><em>Warum ist Ihr Engagement wichtig?</em></p>
<p>Die Energiestrategie wurde 2017 vom Volk verabschiedet und der Bundesrat will die Schweiz, im Sinne des Pariser Klimaabkommens, bis 2050 CO<sub>2</sub>-neutral machen. Aber die Umsetzung stockt. Noch immer sind die kantonalen Energiegesetze zahnlos und Ölheizungen können weiterhin neu installiert werden und die nächsten 20 Jahre CO<sub>2</sub>emittieren. Beim Ausbau der erneuerbaren Energien Sonne und Wind ist die Schweiz fast das Schlusslicht Europas: Platz 26 von 28.</p>
<p>Die Kraft der Umsetzung kann nur durch eine klare Stimme aus der Wirtschaft kommen. Denn die Wirtschaft kennt bereits heute die Lösungen. Es geht jetzt darum, sie umzusetzen.</p>
<p>Die Wirtschaft, das sind die Firmen in der Schweiz und ihre Mitarbeitenden &#8211; also wir alle. swisscleantech setzt sich an vorderster Front dafür ein, dass unsere Wirtschaft klimafreundlich wird und dafür die richtigen Rahmenbedingungen erhält. Die Friends of swisscleantech unterstützen den Verband swisscleantech aktiv mit ihrem persönlichen Engagement und indem sie ihr eigenes Unternehmen zu mehr Klimaschutz motivieren. <strong>Gemeinsam sind wir eine starke Stimme einer klimatauglichen Wirtschaft.</strong></p>
<p>Lassen Sie uns gemeinsam das überfällige CO<sub>2</sub>-Gesetz über die Ziellinie bringen und dem von der SVP angekündigten Referendum entschlossen entgegentreten, den Weg zu mehr erneuerbarer Energie und Energieeffizienz ebnen und die Dekarbonisierung vorantreiben.</p>
<p><em>Was tut swisscleantech dafür und was können Sie dazu beitragen? </em></p>
<p>Der Anlass am 16. September bietet eine Plattform, um sich kennen zu lernen, zu vernetzen und sich in Projekten, Aktionen, usw. zu engagieren. Bringen Sie Ihre Erfahrungen, Ihr Know-how, Ihre Leidenschaft und Ihr Engagement ein. Lassen Sie uns Synergien nutzen und Kräfte bündeln. Wir freuen uns darauf, wir freuen uns auf Sie!</p>
<p><strong>Teilnahmegebühren</strong></p>
<ul>
<li>Gratis für Friends of swisscleantech (und jene, die gleichentags eine Mitgliedschaft unterzeichnen)</li>
<li>50 CHF Unkostenbeitrag für alle anderen</li>
</ul>
<p><strong>Programm </strong></p>
<ul>
<li>08.30 Uhr – Eintreffen und Registrierung beim Kaffee</li>
<li>09.00 Uhr – Begrüssung durch Christian Zeyer, Geschäftsführer swisscleantech<br />
Friends of swisscleantech – Call for Action: Einführung Christian Zeyer</li>
<li>09.15 Uhr –  Impulsreferat <em>Energiewende – Welches sind die Erfolgsfaktoren?</em> Henrik Nordborg, <br />
Studiengangleiter Erneuerbare Energien und Umwelttechnik, HSR</li>
<li>09.45 Uhr – Pause</li>
<li>10.00 Uhr – Kennenlernen und Power-Workshop – Mögliche, konkrete Projekte und Aktionen</li>
<li>11.00 Uhr – Ende und Zusammenfassung</li>
<li>11.15 Uhr – Weiteres Vorgehen – Vernetzung – Plattform Landingpage Friends of swisscleantech</li>
<li>11.25 Uhr –Dank und Verabschiedung durch Christian Zeyer, Geschäftsführer swisscleantech</li>
<li>11.30 Uhr –Mittagessen</li>
</ul>
<p><a href="https://www.swisscleantech.ch/fr/anmeldung-abmeldung-formulare/anmeldung-fos-call4action/">Anmeldung</a></p>
<p><a class="addeventatc" title="Add to Calendar" href="https://www.addevent.com/event/IO4966244" target="_blank" rel="nofollow noopener noreferrer" data-id="IO4966244">Add to Calendar</a> <script type="text/javascript" src="https://addevent.com/libs/atc/1.6.1/atc.min.js" async defer></script></p>
<p>***</p>
<p>Wer am Nachmittag an der ersten Klimakonferenz der HSR teilnehmen möchte, bitte <a href="https://www.klimacluster.ch/index.php?id=19334" target="_blank" rel="noopener noreferrer">hier</a> anmelden.</p>
