{"id":17197,"date":"2020-07-10T14:49:41","date_gmt":"2020-07-10T14:49:41","guid":{"rendered":"https:\/\/www.swisscleantech.ch\/?post_type=agendaeintrag&#038;p=17197"},"modified":"2020-11-23T16:35:48","modified_gmt":"2020-11-23T16:35:48","slug":"businesslunch-klimaplattform-der-wirtschaft-zuerich","status":"publish","type":"agendaeintrag","link":"https:\/\/www.swisscleantech.ch\/fr\/agendaeintrag\/businesslunch-klimaplattform-der-wirtschaft-zuerich\/","title":{"rendered":"Businesslunch: CEO4Climate \u2013 warum Nachhaltigkeits-Leader auch politisch sein m\u00fcssen"},"content":{"rendered":"<p><strong>Event verpasst? Schauen Sie den <a href=\"https:\/\/www.youtube.com\/watch?v=BvsPS0wmYv8&amp;feature=youtu.be\" target=\"_blank\" rel=\"noopener noreferrer\">Livestream hier<\/a> nach.<\/strong><\/p>\n<p><strong>***<\/strong><\/p>\n<p>Globale Themen wie der Klimawandel ver\u00e4ndern die Welt und bringen unsere Lebensgrundlagen in Gefahr. Die Unternehmen sind davon genauso betroffen wie die einzelnen B\u00fcrgerinnen und B\u00fcrger. Gemeinsam wollen wir die Frage diskutieren, wo politisches Engagement in Wirtschaftskreisen beginnt und wo es aufh\u00f6rt.<\/p>\n<p>Soll man als engagierte Person f\u00fcr eine klimataugliche Wirtschaft die politischen Fragen den Verb\u00e4nden und Parlamentsmitgliedern \u00fcberlassen? H\u00f6rt das Engagement mit dem Einsenden vom Stimm- &amp; Wahlcouvert auf? Oder muss man heute auch als Unternehmen oder Mitarbeitende Stellung beziehen zu politischen Themen?<\/p>\n<p>Dieses Spannungsfeld ist Thema vom Livestream Business Lunch und soll \u2013 selbstverst\u00e4ndlich auch kontrovers \u2013 er\u00f6rtert werden.<\/p>\n<h4><strong>Programm<\/strong><\/h4>\n<p>12.00 Uhr:<br \/>\nOnline Willkommen, <strong>J\u00fcrgen Schulz,<\/strong> Initiant Klimaplattform der Wirtschaft<\/p>\n<p><strong>Fabian Etter,<\/strong> Co-Pr\u00e4sident swisscleantech<br \/>\n\u00ab#CEO4climate\u00a0\u2013 warum Nachhaltigkeits-Leader auch politisch sein m\u00fcssen\u00bb<\/p>\n<p><strong>Franziska Barmettler,<\/strong> Leiterin Nachhaltigkeit, IKEA Schweiz AG<br \/>\n\u00abPolitische Firmen und Konsumenten\u00bb<\/p>\n<p>Gespr\u00e4ch mit Franziska Barmettler und Fabian Etter unter der Leitung von J\u00fcrgen Schulz.<\/p>\n<p>Ihre Fragen und Kommentaren im Livechat werden dabei aufgegriffen.<\/p>\n<p>12.30 Uhr<br \/>\nAbschluss vom Livestream Business Lunch<\/p>\n<h4><strong>Livestream<\/strong><br \/>\n<a href=\"https:\/\/youtu.be\/BvsPS0wmYv8\" target=\"_blank\" rel=\"noopener\">https:\/\/youtu.be\/BvsPS0wmYv8<\/a><\/h4>\n<p>&nbsp;<\/p>\n<p><a class=\"addeventatc\" title=\"Add to Calendar\" href=\"https:\/\/www.addevent.com\/event\/kU5415734\" target=\"_blank\" rel=\"nofollow noopener noreferrer\" data-id=\"kU5415734\">Add to Calendar<\/a> <script type=\"text\/javascript\" src=\"https:\/\/addevent.com\/libs\/atc\/1.6.1\/atc.min.js\" async defer><\/script><\/p>\n","protected":false},"featured_media":0,"template":"","acf":[],"_links":{"self":[{"href":"https:\/\/www.swisscleantech.ch\/fr\/wp-json\/wp\/v2\/agendaeintrag\/17197"}],"collection":[{"href":"https:\/\/www.swisscleantech.ch\/fr\/wp-json\/wp\/v2\/agendaeintrag"}],"about":[{"href":"https:\/\/www.swisscleantech.ch\/fr\/wp-json\/wp\/v2\/types\/agendaeintrag"}],"version-history":[{"count":2,"href":"https:\/\/www.swisscleantech.ch\/fr\/wp-json\/wp\/v2\/agendaeintrag\/17197\/revisions"}],"predecessor-version":[{"id":17726,"href":"https:\/\/www.swisscleantech.ch\/fr\/wp-json\/wp\/v2\/agendaeintrag\/17197\/revisions\/17726"}],"wp:attachment":[{"href":"https:\/\/www.swisscleantech.ch\/fr\/wp-json\/wp\/v2\/media?parent=17197"}],"curies":[{"name":"wp","href":"https:\/\/api.w.org\/{rel}","templated":true}]}}

Businesslunch: CEO4Climate – warum Nachhaltigkeits-Leader auch politisch sein müssen

<p><strong>Event verpasst? Schauen Sie den <a href="https://www.youtube.com/watch?v=BvsPS0wmYv8&amp;feature=youtu.be" target="_blank" rel="noopener noreferrer">Livestream hier</a> nach.</strong></p>
<p><strong>***</strong></p>
<p>Globale Themen wie der Klimawandel verändern die Welt und bringen unsere Lebensgrundlagen in Gefahr. Die Unternehmen sind davon genauso betroffen wie die einzelnen Bürgerinnen und Bürger. Gemeinsam wollen wir die Frage diskutieren, wo politisches Engagement in Wirtschaftskreisen beginnt und wo es aufhört.</p>
<p>Soll man als engagierte Person für eine klimataugliche Wirtschaft die politischen Fragen den Verbänden und Parlamentsmitgliedern überlassen? Hört das Engagement mit dem Einsenden vom Stimm- &amp; Wahlcouvert auf? Oder muss man heute auch als Unternehmen oder Mitarbeitende Stellung beziehen zu politischen Themen?</p>
<p>Dieses Spannungsfeld ist Thema vom Livestream Business Lunch und soll – selbstverständlich auch kontrovers – erörtert werden.</p>
<h4><strong>Programm</strong></h4>
<p>12.00 Uhr:<br />
Online Willkommen, <strong>Jürgen Schulz,</strong> Initiant Klimaplattform der Wirtschaft</p>
<p><strong>Fabian Etter,</strong> Co-Präsident swisscleantech<br />
«#CEO4climate – warum Nachhaltigkeits-Leader auch politisch sein müssen»</p>
<p><strong>Franziska Barmettler,</strong> Leiterin Nachhaltigkeit, IKEA Schweiz AG<br />
«Politische Firmen und Konsumenten»</p>
<p>Gespräch mit Franziska Barmettler und Fabian Etter unter der Leitung von Jürgen Schulz.</p>
<p>Ihre Fragen und Kommentaren im Livechat werden dabei aufgegriffen.</p>
<p>12.30 Uhr<br />
Abschluss vom Livestream Business Lunch</p>
<h4><strong>Livestream</strong><br />
<a href="https://youtu.be/BvsPS0wmYv8" target="_blank" rel="noopener">https://youtu.be/BvsPS0wmYv8</a></h4>
<p>&nbsp;</p>
<p><a class="addeventatc" title="Add to Calendar" href="https://www.addevent.com/event/kU5415734" target="_blank" rel="nofollow noopener noreferrer" data-id="kU5415734">Add to Calendar</a> <script type="text/javascript" src="https://addevent.com/libs/atc/1.6.1/atc.min.js" async defer></script></p>
