{"id":17243,"date":"2020-07-17T12:51:47","date_gmt":"2020-07-17T12:51:47","guid":{"rendered":"https:\/\/www.swisscleantech.ch\/?post_type=agendaeintrag&#038;p=17243"},"modified":"2020-07-17T12:53:27","modified_gmt":"2020-07-17T12:53:27","slug":"manifestation-de-session-lumiere-du-jour-lalliance-du-confort-et-de-lenergie","status":"publish","type":"agendaeintrag","link":"https:\/\/www.swisscleantech.ch\/fr\/agendaeintrag\/manifestation-de-session-lumiere-du-jour-lalliance-du-confort-et-de-lenergie\/","title":{"rendered":"Manifestation de session \u00abLumi\u00e8re du jour: l\u2019alliance du confort et de l\u2019\u00e9nergie\u00bb."},"content":{"rendered":"<h4>Cet \u00e9v\u00e9nement s&#8217;adresse exclusivement aux membres du groupe parlementaire Cleantech propres et aux invit\u00e9s.\u00a0<\/h4>\n<p>&nbsp;<\/p>\n<p>Marilyne Andersen, une chercheuse mondialement reconnue dans le domaine de l\u2019\u00e9clairage naturel, vous exposera les diverses facettes de la lumi\u00e8re du jour: son importance en tant que source lumineuse renouvelable ainsi que son importance pour la sant\u00e9 et le bien-\u00eatre des humains. Etant donn\u00e9 que selon l\u2019OMS nous passons 90 % de notre temps \u00e0 l\u2019int\u00e9rieur, le sujet est loin d\u2019\u00eatre anodin.<\/p>\n<p>Dans une deuxi\u00e8me partie, Jacob Madsen, directeur g\u00e9n\u00e9ral de VELUX Suisse SA, expliquera bri\u00e8vement l\u2019importance de la lumi\u00e8re du jour dans le secteur du b\u00e2timent.<\/p>\n<p><strong>Programme<\/strong><\/p>\n<p>13h00 \u2013 <strong>Ap\u00e9ritif et d\u00e9jeuner <\/strong>dans le Salon Rose &amp;\u00a0<strong>Accueil<\/strong><br \/>\n13h20 \u2013 <strong>L\u2019int\u00e9rieur radieux: la lumi\u00e8re du jour au service du b\u00e2timent de demain et de ses occupants\u00bb<\/strong>,\u00a0<strong>Prof. Dr. Marilyne Andersen<\/strong>, Ecole Polytechnique F\u00e9d\u00e9rale de Lausanne \/\/ <strong>\u00abLe r\u00f4le de la lumi\u00e8re du jour dans le secteur du b\u00e2timent\u00bb<\/strong>,\u00a0<strong>Jacob Madsen<\/strong>, directeur g\u00e9n\u00e9ral de VELUX Suisse SA<br \/>\n14h00 \u2013 <strong>Discussion<\/strong><br \/>\n14h30 \u2013 <strong>Fin<\/strong><\/p>\n<p>Nous nous r\u00e9jouissons d\u2019ores et d\u00e9j\u00e0 des d\u00e9bats passionnants que ce sujet permettra avec vous tous. Un d\u00e9licieux repas vous attendra \u00e0 midi!<\/p>\n<p>Les d\u00e9tails \u00e0 ce sujet suivront dans le cadre de l\u2019invitation.<\/p>\n<p>Nous vous remercions de bien vouloir r\u00e9server cette date d\u00e8s \u00e0 pr\u00e9sent.<\/p>\n<p><strong>Inscription<\/strong> jusqu\u2019au 10 septembre \u00e0 <a href=\"http:\/\/florian.landolt@velux.com\" target=\"_blank\" rel=\"noopener\">florian.landolt[at]velux.com<\/a>.<\/p>\n","protected":false},"featured_media":0,"template":"","acf":[],"_links":{"self":[{"href":"https:\/\/www.swisscleantech.ch\/fr\/wp-json\/wp\/v2\/agendaeintrag\/17243"}],"collection":[{"href":"https:\/\/www.swisscleantech.ch\/fr\/wp-json\/wp\/v2\/agendaeintrag"}],"about":[{"href":"https:\/\/www.swisscleantech.ch\/fr\/wp-json\/wp\/v2\/types\/agendaeintrag"}],"version-history":[{"count":0,"href":"https:\/\/www.swisscleantech.ch\/fr\/wp-json\/wp\/v2\/agendaeintrag\/17243\/revisions"}],"wp:attachment":[{"href":"https:\/\/www.swisscleantech.ch\/fr\/wp-json\/wp\/v2\/media?parent=17243"}],"curies":[{"name":"wp","href":"https:\/\/api.w.org\/{rel}","templated":true}]}}

Manifestation de session «Lumière du jour: l’alliance du confort et de l’énergie».

<h4>Cet événement s&#8217;adresse exclusivement aux membres du groupe parlementaire Cleantech propres et aux invités. </h4>
<p>&nbsp;</p>
<p>Marilyne Andersen, une chercheuse mondialement reconnue dans le domaine de l’éclairage naturel, vous exposera les diverses facettes de la lumière du jour: son importance en tant que source lumineuse renouvelable ainsi que son importance pour la santé et le bien-être des humains. Etant donné que selon l’OMS nous passons 90 % de notre temps à l’intérieur, le sujet est loin d’être anodin.</p>
<p>Dans une deuxième partie, Jacob Madsen, directeur général de VELUX Suisse SA, expliquera brièvement l’importance de la lumière du jour dans le secteur du bâtiment.</p>
<p><strong>Programme</strong></p>
<p>13h00 – <strong>Apéritif et déjeuner </strong>dans le Salon Rose &amp; <strong>Accueil</strong><br />
13h20 – <strong>L’intérieur radieux: la lumière du jour au service du bâtiment de demain et de ses occupants»</strong>, <strong>Prof. Dr. Marilyne Andersen</strong>, Ecole Polytechnique Fédérale de Lausanne // <strong>«Le rôle de la lumière du jour dans le secteur du bâtiment»</strong>, <strong>Jacob Madsen</strong>, directeur général de VELUX Suisse SA<br />
14h00 – <strong>Discussion</strong><br />
14h30 – <strong>Fin</strong></p>
<p>Nous nous réjouissons d’ores et déjà des débats passionnants que ce sujet permettra avec vous tous. Un délicieux repas vous attendra à midi!</p>
<p>Les détails à ce sujet suivront dans le cadre de l’invitation.</p>
<p>Nous vous remercions de bien vouloir réserver cette date dès à présent.</p>
<p><strong>Inscription</strong> jusqu’au 10 septembre à <a href="http://florian.landolt@velux.com" target="_blank" rel="noopener">florian.landolt[at]velux.com</a>.</p>
