{"id":17719,"date":"2020-10-12T16:10:32","date_gmt":"2020-10-12T16:10:32","guid":{"rendered":"https:\/\/www.swisscleantech.ch\/?post_type=agendaeintrag&#038;p=17719"},"modified":"2020-10-29T09:50:01","modified_gmt":"2020-10-29T09:50:01","slug":"parlamentarische-gruppen-cleantech-chancen-risiken-der-5g-netze-fuer-den-klimaschutz","status":"publish","type":"agendaeintrag","link":"https:\/\/www.swisscleantech.ch\/fr\/agendaeintrag\/parlamentarische-gruppen-cleantech-chancen-risiken-der-5g-netze-fuer-den-klimaschutz\/","title":{"rendered":"Sessionsanlass mit Mittagessen: Chancen &#038; Risiken der 5G-Netze f\u00fcr den Klimaschutz"},"content":{"rendered":"<p><strong>Dr. Roland Hischier<\/strong>, Leiter der Forschungsgruppe \u00abAdvancing Life Cycle Assessment\u00bb der Eidgen\u00f6ssische Materialpr\u00fcfungs- und Forschungsanstalt (Empa), stellt exklusiv die Ergebnisse der Ende Oktober 2020 erscheinenden Studie <strong>\u00ab5G-Netze \u2013 Chancen und Risiken f\u00fcr den Klimaschutz\u00bb<\/strong> vor. Dabei geht er einerseits auf den Fussabdruck im Zusammenhang mit der Herstellung und des Betriebs der 5G-Infrastruktur ein. Anderseits bekommen die G\u00e4ste einen Einblick in Anwendungsf\u00e4lle wie beispielsweise flexibles Arbeiten, Smart Grids, autonomes Fahren oder Pr\u00e4zisionslandwirtschaft, f\u00fcr die mit 5G konkrete Reduktionspotenziale f\u00fcr Treibhausgasemissionen realisiert werden k\u00f6nnen.<\/p>\n<p>Im zweiten Teil des Anlasses sollen Fragen rund um das Thema diskutiert und beantwortet werden.\u00a0<\/p>\n<p><strong>Programm:<\/strong><\/p>\n<p>Ab 13:15 Ap\u00e9ro und Stehlunch im Bundeshaus (Kommissionszimmer 3)<\/p>\n<p>13:20 Begr\u00fcssung<\/p>\n<p>13:30 Impulsreferat \u00abChancen &amp; Risiken der 5G-Netze f\u00fcr den Klimaschutz\u00bb, Dr. Roland Hischier<\/p>\n<p>13:50 Einordnung: Handlungsbedarf aus Sicht der klimatauglichen Wirtschaft, Carsten Bopp, CEO PINI Group und Co-Pr\u00e4sident swisscleantech<\/p>\n<p>14:00 Fragen &amp; Diskussion<\/p>\n<p>14:30 Wrap-up und Verabschiedung<\/p>\n<p>14:40 Ausklang<\/p>\n<p>&nbsp;<\/p>\n<p><strong>Anmeldungen:<\/strong> Dieser Anlass richtet sich exklusiv an Parlamentarierinnen und Parlamentarier der aktuellen Legislaturperiode und an geladene G\u00e4ste.\u00a0<\/p>\n<p>Anmeldungen werden gerne bis am 26. Oktober via <a href=\"mailto:martina.novak@swisscleantech.ch\">martina.novak(at)swisscleantech.ch<\/a> entgegen genommen.\u00a0<\/p>\n<p>&nbsp;<\/p>\n","protected":false},"featured_media":0,"template":"","acf":[],"_links":{"self":[{"href":"https:\/\/www.swisscleantech.ch\/fr\/wp-json\/wp\/v2\/agendaeintrag\/17719"}],"collection":[{"href":"https:\/\/www.swisscleantech.ch\/fr\/wp-json\/wp\/v2\/agendaeintrag"}],"about":[{"href":"https:\/\/www.swisscleantech.ch\/fr\/wp-json\/wp\/v2\/types\/agendaeintrag"}],"version-history":[{"count":1,"href":"https:\/\/www.swisscleantech.ch\/fr\/wp-json\/wp\/v2\/agendaeintrag\/17719\/revisions"}],"predecessor-version":[{"id":17720,"href":"https:\/\/www.swisscleantech.ch\/fr\/wp-json\/wp\/v2\/agendaeintrag\/17719\/revisions\/17720"}],"wp:attachment":[{"href":"https:\/\/www.swisscleantech.ch\/fr\/wp-json\/wp\/v2\/media?parent=17719"}],"curies":[{"name":"wp","href":"https:\/\/api.w.org\/{rel}","templated":true}]}}

Sessionsanlass mit Mittagessen: Chancen &#038; Risiken der 5G-Netze für den Klimaschutz

<p><strong>Dr. Roland Hischier</strong>, Leiter der Forschungsgruppe «Advancing Life Cycle Assessment» der Eidgenössische Materialprüfungs- und Forschungsanstalt (Empa), stellt exklusiv die Ergebnisse der Ende Oktober 2020 erscheinenden Studie <strong>«5G-Netze – Chancen und Risiken für den Klimaschutz»</strong> vor. Dabei geht er einerseits auf den Fussabdruck im Zusammenhang mit der Herstellung und des Betriebs der 5G-Infrastruktur ein. Anderseits bekommen die Gäste einen Einblick in Anwendungsfälle wie beispielsweise flexibles Arbeiten, Smart Grids, autonomes Fahren oder Präzisionslandwirtschaft, für die mit 5G konkrete Reduktionspotenziale für Treibhausgasemissionen realisiert werden können.</p>
<p>Im zweiten Teil des Anlasses sollen Fragen rund um das Thema diskutiert und beantwortet werden. </p>
<p><strong>Programm:</strong></p>
<p>Ab 13:15 Apéro und Stehlunch im Bundeshaus (Kommissionszimmer 3)</p>
<p>13:20 Begrüssung</p>
<p>13:30 Impulsreferat «Chancen &amp; Risiken der 5G-Netze für den Klimaschutz», Dr. Roland Hischier</p>
<p>13:50 Einordnung: Handlungsbedarf aus Sicht der klimatauglichen Wirtschaft, Carsten Bopp, CEO PINI Group und Co-Präsident swisscleantech</p>
<p>14:00 Fragen &amp; Diskussion</p>
<p>14:30 Wrap-up und Verabschiedung</p>
<p>14:40 Ausklang</p>
<p>&nbsp;</p>
<p><strong>Anmeldungen:</strong> Dieser Anlass richtet sich exklusiv an Parlamentarierinnen und Parlamentarier der aktuellen Legislaturperiode und an geladene Gäste. </p>
<p>Anmeldungen werden gerne bis am 26. Oktober via <a href="mailto:martina.novak@swisscleantech.ch">martina.novak(at)swisscleantech.ch</a> entgegen genommen. </p>
<p>&nbsp;</p>
