{"id":1802,"date":"2018-08-21T14:17:16","date_gmt":"2018-08-21T14:17:16","guid":{"rendered":"https:\/\/sct-v4.or-link.ch\/?post_type=agendaeintrag&#038;p=1802"},"modified":"2018-11-15T09:33:19","modified_gmt":"2018-11-15T09:33:19","slug":"fokuskreislaufwirtschaft-textilien","status":"publish","type":"agendaeintrag","link":"https:\/\/www.swisscleantech.ch\/fr\/agendaeintrag\/fokuskreislaufwirtschaft-textilien\/","title":{"rendered":"fokuskreislaufwirtschaft Textilien"},"content":{"rendered":"<p class=\"bodytext\">Die Veranstaltungsreihe fokuskreislaufwirtschaft geht in die dritte Runde! Diesmal mit dem Fokus auf Textilien.<\/p>\n<section>\n<p class=\"bodytext\">Nachdem an den ersten beiden Anl\u00e4ssen der Veranstaltungsreihe der Schwerpunkt auf der Baubranche sowie dem Design von Produkten lag, wollen wir uns am Donnerstag, den 29. November 2018, auf die Chancen und Herausforderungen einer Kreislaufwirtschaft im Bereich Textilien konzentrieren.<\/p>\n<p class=\"bodytext\"><b>Zum Format<\/b><\/p>\n<\/section>\n<section>\n<p class=\"bodytext\">Im Rahmen von\u00a0fokuskreislaufwirtschaft wird dreimal im Jahr eine Nachmittagsveranstaltung zu einem zentralen Thema der Kreislaufwirtschaft angeboten. Pioniere der Kreislaufwirtschaft pr\u00e4sentieren praktische Beispiele aus ihrem Unternehmen. In kleinen Gruppen k\u00f6nnen die Teilnehmenden anschliessend das Geh\u00f6rte anhand der eigenen Erfahrungen und Herausforderungen einordnen und m\u00f6gliche Anwendungen im eigenen Betrieb diskutieren.<\/p>\n<p class=\"bodytext\">Als Teilnehmer werden gezielt die zum aktuellen Thema passenden Unternehmen und Akteure angesprochen, so dass ein Austausch unter Fachleuten entstehen kann.<\/p>\n<p><a href=\"https:\/\/oebu.ch\/de\/events\/event-kalender\/fokuskreislaufwirtschaft-kreislaufwirtschaft-und-die-textilbranche-3800.html#subscription\" target=\"_blank\" rel=\"noopener\">Zur Anmeldung<\/a><\/p>\n<\/section>\n","protected":false},"featured_media":0,"template":"","acf":[],"_links":{"self":[{"href":"https:\/\/www.swisscleantech.ch\/fr\/wp-json\/wp\/v2\/agendaeintrag\/1802"}],"collection":[{"href":"https:\/\/www.swisscleantech.ch\/fr\/wp-json\/wp\/v2\/agendaeintrag"}],"about":[{"href":"https:\/\/www.swisscleantech.ch\/fr\/wp-json\/wp\/v2\/types\/agendaeintrag"}],"version-history":[{"count":1,"href":"https:\/\/www.swisscleantech.ch\/fr\/wp-json\/wp\/v2\/agendaeintrag\/1802\/revisions"}],"predecessor-version":[{"id":9134,"href":"https:\/\/www.swisscleantech.ch\/fr\/wp-json\/wp\/v2\/agendaeintrag\/1802\/revisions\/9134"}],"wp:attachment":[{"href":"https:\/\/www.swisscleantech.ch\/fr\/wp-json\/wp\/v2\/media?parent=1802"}],"curies":[{"name":"wp","href":"https:\/\/api.w.org\/{rel}","templated":true}]}}

<p class="bodytext">Die Veranstaltungsreihe fokuskreislaufwirtschaft geht in die dritte Runde! Diesmal mit dem Fokus auf Textilien.</p>
<section>
<p class="bodytext">Nachdem an den ersten beiden Anlässen der Veranstaltungsreihe der Schwerpunkt auf der Baubranche sowie dem Design von Produkten lag, wollen wir uns am Donnerstag, den 29. November 2018, auf die Chancen und Herausforderungen einer Kreislaufwirtschaft im Bereich Textilien konzentrieren.</p>
<p class="bodytext"><b>Zum Format</b></p>
</section>
<section>
<p class="bodytext">Im Rahmen von fokuskreislaufwirtschaft wird dreimal im Jahr eine Nachmittagsveranstaltung zu einem zentralen Thema der Kreislaufwirtschaft angeboten. Pioniere der Kreislaufwirtschaft präsentieren praktische Beispiele aus ihrem Unternehmen. In kleinen Gruppen können die Teilnehmenden anschliessend das Gehörte anhand der eigenen Erfahrungen und Herausforderungen einordnen und mögliche Anwendungen im eigenen Betrieb diskutieren.</p>
<p class="bodytext">Als Teilnehmer werden gezielt die zum aktuellen Thema passenden Unternehmen und Akteure angesprochen, so dass ein Austausch unter Fachleuten entstehen kann.</p>
<p><a href="https://oebu.ch/de/events/event-kalender/fokuskreislaufwirtschaft-kreislaufwirtschaft-und-die-textilbranche-3800.html#subscription" target="_blank" rel="noopener">Zur Anmeldung</a></p>
</section>
