{"id":19571,"date":"2021-09-01T09:57:01","date_gmt":"2021-09-01T09:57:01","guid":{"rendered":"https:\/\/www.swisscleantech.ch\/?post_type=agendaeintrag&#038;p=19571"},"modified":"2021-09-01T10:38:11","modified_gmt":"2021-09-01T10:38:11","slug":"schweiz-klimaneutral-2050-pump-speichersysteme-der-zukunft","status":"publish","type":"agendaeintrag","link":"https:\/\/www.swisscleantech.ch\/fr\/agendaeintrag\/schweiz-klimaneutral-2050-pump-speichersysteme-der-zukunft\/","title":{"rendered":"Schweiz klimaneutral 2050: (Pump-) Speichersysteme der Zukunft"},"content":{"rendered":"<p><strong>Zeiten mit Energie im \u00dcberfluss und mit knapper Versorgung &#8211; das charakterisiert die Energieversorgung der Zukunft. Speicher spielen in einem solchen Energiesystem eine entscheidende Rolle.<\/p>\n<p><\/strong>Im Rahmen dieser virtuellen Veranstaltung beleuchten wir das Thema (Pump-) Speicherung im Strommarkt vertieft und wagen einen Blick in die Zukunft.<br \/>\n\u00a0<br \/>\nDas virtuelle Programm sieht wie folgt aus:<\/p>\n<table style=\"width: 889px; height: 298px;\">\n<tbody>\n<tr style=\"height: 50px;\">\n<td style=\"width: 174.188px; text-align: left; vertical-align: top; height: 50px;\">\n<p><strong>14:45 &#8211; 15:00 Uhr<\/strong><\/p>\n<\/td>\n<td style=\"width: 550.625px; text-align: left; vertical-align: top; height: 50px;\">\n<p><strong>Pumpspeicherung gestern, heute, morgen<\/strong><br \/>\nMartin Koller, Axpo<\/p>\n<\/td>\n<td style=\"width: 142.188px; height: 50px;\">\u00a0<\/td>\n<\/tr>\n<tr style=\"height: 80px;\">\n<td style=\"width: 174.188px; text-align: left; vertical-align: top; height: 80px;\">\n<p><strong>15:00 &#8211; 15:15 Uhr<\/strong><\/p>\n<\/td>\n<td style=\"width: 550.625px; text-align: left; vertical-align: top; height: 80px;\">\n<p><strong>Speicher im Netz: Perspektive Schweiz und Europa<\/strong><br \/>\nJ\u00f6rg Spicker, Swissgrid<\/p>\n<\/td>\n<td style=\"width: 142.188px; height: 80px;\">\u00a0<\/td>\n<\/tr>\n<tr style=\"height: 168px;\">\n<td style=\"width: 174.188px; text-align: left; vertical-align: top; height: 168px;\">\n<p><strong>15:15 &#8211; 15:45 Uhr<\/strong><\/p>\n<\/td>\n<td style=\"width: 550.625px; text-align: left; vertical-align: top; height: 168px;\">\n<p><strong>Diskussion<\/strong> <br \/>\nUnter der Leitung von Mirjam Sick, Energiedienst mit<\/p>\n<ul>\n<li>Martin Koller, Axpo<\/li>\n<li>J\u00f6rg Spicker, Swissgrid<\/li>\n<li>Christian Zeyer, swisscleantech<\/li>\n<\/ul>\n<\/td>\n<td style=\"width: 142.188px; height: 168px;\">\u00a0<\/td>\n<\/tr>\n<\/tbody>\n<\/table>\n<p>Die Teilnahme ist kostenlos.\u00a0<br \/>\n\u00a0<br \/>\n<a href=\"https:\/\/us06web.zoom.us\/meeting\/register\/tZEudOyrrzojHNLj-6R6QUGCc0BHhmmO7NGF\" target=\"_blank\" rel=\"noopener\">Anmeldung via Zoom<\/a><\/p>\n<p><em>Die Veranstaltungsreihe rund um Klimaneutralit\u00e4t von Swiss Engineering Z\u00fcrich und swisscleantech. Im Fokus stehen die Themen Energie, Mobilit\u00e4t und Kreislaufwirtschaft und die Diskussion, wie wir unser Alltagsleben gestalten wollen. Wir pr\u00e4sentieren innovative Firmen aus dem Raum Z\u00fcrich und diskutieren mit dem Publikum, wie jede und jeder einzelne zur Klimaneutralit\u00e4t beitragen kann.<\/em><\/p>\n<p>&nbsp;<\/p>\n","protected":false},"featured_media":0,"template":"","acf":[],"_links":{"self":[{"href":"https:\/\/www.swisscleantech.ch\/fr\/wp-json\/wp\/v2\/agendaeintrag\/19571"}],"collection":[{"href":"https:\/\/www.swisscleantech.ch\/fr\/wp-json\/wp\/v2\/agendaeintrag"}],"about":[{"href":"https:\/\/www.swisscleantech.ch\/fr\/wp-json\/wp\/v2\/types\/agendaeintrag"}],"version-history":[{"count":1,"href":"https:\/\/www.swisscleantech.ch\/fr\/wp-json\/wp\/v2\/agendaeintrag\/19571\/revisions"}],"predecessor-version":[{"id":19572,"href":"https:\/\/www.swisscleantech.ch\/fr\/wp-json\/wp\/v2\/agendaeintrag\/19571\/revisions\/19572"}],"wp:attachment":[{"href":"https:\/\/www.swisscleantech.ch\/fr\/wp-json\/wp\/v2\/media?parent=19571"}],"curies":[{"name":"wp","href":"https:\/\/api.w.org\/{rel}","templated":true}]}}

<p><strong>Zeiten mit Energie im Überfluss und mit knapper Versorgung &#8211; das charakterisiert die Energieversorgung der Zukunft. Speicher spielen in einem solchen Energiesystem eine entscheidende Rolle.</p>
<p></strong>Im Rahmen dieser virtuellen Veranstaltung beleuchten wir das Thema (Pump-) Speicherung im Strommarkt vertieft und wagen einen Blick in die Zukunft.<br />
 <br />
Das virtuelle Programm sieht wie folgt aus:</p>
<table style="width: 889px; height: 298px;">
<tbody>
<tr style="height: 50px;">
<td style="width: 174.188px; text-align: left; vertical-align: top; height: 50px;">
<p><strong>14:45 &#8211; 15:00 Uhr</strong></p>
</td>
<td style="width: 550.625px; text-align: left; vertical-align: top; height: 50px;">
<p><strong>Pumpspeicherung gestern, heute, morgen</strong><br />
Martin Koller, Axpo</p>
</td>
<td style="width: 142.188px; height: 50px;"> </td>
</tr>
<tr style="height: 80px;">
<td style="width: 174.188px; text-align: left; vertical-align: top; height: 80px;">
<p><strong>15:00 &#8211; 15:15 Uhr</strong></p>
</td>
<td style="width: 550.625px; text-align: left; vertical-align: top; height: 80px;">
<p><strong>Speicher im Netz: Perspektive Schweiz und Europa</strong><br />
Jörg Spicker, Swissgrid</p>
</td>
<td style="width: 142.188px; height: 80px;"> </td>
</tr>
<tr style="height: 168px;">
<td style="width: 174.188px; text-align: left; vertical-align: top; height: 168px;">
<p><strong>15:15 &#8211; 15:45 Uhr</strong></p>
</td>
<td style="width: 550.625px; text-align: left; vertical-align: top; height: 168px;">
<p><strong>Diskussion</strong> <br />
Unter der Leitung von Mirjam Sick, Energiedienst mit</p>
<ul>
<li>Martin Koller, Axpo</li>
<li>Jörg Spicker, Swissgrid</li>
<li>Christian Zeyer, swisscleantech</li>
</ul>
</td>
<td style="width: 142.188px; height: 168px;"> </td>
</tr>
</tbody>
</table>
<p>Die Teilnahme ist kostenlos. <br />
 <br />
<a href="https://us06web.zoom.us/meeting/register/tZEudOyrrzojHNLj-6R6QUGCc0BHhmmO7NGF" target="_blank" rel="noopener">Anmeldung via Zoom</a></p>
<p><em>Die Veranstaltungsreihe rund um Klimaneutralität von Swiss Engineering Zürich und swisscleantech. Im Fokus stehen die Themen Energie, Mobilität und Kreislaufwirtschaft und die Diskussion, wie wir unser Alltagsleben gestalten wollen. Wir präsentieren innovative Firmen aus dem Raum Zürich und diskutieren mit dem Publikum, wie jede und jeder einzelne zur Klimaneutralität beitragen kann.</em></p>
<p>&nbsp;</p>
