{"id":21580,"date":"2022-06-01T15:24:15","date_gmt":"2022-06-01T15:24:15","guid":{"rendered":"https:\/\/www.swisscleantech.ch\/?post_type=agendaeintrag&#038;p=21580"},"modified":"2022-06-01T15:44:13","modified_gmt":"2022-06-01T15:44:13","slug":"politwebinar-zur-sommersession","status":"publish","type":"agendaeintrag","link":"https:\/\/www.swisscleantech.ch\/fr\/agendaeintrag\/politwebinar-zur-sommersession\/","title":{"rendered":"PolitWebinar zur Sommersession"},"content":{"rendered":"<p>Wie geht es weiter mit der Schweizer Klimapolitik und speziell mit der <strong>Gletscher-Initiative<\/strong>? Die vorbereitende Kommission des Nationalrates hat im Fr\u00fchling einen <strong>indirekten Gegenvorschlag<\/strong> entwickelt und diesen nun dem Nationalrat unterbreitet. Teil davon sind weitgehende Massnahmen zur Finanzierung von <strong>Geb\u00e4udemodernisierungen<\/strong> und Gelder, die Unternehmen dabei unterst\u00fctzen, <strong>Netto-Null-Ziele<\/strong> zu sch\u00e4rfen und umzusetzen.<\/p>\n<p>Der indirekte Gegenvorschlag wie auch die neuen Ideen f\u00fcr Unterst\u00fctzungsmassnahmen bergen einigen <strong>politischen Z\u00fcndstoff<\/strong>. Wir sind gespannt, wie sich die Diskussion in der letzten Woche der Session entwickelt und freuen uns auf die Diskussion dieser j\u00fcngsten Entwicklungen \u2013 gemeinsam werden wir so klimapolitischen und unternehmerischen Folgen einordnen.<\/p>\n<p>Wie der politische Betrieb wird auch der Inhalt des PolitWebinars oft kurzfristig umgestellt \u2013 das ist Teil der politischen Arbeit und macht sie auch so interessant, seien Sie also gespannt!<\/p>\n<p><strong>Stefan D\u00f6rig<\/strong> und <strong>Christian Zeyer<\/strong> nehmen Sie mit hinter die Kulissen des Bundeshauses und freuen sich auf eine rege Diskussion.<\/p>\n<h4>Dieses Webinar richtet sich exklusiv an swisscleantech-Mitglieder und geladene G\u00e4ste.<\/h4>\n<p>&nbsp;<\/p>\n","protected":false},"featured_media":0,"template":"","acf":[],"_links":{"self":[{"href":"https:\/\/www.swisscleantech.ch\/fr\/wp-json\/wp\/v2\/agendaeintrag\/21580"}],"collection":[{"href":"https:\/\/www.swisscleantech.ch\/fr\/wp-json\/wp\/v2\/agendaeintrag"}],"about":[{"href":"https:\/\/www.swisscleantech.ch\/fr\/wp-json\/wp\/v2\/types\/agendaeintrag"}],"version-history":[{"count":0,"href":"https:\/\/www.swisscleantech.ch\/fr\/wp-json\/wp\/v2\/agendaeintrag\/21580\/revisions"}],"wp:attachment":[{"href":"https:\/\/www.swisscleantech.ch\/fr\/wp-json\/wp\/v2\/media?parent=21580"}],"curies":[{"name":"wp","href":"https:\/\/api.w.org\/{rel}","templated":true}]}}

<p>Wie geht es weiter mit der Schweizer Klimapolitik und speziell mit der <strong>Gletscher-Initiative</strong>? Die vorbereitende Kommission des Nationalrates hat im Frühling einen <strong>indirekten Gegenvorschlag</strong> entwickelt und diesen nun dem Nationalrat unterbreitet. Teil davon sind weitgehende Massnahmen zur Finanzierung von <strong>Gebäudemodernisierungen</strong> und Gelder, die Unternehmen dabei unterstützen, <strong>Netto-Null-Ziele</strong> zu schärfen und umzusetzen.</p>
<p>Der indirekte Gegenvorschlag wie auch die neuen Ideen für Unterstützungsmassnahmen bergen einigen <strong>politischen Zündstoff</strong>. Wir sind gespannt, wie sich die Diskussion in der letzten Woche der Session entwickelt und freuen uns auf die Diskussion dieser jüngsten Entwicklungen – gemeinsam werden wir so klimapolitischen und unternehmerischen Folgen einordnen.</p>
<p>Wie der politische Betrieb wird auch der Inhalt des PolitWebinars oft kurzfristig umgestellt – das ist Teil der politischen Arbeit und macht sie auch so interessant, seien Sie also gespannt!</p>
<p><strong>Stefan Dörig</strong> und <strong>Christian Zeyer</strong> nehmen Sie mit hinter die Kulissen des Bundeshauses und freuen sich auf eine rege Diskussion.</p>
<h4>Dieses Webinar richtet sich exklusiv an swisscleantech-Mitglieder und geladene Gäste.</h4>
<p>&nbsp;</p>
