{"id":23069,"date":"2022-12-01T15:52:16","date_gmt":"2022-12-01T15:52:16","guid":{"rendered":"https:\/\/www.swisscleantech.ch\/?post_type=agendaeintrag&#038;p=23069"},"modified":"2022-12-07T10:47:05","modified_gmt":"2022-12-07T10:47:05","slug":"webinaire-politique-sur-la-session-dhiver","status":"publish","type":"agendaeintrag","link":"https:\/\/www.swisscleantech.ch\/fr\/agendaeintrag\/webinaire-politique-sur-la-session-dhiver\/","title":{"rendered":"Webinaire politique sur la session d\u2018hiver"},"content":{"rendered":"\n<p>Avec la cl\u00f4ture de la session d\u2019hiver, nous allons faire ensemble le bilan de l\u2019ann\u00e9e et discuterons de l\u2019ann\u00e9e 2023 : avec la nouvelle <strong>loi sur le CO<sub>2<\/sub><\/strong>, l\u2019<strong>acte modificateur unique<\/strong> et le contre-projet indirect \u00e0 l\u2019<strong>initiative pour les glaciers<\/strong>, des objets importants seront \u00e0 l\u2019ordre du jour, d\u00e9terminants pour la r\u00e9ussite de la politique \u00e9nerg\u00e9tique et climatique suisse des prochaines ann\u00e9es.<\/p>\n<p>Par ailleurs, avec le <strong>renouvellement du Conseil f\u00e9d\u00e9ral<\/strong>, la <strong>r\u00e9partition des d\u00e9partements<\/strong> va \u00e9galement retenir notre attention \u2013 avec les d\u00e9missions du conseiller f\u00e9d\u00e9ral Ueli Maurer et de la conseill\u00e8re f\u00e9d\u00e9rale Simonetta Sommaruga, deux d\u00e9partements cl\u00e9s se lib\u00e8rent.<\/p>\n<p>Nous sommes impatients de discuter entre autres de ces sujets avec vous et de revenir sur les d\u00e9cisions en mati\u00e8re de politique \u00e9nerg\u00e9tique et climatique avec le conseiller aux \u00c9tats <strong>Othmar Reichmuth<\/strong>.<\/p>\n\n\n\n<div class=\"is-layout-flex wp-container-2 wp-block-columns has-background\" style=\"background-color:#e1f5ff\">\n<div class=\"is-layout-flow wp-block-column\">\n<p>Gr\u00e2ce au travail politique de swisscleantech et aux \u00e9changes anim\u00e9s avec les parlementaires, notre webinaire politique fait un tour d\u2019horizon de l\u2019actualit\u00e9 avec une approche pratique et permet un transfert de connaissances entre l\u2019\u00e9conomie, la politique, la science et la soci\u00e9t\u00e9 ainsi qu\u2019une mise en r\u00e9seau.<\/p>\n<\/div>\n<\/div>\n\n\n\n<h4><strong>Ce webinaire est r\u00e9serv\u00e9 aux adh\u00e9rents de swisscleantech et aux invit\u00e9s.<\/strong><\/h4>\n","protected":false},"featured_media":0,"template":"","acf":[],"_links":{"self":[{"href":"https:\/\/www.swisscleantech.ch\/fr\/wp-json\/wp\/v2\/agendaeintrag\/23069"}],"collection":[{"href":"https:\/\/www.swisscleantech.ch\/fr\/wp-json\/wp\/v2\/agendaeintrag"}],"about":[{"href":"https:\/\/www.swisscleantech.ch\/fr\/wp-json\/wp\/v2\/types\/agendaeintrag"}],"version-history":[{"count":0,"href":"https:\/\/www.swisscleantech.ch\/fr\/wp-json\/wp\/v2\/agendaeintrag\/23069\/revisions"}],"wp:attachment":[{"href":"https:\/\/www.swisscleantech.ch\/fr\/wp-json\/wp\/v2\/media?parent=23069"}],"curies":[{"name":"wp","href":"https:\/\/api.w.org\/{rel}","templated":true}]}}

<p>Avec la clôture de la session d’hiver, nous allons faire ensemble le bilan de l’année et discuterons de l’année 2023 : avec la nouvelle <strong>loi sur le CO<sub>2</sub></strong>, l’<strong>acte modificateur unique</strong> et le contre-projet indirect à l’<strong>initiative pour les glaciers</strong>, des objets importants seront à l’ordre du jour, déterminants pour la réussite de la politique énergétique et climatique suisse des prochaines années.</p>
<p>Par ailleurs, avec le <strong>renouvellement du Conseil fédéral</strong>, la <strong>répartition des départements</strong> va également retenir notre attention – avec les démissions du conseiller fédéral Ueli Maurer et de la conseillère fédérale Simonetta Sommaruga, deux départements clés se libèrent.</p>
<p>Nous sommes impatients de discuter entre autres de ces sujets avec vous et de revenir sur les décisions en matière de politique énergétique et climatique avec le conseiller aux États <strong>Othmar Reichmuth</strong>.</p>



<div class="is-layout-flex wp-container-2 wp-block-columns has-background" style="background-color:#e1f5ff">
<div class="is-layout-flow wp-block-column">
<p>Grâce au travail politique de swisscleantech et aux échanges animés avec les parlementaires, notre webinaire politique fait un tour d’horizon de l’actualité avec une approche pratique et permet un transfert de connaissances entre l’économie, la politique, la science et la société ainsi qu’une mise en réseau.</p>
</div>
</div>



<h4><strong>Ce webinaire est réservé aux adhérents de swisscleantech et aux invités.</strong></h4>
