{"id":25534,"date":"2023-04-27T16:41:00","date_gmt":"2023-04-27T16:41:00","guid":{"rendered":"https:\/\/www.swisscleantech.ch\/?post_type=agendaeintrag&#038;p=25534"},"modified":"2023-04-27T16:41:01","modified_gmt":"2023-04-27T16:41:01","slug":"ja-zum-klimagesetz-webinar","status":"publish","type":"agendaeintrag","link":"https:\/\/www.swisscleantech.ch\/fr\/agendaeintrag\/ja-zum-klimagesetz-webinar\/","title":{"rendered":"Ja zum Klimagesetz \u2013 Webinar"},"content":{"rendered":"\n<p><strong>Am 18. Juni<\/strong> stimmen wir \u00fcber das <strong>Klimagesetz<\/strong> ab. Es ist die f\u00fcr die klimataugliche Wirtschaft wichtigste Vorlage des Jahres. <strong>F\u00fcr ein Ja braucht es jede Stimme!<\/strong><\/p>\n<p>Wichtig f\u00fcr ein klares Ja zum Klimagesetz ist die Mobilisierung auf allen Ebenen. Dabei spielt die Wirtschaft eine entscheidende Rolle. Wir laden deshalb exklusiv f\u00fcr Mitglieder zum Webinar zur Abstimmungsvorlage ein.<\/p>\n<p>An diesem Webinar werden wir auf die Inhalte des Klimagesetz eingehen, die Argumente f\u00fcr ein Ja aus Sicht der Allianz \u00ab<strong><a href=\"https:\/\/swisscleantech.cmail19.com\/t\/t-i-zlhttuk-l-y\/\" target=\"_blank\" rel=\"noopener\">Schweizer Wirtschaft f\u00fcr das Klimagesetz<\/a><\/strong>\u00bb erl\u00e4utern sowie die aktuellen Umfrageergebnisse einordnen. Zudem werden wir aufzeigen, welche Aktivit\u00e4ten swisscleantech in den kommenden Wochen plant, und welche M\u00f6glichkeiten bestehen, um sich im Abstimmungskampf zu engagieren.<\/p>\n","protected":false},"featured_media":0,"template":"","acf":[],"_links":{"self":[{"href":"https:\/\/www.swisscleantech.ch\/fr\/wp-json\/wp\/v2\/agendaeintrag\/25534"}],"collection":[{"href":"https:\/\/www.swisscleantech.ch\/fr\/wp-json\/wp\/v2\/agendaeintrag"}],"about":[{"href":"https:\/\/www.swisscleantech.ch\/fr\/wp-json\/wp\/v2\/types\/agendaeintrag"}],"version-history":[{"count":0,"href":"https:\/\/www.swisscleantech.ch\/fr\/wp-json\/wp\/v2\/agendaeintrag\/25534\/revisions"}],"wp:attachment":[{"href":"https:\/\/www.swisscleantech.ch\/fr\/wp-json\/wp\/v2\/media?parent=25534"}],"curies":[{"name":"wp","href":"https:\/\/api.w.org\/{rel}","templated":true}]}}

<p><strong>Am 18. Juni</strong> stimmen wir über das <strong>Klimagesetz</strong> ab. Es ist die für die klimataugliche Wirtschaft wichtigste Vorlage des Jahres. <strong>Für ein Ja braucht es jede Stimme!</strong></p>
<p>Wichtig für ein klares Ja zum Klimagesetz ist die Mobilisierung auf allen Ebenen. Dabei spielt die Wirtschaft eine entscheidende Rolle. Wir laden deshalb exklusiv für Mitglieder zum Webinar zur Abstimmungsvorlage ein.</p>
<p>An diesem Webinar werden wir auf die Inhalte des Klimagesetz eingehen, die Argumente für ein Ja aus Sicht der Allianz «<strong><a href="https://swisscleantech.cmail19.com/t/t-i-zlhttuk-l-y/" target="_blank" rel="noopener">Schweizer Wirtschaft für das Klimagesetz</a></strong>» erläutern sowie die aktuellen Umfrageergebnisse einordnen. Zudem werden wir aufzeigen, welche Aktivitäten swisscleantech in den kommenden Wochen plant, und welche Möglichkeiten bestehen, um sich im Abstimmungskampf zu engagieren.</p>
