{"id":26858,"date":"2023-08-04T14:36:14","date_gmt":"2023-08-04T14:36:14","guid":{"rendered":"https:\/\/www.swisscleantech.ch\/?post_type=agendaeintrag&#038;p=26858"},"modified":"2023-08-04T14:36:14","modified_gmt":"2023-08-04T14:36:14","slug":"public-affairs-zirkel-zur-herbstsession","status":"publish","type":"agendaeintrag","link":"https:\/\/www.swisscleantech.ch\/fr\/agendaeintrag\/public-affairs-zirkel-zur-herbstsession\/","title":{"rendered":"Public Affairs Zirkel zur Herbstsession"},"content":{"rendered":"\n<p><span style=\"font-size: revert; color: initial;\">An unserem n\u00e4chsten Public Affairs Zirkel werden wir uns der anstehenden<strong> Herbstsession <\/strong>widmen \u2013 im Fokus stehen sicherlich die Revision des CO<sub>2<\/sub>-Gesetzes f\u00fcr die Periode bis 2030, der Mantelerlass zur sicheren Stromversorgung sowie weitere Vorlagen in Abh\u00e4ngigkeit des noch ausstehenden Sessionprogrammes. <\/span><\/p>\n<p><span style=\"font-size: revert; color: initial;\">In einem zweiten Teil nehmen wir gemeinsam mit <strong>Patrick Kutschera<\/strong> vom Bundesamt f\u00fcr Energie einen Ausblick auf die Energieversorgung im kommenden Winter vor. Wir werden euch vorstellen, was im Rahmen der <strong>Winter-Energiespar-Initiative <\/strong>geplant ist und wie ihr euch einbringen k\u00f6nnt.<\/span><\/p>\n\n\n\n<div class=\"is-layout-flex wp-container-3 wp-block-columns has-background\" style=\"background-color:#e3ebf1\">\n<div class=\"is-layout-flow wp-block-column\" style=\"flex-basis:33.33%\">\n<figure class=\"wp-block-image size-full\"><img decoding=\"async\" loading=\"lazy\" width=\"351\" height=\"351\" src=\"https:\/\/www.swisscleantech.ch\/files\/Patrick-Kutschera-BFE.jpg\" alt=\"\" class=\"wp-image-26859\" srcset=\"https:\/\/www.swisscleantech.ch\/files\/Patrick-Kutschera-BFE.jpg 351w, https:\/\/www.swisscleantech.ch\/files\/Patrick-Kutschera-BFE-300x300.jpg 300w, https:\/\/www.swisscleantech.ch\/files\/Patrick-Kutschera-BFE-125x125.jpg 125w\" sizes=\"(max-width: 351px) 100vw, 351px\" \/><\/figure>\n<\/div>\n\n\n\n<div class=\"is-layout-flow wp-block-column is-vertically-aligned-center\" style=\"flex-basis:66.66%\">\n<p><b>Patrick Kutschera<br \/><\/b>Gesch\u00e4ftsf\u00fchrer EnergieSchweiz, Bundesamt f\u00fcr Energie<\/p>\n<\/div>\n<\/div>\n\n\n\n<p>Der swisscleantech Public Affairs Zirkel verfolgt das Ziel, fr\u00fchzeitig \u00fcber energie- und klimapolitische Entwicklungen zu informieren, die Anliegen unserer Mitglieder entgegenzunehmen und \u00fcber die Aktivit\u00e4ten von swisscleantech zu informieren. Gleichzeitig geht es aber auch darum, die pers\u00f6nliche Vernetzung untereinander weiter zu f\u00f6rdern.<\/p>\n<h4><strong>Dieser Anlass richtet sich exklusiv an Mitglieder des Public Affairs Zirkel.<\/strong><\/h4>\n","protected":false},"featured_media":0,"template":"","acf":[],"_links":{"self":[{"href":"https:\/\/www.swisscleantech.ch\/fr\/wp-json\/wp\/v2\/agendaeintrag\/26858"}],"collection":[{"href":"https:\/\/www.swisscleantech.ch\/fr\/wp-json\/wp\/v2\/agendaeintrag"}],"about":[{"href":"https:\/\/www.swisscleantech.ch\/fr\/wp-json\/wp\/v2\/types\/agendaeintrag"}],"version-history":[{"count":0,"href":"https:\/\/www.swisscleantech.ch\/fr\/wp-json\/wp\/v2\/agendaeintrag\/26858\/revisions"}],"wp:attachment":[{"href":"https:\/\/www.swisscleantech.ch\/fr\/wp-json\/wp\/v2\/media?parent=26858"}],"curies":[{"name":"wp","href":"https:\/\/api.w.org\/{rel}","templated":true}]}}

<p><span style="font-size: revert; color: initial;">An unserem nächsten Public Affairs Zirkel werden wir uns der anstehenden<strong> Herbstsession </strong>widmen – im Fokus stehen sicherlich die Revision des CO<sub>2</sub>-Gesetzes für die Periode bis 2030, der Mantelerlass zur sicheren Stromversorgung sowie weitere Vorlagen in Abhängigkeit des noch ausstehenden Sessionprogrammes. </span></p>
<p><span style="font-size: revert; color: initial;">In einem zweiten Teil nehmen wir gemeinsam mit <strong>Patrick Kutschera</strong> vom Bundesamt für Energie einen Ausblick auf die Energieversorgung im kommenden Winter vor. Wir werden euch vorstellen, was im Rahmen der <strong>Winter-Energiespar-Initiative </strong>geplant ist und wie ihr euch einbringen könnt.</span></p>



<div class="is-layout-flex wp-container-3 wp-block-columns has-background" style="background-color:#e3ebf1">
<div class="is-layout-flow wp-block-column" style="flex-basis:33.33%">
<figure class="wp-block-image size-full"><img decoding="async" loading="lazy" width="351" height="351" src="https://www.swisscleantech.ch/files/Patrick-Kutschera-BFE.jpg" alt="" class="wp-image-26859" srcset="https://www.swisscleantech.ch/files/Patrick-Kutschera-BFE.jpg 351w, https://www.swisscleantech.ch/files/Patrick-Kutschera-BFE-300x300.jpg 300w, https://www.swisscleantech.ch/files/Patrick-Kutschera-BFE-125x125.jpg 125w" sizes="(max-width: 351px) 100vw, 351px" /></figure>
</div>



<div class="is-layout-flow wp-block-column is-vertically-aligned-center" style="flex-basis:66.66%">
<p><b>Patrick Kutschera<br /></b>Geschäftsführer EnergieSchweiz, Bundesamt für Energie</p>
</div>
</div>



<p>Der swisscleantech Public Affairs Zirkel verfolgt das Ziel, frühzeitig über energie- und klimapolitische Entwicklungen zu informieren, die Anliegen unserer Mitglieder entgegenzunehmen und über die Aktivitäten von swisscleantech zu informieren. Gleichzeitig geht es aber auch darum, die persönliche Vernetzung untereinander weiter zu fördern.</p>
<h4><strong>Dieser Anlass richtet sich exklusiv an Mitglieder des Public Affairs Zirkel.</strong></h4>
