{"id":26869,"date":"2023-08-17T15:19:31","date_gmt":"2023-08-17T15:19:31","guid":{"rendered":"https:\/\/www.swisscleantech.ch\/?post_type=agendaeintrag&#038;p=26869"},"modified":"2023-09-14T07:30:35","modified_gmt":"2023-09-14T07:30:35","slug":"energie-versorgungslage-wo-stehen-wir","status":"publish","type":"agendaeintrag","link":"https:\/\/www.swisscleantech.ch\/fr\/agendaeintrag\/energie-versorgungslage-wo-stehen-wir\/","title":{"rendered":"Energieversorgungslage: Wo stehen wir?"},"content":{"rendered":"\n\n<p>Die Energie-Versorgungslage in der Schweiz ist derzeit weniger angespannt als im letzten Herbst. Aktuell ist die Versorgungssicherheit gew\u00e4hrleistet, auch dank zahlreichen Massnahmen, die der Bund umgesetzt hat. Diese Situation kann sich jedoch schnell wieder \u00e4ndern. Ein intensiver Winter oder der Ausfall von Kraftwerkskapazit\u00e4ten im In- oder Ausland sind Faktoren, die zu Unsicherheiten f\u00fchren k\u00f6nnten.<\/p>\n<p>Viele swisscleantech Mitglieder haben in den letzten 12 Monaten zus\u00e4tzlich in die Energieeffizienz und in Stromproduktion investiert. Mit Blick auf die kommenden Winter tragen sie so zu einer sicheren und nachhaltigen Versorgung der Schweizer Wirtschaft bei. Trotzdem ist ein sorgsamer Umgang mit Energie weiterhin sinnvoll.<\/p>\n<p>Wie im letzten Jahr gilt auch 2023: Politik, Energiebranche, Wirtschaft und Gesellschaft sind gemeinsam gefordert. Deshalb laden wir zusammen mit der act Cleantech Agentur zu einem Webinar mit ausgewiesenen Expert*innen aus der Verwaltung und Wirtschaft ein und gehen dabei auf folgende Fragen ein: \u00a0<\/p>\n<ul>\n<li>Wie sieht die aktuelle Energie-Versorgungslage aus? Und wie sieht die Ausgangslage mittelfristig aus?<\/li>\n<li>Was kommt in den n\u00e4chsten Monaten auf die Schweizer Unternehmen zu und was ist ihre Rolle?<\/li>\n<li>Was wird von Seiten des Bundes getan, um eine m\u00f6gliche Energie-Mangellage zu verhindern?<\/li>\n<\/ul>\n<h4><strong>Die Referent*innen<\/strong><\/h4>\n<div class=\"pa_style3_wrapper\">\n<div class=\"fos2020_stimme_item\">\n<div class=\"fos2020_stimme_image\" style=\"background-image: url('https:\/\/www.swisscleantech.ch\/files\/Urs.png');\"><span class=\"wptx0\">x<\/span><\/div>\n<div class=\"fos2020_stimme_title\"><strong>Urs Meister<\/strong><\/div>\n<div class=\"fos2020_stimme_text\">Gesch\u00e4ftsf\u00fchrer,<br \/>Eidgen\u00f6ssische Elektrizit\u00e4tskommission ElCom<\/div>\n<\/div>\n<div class=\"fos2020_stimme_item\">\n<div class=\"fos2020_stimme_image\" style=\"background-image: url('https:\/\/www.swisscleantech.ch\/files\/Kurt.png');\"><span class=\"wptx0\">x<\/span><\/div>\n<div class=\"fos2020_stimme_title\"><strong>Kurt Bisang<\/strong><\/div>\n<div class=\"fos2020_stimme_text\">Stv. Leiter Energieeffizienz und erneuerbare Energien,<br \/>Bundesamt f\u00fcr Energie<\/div>\n<\/div>\n<div class=\"fos2020_stimme_item\">\n<div class=\"fos2020_stimme_image\" style=\"background-image: url('https:\/\/www.swisscleantech.ch\/files\/Andreas1.png');\"><span class=\"wptx0\">x<\/span><\/div>\n<div class=\"fos2020_stimme_title\"><strong>Andreas Rothen<\/strong><\/div>\n<div class=\"fos2020_stimme_text\">Gesch\u00e4ftsf\u00fchrer,<br \/>act Cleantech Agentur<\/div>\n<\/div>\n<div class=\"fos2020_stimme_item\">\n<div class=\"fos2020_stimme_image\" style=\"background-image: url('https:\/\/www.swisscleantech.ch\/files\/Fabian-Etter.jpg');\"><span class=\"wptx0\">x<\/span><\/div>\n<div class=\"fos2020_stimme_title\"><strong>Fabian Etter<\/strong><\/div>\n<div class=\"fos2020_stimme_text\">Co-Pr\u00e4sident<br \/>swisscleantech<\/div>\n<\/div>\n<\/div>\n<h4><strong>Das Programm<\/strong><\/h4>\n<table style=\"width: 110.573%; height: 196px;\" cellspacing=\"5\" cellpadding=\"5\">\n<tbody>\n<tr style=\"background-color: #e1f5ff; border-color: #323232;\">\n<td style=\"text-align: left; vertical-align: top; border-color: #323232; width: 12.8095%; height: 39px;\">\n<h5><strong>17h00<\/strong><\/h5>\n<\/td>\n<td style=\"vertical-align: top; border-color: #323232; width: 85.4682%; height: 39px;\">\n<h3><strong>Begr\u00fcssung &amp; Einf\u00fchrung in die Thematik<br \/><\/strong><\/h3>\n<p><strong>Fabian Etter<\/strong>, Co-Pr\u00e4sident swisscleantech<\/p>\n<\/td>\n<\/tr>\n<tr style=\"background-color: #e1f5ff; border-color: #323232;\">\n<td style=\"text-align: left; vertical-align: top; border-color: #323232; width: 12.8095%; height: 39px;\">\n<h5><strong>17h10<br \/><\/strong><\/h5>\n<\/td>\n<td style=\"vertical-align: top; border-color: #323232; width: 85.4682%; height: 39px;\">\n<h3><strong>Kurz- und mittelfristige Energie-Versorgungslage <\/strong><\/h3>\n<p><strong>Urs Meister<\/strong>, Gesch\u00e4ftsf\u00fchrer Eidgen\u00f6ssische Elektrizit\u00e4tskommission ElCom<\/p>\n<\/td>\n<\/tr>\n<tr style=\"background-color: #e1f5ff; border-color: #323232;\">\n<td style=\"text-align: left; vertical-align: top; border-color: #323232; width: 12.8095%; height: 10px;\">\n<h5><strong>17h25<br \/><\/strong><\/h5>\n<\/td>\n<td style=\"vertical-align: top; border-color: #323232; width: 85.4682%; height: 10px;\">\n<h3><strong>Winter-Energiespar-Initiative des Bundes<\/strong><\/h3>\n<div>\n<p><strong>Kurt Bisang,<\/strong> Stv. Leiter Energieeffizienz und erneuerbare Energien, Bundesamt f\u00fcr Energie<\/p>\n<\/div>\n<\/td>\n<\/tr>\n<tr style=\"background-color: #e1f5ff; border-color: #323232;\">\n<td style=\"text-align: left; vertical-align: top; border-color: #323232; width: 12.8095%; height: 23px;\">\n<h5><strong>17h40<br \/><\/strong><\/h5>\n<\/td>\n<td style=\"vertical-align: top; border-color: #323232; width: 85.4682%; height: 23px;\">\n<h3><strong>Empfehlungen f\u00fcr Unternehmen inkl. Beispiele aus der Praxis<\/strong><\/h3>\n<div><strong>Andreas Rothen,<\/strong> Gesch\u00e4ftsf\u00fchrer act Cleantech Agentur<br \/><em><br \/><\/em><\/div>\n<\/td>\n<\/tr>\n<tr style=\"background-color: #e1f5ff; border-color: #323232;\">\n<td style=\"text-align: left; vertical-align: top; border-color: #323232; width: 12.8095%; height: 37px;\">\n<h5><strong>18h00<\/strong><\/h5>\n<\/td>\n<td style=\"vertical-align: top; border-color: #323232; width: 85.4682%; height: 37px;\">\n<h3><strong>Diskussion und Q&amp;A<\/strong><\/h3>\n<\/td>\n<\/tr>\n<tr style=\"background-color: #e1f5ff; border-color: #323232;\">\n<td style=\"text-align: left; vertical-align: top; border-color: #323232; width: 12.8095%; height: 48px;\">\n<h5><strong>18h30<\/strong><\/h5>\n<\/td>\n<td style=\"vertical-align: top; border-color: #323232; width: 85.4682%; height: 48px; text-align: left;\">\n<h3><strong>Veranstaltungsende<\/strong><\/h3>\n<\/td>\n<\/tr>\n<\/tbody>\n<\/table>\n<h4>\u00a0<\/h4>","protected":false},"featured_media":27004,"template":"","acf":[],"_links":{"self":[{"href":"https:\/\/www.swisscleantech.ch\/fr\/wp-json\/wp\/v2\/agendaeintrag\/26869"}],"collection":[{"href":"https:\/\/www.swisscleantech.ch\/fr\/wp-json\/wp\/v2\/agendaeintrag"}],"about":[{"href":"https:\/\/www.swisscleantech.ch\/fr\/wp-json\/wp\/v2\/types\/agendaeintrag"}],"version-history":[{"count":1,"href":"https:\/\/www.swisscleantech.ch\/fr\/wp-json\/wp\/v2\/agendaeintrag\/26869\/revisions"}],"predecessor-version":[{"id":27029,"href":"https:\/\/www.swisscleantech.ch\/fr\/wp-json\/wp\/v2\/agendaeintrag\/26869\/revisions\/27029"}],"wp:featuredmedia":[{"embeddable":true,"href":"https:\/\/www.swisscleantech.ch\/fr\/wp-json\/wp\/v2\/media\/27004"}],"wp:attachment":[{"href":"https:\/\/www.swisscleantech.ch\/fr\/wp-json\/wp\/v2\/media?parent=26869"}],"curies":[{"name":"wp","href":"https:\/\/api.w.org\/{rel}","templated":true}]}}

<p>Die Energie-Versorgungslage in der Schweiz ist derzeit weniger angespannt als im letzten Herbst. Aktuell ist die Versorgungssicherheit gewährleistet, auch dank zahlreichen Massnahmen, die der Bund umgesetzt hat. Diese Situation kann sich jedoch schnell wieder ändern. Ein intensiver Winter oder der Ausfall von Kraftwerkskapazitäten im In- oder Ausland sind Faktoren, die zu Unsicherheiten führen könnten.</p>
<p>Viele swisscleantech Mitglieder haben in den letzten 12 Monaten zusätzlich in die Energieeffizienz und in Stromproduktion investiert. Mit Blick auf die kommenden Winter tragen sie so zu einer sicheren und nachhaltigen Versorgung der Schweizer Wirtschaft bei. Trotzdem ist ein sorgsamer Umgang mit Energie weiterhin sinnvoll.</p>
<p>Wie im letzten Jahr gilt auch 2023: Politik, Energiebranche, Wirtschaft und Gesellschaft sind gemeinsam gefordert. Deshalb laden wir zusammen mit der act Cleantech Agentur zu einem Webinar mit ausgewiesenen Expert*innen aus der Verwaltung und Wirtschaft ein und gehen dabei auf folgende Fragen ein:  </p>
<ul>
<li>Wie sieht die aktuelle Energie-Versorgungslage aus? Und wie sieht die Ausgangslage mittelfristig aus?</li>
<li>Was kommt in den nächsten Monaten auf die Schweizer Unternehmen zu und was ist ihre Rolle?</li>
<li>Was wird von Seiten des Bundes getan, um eine mögliche Energie-Mangellage zu verhindern?</li>
</ul>
<h4><strong>Die Referent*innen</strong></h4>
<div class="pa_style3_wrapper">
<div class="fos2020_stimme_item">
<div class="fos2020_stimme_image" style="background-image: url('https://www.swisscleantech.ch/files/Urs.png');"><span class="wptx0">x</span></div>
<div class="fos2020_stimme_title"><strong>Urs Meister</strong></div>
<div class="fos2020_stimme_text">Geschäftsführer,<br />Eidgenössische Elektrizitätskommission ElCom</div>
</div>
<div class="fos2020_stimme_item">
<div class="fos2020_stimme_image" style="background-image: url('https://www.swisscleantech.ch/files/Kurt.png');"><span class="wptx0">x</span></div>
<div class="fos2020_stimme_title"><strong>Kurt Bisang</strong></div>
<div class="fos2020_stimme_text">Stv. Leiter Energieeffizienz und erneuerbare Energien,<br />Bundesamt für Energie</div>
</div>
<div class="fos2020_stimme_item">
<div class="fos2020_stimme_image" style="background-image: url('https://www.swisscleantech.ch/files/Andreas1.png');"><span class="wptx0">x</span></div>
<div class="fos2020_stimme_title"><strong>Andreas Rothen</strong></div>
<div class="fos2020_stimme_text">Geschäftsführer,<br />act Cleantech Agentur</div>
</div>
<div class="fos2020_stimme_item">
<div class="fos2020_stimme_image" style="background-image: url('https://www.swisscleantech.ch/files/Fabian-Etter.jpg');"><span class="wptx0">x</span></div>
<div class="fos2020_stimme_title"><strong>Fabian Etter</strong></div>
<div class="fos2020_stimme_text">Co-Präsident<br />swisscleantech</div>
</div>
</div>
<h4><strong>Das Programm</strong></h4>
<table style="width: 110.573%; height: 196px;" cellspacing="5" cellpadding="5">
<tbody>
<tr style="background-color: #e1f5ff; border-color: #323232;">
<td style="text-align: left; vertical-align: top; border-color: #323232; width: 12.8095%; height: 39px;">
<h5><strong>17h00</strong></h5>
</td>
<td style="vertical-align: top; border-color: #323232; width: 85.4682%; height: 39px;">
<h3><strong>Begrüssung &amp; Einführung in die Thematik<br /></strong></h3>
<p><strong>Fabian Etter</strong>, Co-Präsident swisscleantech</p>
</td>
</tr>
<tr style="background-color: #e1f5ff; border-color: #323232;">
<td style="text-align: left; vertical-align: top; border-color: #323232; width: 12.8095%; height: 39px;">
<h5><strong>17h10<br /></strong></h5>
</td>
<td style="vertical-align: top; border-color: #323232; width: 85.4682%; height: 39px;">
<h3><strong>Kurz- und mittelfristige Energie-Versorgungslage </strong></h3>
<p><strong>Urs Meister</strong>, Geschäftsführer Eidgenössische Elektrizitätskommission ElCom</p>
</td>
</tr>
<tr style="background-color: #e1f5ff; border-color: #323232;">
<td style="text-align: left; vertical-align: top; border-color: #323232; width: 12.8095%; height: 10px;">
<h5><strong>17h25<br /></strong></h5>
</td>
<td style="vertical-align: top; border-color: #323232; width: 85.4682%; height: 10px;">
<h3><strong>Winter-Energiespar-Initiative des Bundes</strong></h3>
<div>
<p><strong>Kurt Bisang,</strong> Stv. Leiter Energieeffizienz und erneuerbare Energien, Bundesamt für Energie</p>
</div>
</td>
</tr>
<tr style="background-color: #e1f5ff; border-color: #323232;">
<td style="text-align: left; vertical-align: top; border-color: #323232; width: 12.8095%; height: 23px;">
<h5><strong>17h40<br /></strong></h5>
</td>
<td style="vertical-align: top; border-color: #323232; width: 85.4682%; height: 23px;">
<h3><strong>Empfehlungen für Unternehmen inkl. Beispiele aus der Praxis</strong></h3>
<div><strong>Andreas Rothen,</strong> Geschäftsführer act Cleantech Agentur<br /><em><br /></em></div>
</td>
</tr>
<tr style="background-color: #e1f5ff; border-color: #323232;">
<td style="text-align: left; vertical-align: top; border-color: #323232; width: 12.8095%; height: 37px;">
<h5><strong>18h00</strong></h5>
</td>
<td style="vertical-align: top; border-color: #323232; width: 85.4682%; height: 37px;">
<h3><strong>Diskussion und Q&amp;A</strong></h3>
</td>
</tr>
<tr style="background-color: #e1f5ff; border-color: #323232;">
<td style="text-align: left; vertical-align: top; border-color: #323232; width: 12.8095%; height: 48px;">
<h5><strong>18h30</strong></h5>
</td>
<td style="vertical-align: top; border-color: #323232; width: 85.4682%; height: 48px; text-align: left;">
<h3><strong>Veranstaltungsende</strong></h3>
</td>
</tr>
</tbody>
</table>
<h4> </h4>
