{"id":27446,"date":"2023-09-07T09:18:40","date_gmt":"2023-09-07T09:18:40","guid":{"rendered":"https:\/\/www.swisscleantech.ch\/?post_type=agendaeintrag&#038;p=27446"},"modified":"2023-09-28T16:18:07","modified_gmt":"2023-09-28T16:18:07","slug":"webinaire-politique-sur-la-session-dautomne","status":"publish","type":"agendaeintrag","link":"https:\/\/www.swisscleantech.ch\/fr\/agendaeintrag\/webinaire-politique-sur-la-session-dautomne\/","title":{"rendered":"Webinaire politique sur la session d\u2018automne"},"content":{"rendered":"\n<h4>le couronnement de la l\u00e9gislature avec l\u2019acte modificateur unique et la loi sur le CO<sub>2<\/sub><\/h4>\n\n\n\n<p>Durant la derni\u00e8re session de cette l\u00e9gislature, le Parlement se penchera sur deux projets phares de la politique \u00e9nerg\u00e9tique et climatique. Nous consacrerons le prochain webinaire politique en particulier \u00e0 l\u2019<strong>acte modificateur unique<\/strong> pour un approvisionnement en \u00e9lectricit\u00e9 s\u00fbr et renouvelable de la Suisse, qui doit \u00eatre finalis\u00e9 apr\u00e8s de longues discussions au Parlement.<\/p>\n\n\n\n<p>Le deuxi\u00e8me projet essentiel que nous approfondirons sera la <strong>r\u00e9vision de la loi sur le CO<sub>2<\/sub><\/strong> pour la p\u00e9riode post\u00e9rieure \u00e0 2024. Apr\u00e8s l\u2019acceptation de la loi sur le climat cet \u00e9t\u00e9, le Conseil des \u00c9tats examine pour la premi\u00e8re fois les mesures concr\u00e8tes devant permettre de diviser par deux les \u00e9missions de gaz \u00e0 effet de serre d\u2019ici 2030.<\/p>\n\n\n\n<p>Nous prendrons \u00e9galement le temps de r\u00e9pondre \u00e0 vos questions et de regarder d\u2019autres dossiers, notamment le <strong>contre-projet indirect \u00e0 l\u2019initiative biodiversit\u00e9.<\/strong><\/p>\n\n\n\n<p>Avec <strong>Damian M\u00fcller, conseiller aux \u00c9tats PLR,<\/strong> nous reviendrons sur les d\u00e9cisions en mati\u00e8re de politique climatique et \u00e9nerg\u00e9tique. Nous sommes impatients de discuter avec vous.<\/p>\n\n\n\n<div class=\"is-layout-flex wp-container-3 wp-block-columns abstand_klein has-background\" style=\"background-color:#e3ebf1\">\n<div class=\"is-layout-flow wp-block-column\" style=\"flex-basis:33.33%\">\n<figure class=\"wp-block-image size-full\"><img decoding=\"async\" loading=\"lazy\" width=\"240\" height=\"240\" src=\"https:\/\/www.swisscleantech.ch\/files\/Damian-Mueller-Staenderat-FDP.png\" alt=\"\" class=\"wp-image-27008\" srcset=\"https:\/\/www.swisscleantech.ch\/files\/Damian-Mueller-Staenderat-FDP.png 240w, https:\/\/www.swisscleantech.ch\/files\/Damian-Mueller-Staenderat-FDP-125x125.png 125w\" sizes=\"(max-width: 240px) 100vw, 240px\" \/><\/figure>\n<\/div>\n\n\n\n<div class=\"is-layout-flow wp-block-column\" style=\"flex-basis:66.66%\">\n<h4>Damian M\u00fcller<\/h4>\n\n\n\n<p>Conseiller aux \u00c9tats PLR, membre de la Commission de l\u2019environnement, de l\u2019am\u00e9nagement du territoire et de l\u2019\u00e9nergie (CEATE-E)<\/p>\n<\/div>\n<\/div>\n\n\n\n<div class=\"is-layout-flex wp-container-4 wp-block-columns\"><\/div>\n\n\n\n<h4>Le webinaire politique est r\u00e9serv\u00e9 aux adh\u00e9rents et aux personnes invit\u00e9es.<\/h4>\n","protected":false},"featured_media":0,"template":"","acf":[],"_links":{"self":[{"href":"https:\/\/www.swisscleantech.ch\/fr\/wp-json\/wp\/v2\/agendaeintrag\/27446"}],"collection":[{"href":"https:\/\/www.swisscleantech.ch\/fr\/wp-json\/wp\/v2\/agendaeintrag"}],"about":[{"href":"https:\/\/www.swisscleantech.ch\/fr\/wp-json\/wp\/v2\/types\/agendaeintrag"}],"version-history":[{"count":0,"href":"https:\/\/www.swisscleantech.ch\/fr\/wp-json\/wp\/v2\/agendaeintrag\/27446\/revisions"}],"wp:attachment":[{"href":"https:\/\/www.swisscleantech.ch\/fr\/wp-json\/wp\/v2\/media?parent=27446"}],"curies":[{"name":"wp","href":"https:\/\/api.w.org\/{rel}","templated":true}]}}

<h4>le couronnement de la législature avec l’acte modificateur unique et la loi sur le CO<sub>2</sub></h4>



<p>Durant la dernière session de cette législature, le Parlement se penchera sur deux projets phares de la politique énergétique et climatique. Nous consacrerons le prochain webinaire politique en particulier à l’<strong>acte modificateur unique</strong> pour un approvisionnement en électricité sûr et renouvelable de la Suisse, qui doit être finalisé après de longues discussions au Parlement.</p>



<p>Le deuxième projet essentiel que nous approfondirons sera la <strong>révision de la loi sur le CO<sub>2</sub></strong> pour la période postérieure à 2024. Après l’acceptation de la loi sur le climat cet été, le Conseil des États examine pour la première fois les mesures concrètes devant permettre de diviser par deux les émissions de gaz à effet de serre d’ici 2030.</p>



<p>Nous prendrons également le temps de répondre à vos questions et de regarder d’autres dossiers, notamment le <strong>contre-projet indirect à l’initiative biodiversité.</strong></p>



<p>Avec <strong>Damian Müller, conseiller aux États PLR,</strong> nous reviendrons sur les décisions en matière de politique climatique et énergétique. Nous sommes impatients de discuter avec vous.</p>



<div class="is-layout-flex wp-container-3 wp-block-columns abstand_klein has-background" style="background-color:#e3ebf1">
<div class="is-layout-flow wp-block-column" style="flex-basis:33.33%">
<figure class="wp-block-image size-full"><img decoding="async" loading="lazy" width="240" height="240" src="https://www.swisscleantech.ch/files/Damian-Mueller-Staenderat-FDP.png" alt="" class="wp-image-27008" srcset="https://www.swisscleantech.ch/files/Damian-Mueller-Staenderat-FDP.png 240w, https://www.swisscleantech.ch/files/Damian-Mueller-Staenderat-FDP-125x125.png 125w" sizes="(max-width: 240px) 100vw, 240px" /></figure>
</div>



<div class="is-layout-flow wp-block-column" style="flex-basis:66.66%">
<h4>Damian Müller</h4>



<p>Conseiller aux États PLR, membre de la Commission de l’environnement, de l’aménagement du territoire et de l’énergie (CEATE-E)</p>
</div>
</div>



<div class="is-layout-flex wp-container-4 wp-block-columns"></div>



<h4>Le webinaire politique est réservé aux adhérents et aux personnes invitées.</h4>
