{"id":27487,"date":"2023-10-05T10:44:21","date_gmt":"2023-10-05T10:44:21","guid":{"rendered":"https:\/\/www.swisscleantech.ch\/?post_type=agendaeintrag&#038;p=27487"},"modified":"2023-10-06T07:28:53","modified_gmt":"2023-10-06T07:28:53","slug":"wie-geht-es-nach-dem-ja-zum-klimagesetz-weiter-fokusgruppe-klimapolitik","status":"publish","type":"agendaeintrag","link":"https:\/\/www.swisscleantech.ch\/fr\/agendaeintrag\/wie-geht-es-nach-dem-ja-zum-klimagesetz-weiter-fokusgruppe-klimapolitik\/","title":{"rendered":"Wie geht es nach dem Ja zum Klimagesetz weiter \u2013 Fokusgruppe Klimapolitik"},"content":{"rendered":"\n<p><strong>swisscleantech ist in der Revision des CO<sub>2<\/sub>-Gesetzes stark engagiert und hat sich in verschiedenen Konsultationsgremien des Bundesamts f\u00fcr Umwelt f\u00fcr die Ausarbeitung der Verordnung zum Klimagesetz eingebracht. Bereits heute gilt es aber auch die Klimapolitik nach 2030 anzudiskutieren. Wir laden deshalb zur Fokusgruppe Klimapolitik ein.<\/strong><\/p>\n\n\n\n<p>Im Sommer hat das Stimmvolk das Klimagesetz deutlich angenommen und damit die Klimaneutralit\u00e4t bis sp\u00e4testens 2050 gesetzlich verankert. Anfang 2024 geht die Verordnung zur Umsetzung in die Vernehmlassung. \u00dcber sechs Jahre werden insgesamt 1,2 Millionen Franken F\u00f6rdergelder f\u00fcr die\u00a0F\u00f6rderung von neuartigen Technologien und Prozessen zugunsten des Netto-Null-Ziels\u00a0zur Verf\u00fcgung stehen.\u00a0<strong>Reto Burkard, Abteilungschef Klima des Bundesamts f\u00fcr Umwelt<\/strong> informiert aus erster Hand.<\/p>\n\n\n\n<p>Trotzdem dem klaren Ja zum Klimagesetz hat der St\u00e4nderat die bereits ungen\u00fcgende Variante des Bundesrats zur Revision des CO<sub>2<\/sub>-Gesetzes nochmals abgeschw\u00e4cht: Die Ziele wie auch die Massnahmen greifen viel zu kurz. Es ist deshalb Zeit f\u00fcr eine Bestandesaufnahme und f\u00fcr eine vertiefte Diskussion dar\u00fcber, wie wir die kurz- und langfristige Klimapolitik der Schweiz pr\u00e4gen wollen.<\/p>\n\n\n\n<p>Die Fokusgruppe bietet Raum f\u00fcr:<\/p>\n\n\n\n<ul>\n<li>Informationen aus erster Hand \u00fcber die Umsetzung der Massnahmen aus dem Klimagesetz.<\/li>\n\n\n\n<li>Diskussionen dar\u00fcber, was im CO<sub>2<\/sub>-Gesetz im Rahmen der Behandlung durch den Nationalrat m\u00f6glich ist.<\/li>\n\n\n\n<li>\u00dcberlegungen zu weiteren Massnahmen, um die Klimapolitik nach 2030 zu beschleunigen.<\/li>\n<\/ul>\n\n\n\n<h2>Programm<\/h2>\n\n\n\n<div class=\"is-layout-flex wp-container-3 wp-block-columns abstand_klein has-background\" style=\"background-color:#e3ebf1\">\n<div class=\"is-layout-flow wp-block-column\" style=\"flex-basis:20%\">\n<h3>13:30 Uhr<\/h3>\n<\/div>\n\n\n\n<div class=\"is-layout-flow wp-block-column\" style=\"flex-basis:80%\">\n<h3>Begr\u00fcssung<\/h3>\n\n\n\n<figure class=\"wp-block-image size-full is-resized\"><img decoding=\"async\" loading=\"lazy\" src=\"https:\/\/www.swisscleantech.ch\/files\/Christian-Zeyer.jpg\" alt=\"\" class=\"wp-image-22842\" width=\"200\" height=\"200\" srcset=\"https:\/\/www.swisscleantech.ch\/files\/Christian-Zeyer.jpg 400w, https:\/\/www.swisscleantech.ch\/files\/Christian-Zeyer-300x300.jpg 300w, https:\/\/www.swisscleantech.ch\/files\/Christian-Zeyer-125x125.jpg 125w\" sizes=\"(max-width: 200px) 100vw, 200px\" \/><\/figure>\n\n\n\n<div style=\"height:20px\" aria-hidden=\"true\" class=\"wp-block-spacer\"><\/div>\n\n\n\n<p><strong>Christian Zeyer<\/strong><br>Co-Gesch\u00e4ftsf\u00fchrer swisscleantech<\/p>\n<\/div>\n<\/div>\n\n\n\n<div class=\"is-layout-flex wp-container-6 wp-block-columns abstand_klein has-background\" style=\"background-color:#e3ebf1\">\n<div class=\"is-layout-flow wp-block-column\" style=\"flex-basis:20%\">\n<h3>13:40 Uhr<\/h3>\n<\/div>\n\n\n\n<div class=\"is-layout-flow wp-block-column\" style=\"flex-basis:80%\">\n<h3>Klimagesetz: Stand der Umsetzung und Q&amp;A<\/h3>\n\n\n\n<figure class=\"wp-block-image size-full is-resized\"><img decoding=\"async\" loading=\"lazy\" src=\"https:\/\/www.swisscleantech.ch\/files\/reto-burkard.jpg\" alt=\"\" class=\"wp-image-27276\" width=\"200\" height=\"200\" srcset=\"https:\/\/www.swisscleantech.ch\/files\/reto-burkard.jpg 500w, https:\/\/www.swisscleantech.ch\/files\/reto-burkard-300x300.jpg 300w, https:\/\/www.swisscleantech.ch\/files\/reto-burkard-125x125.jpg 125w\" sizes=\"(max-width: 200px) 100vw, 200px\" \/><\/figure>\n\n\n\n<div style=\"height:20px\" aria-hidden=\"true\" class=\"wp-block-spacer\"><\/div>\n\n\n\n<p><strong>Reto Burkard<\/strong><br>Abteilungschef Klima Bundesamt f\u00fcr Umwelt<\/p>\n<\/div>\n<\/div>\n\n\n\n<div class=\"is-layout-flex wp-container-9 wp-block-columns abstand_klein has-background\" style=\"background-color:#e3ebf1\">\n<div class=\"is-layout-flow wp-block-column\" style=\"flex-basis:20%\">\n<h3>14:15 Uhr<\/h3>\n<\/div>\n\n\n\n<div class=\"is-layout-flow wp-block-column\" style=\"flex-basis:80%\">\n<h3>Revision CO<sub>2<\/sub>-Gesetz: Stand der Beratung im Parlament und Stossrichtungen von swisscleantech<\/h3>\n\n\n\n<figure class=\"wp-block-image size-full is-resized\"><img decoding=\"async\" loading=\"lazy\" src=\"https:\/\/www.swisscleantech.ch\/files\/Michael-Mandl-swisscleantech.jpg\" alt=\"\" class=\"wp-image-23400\" width=\"200\" height=\"200\" srcset=\"https:\/\/www.swisscleantech.ch\/files\/Michael-Mandl-swisscleantech.jpg 400w, https:\/\/www.swisscleantech.ch\/files\/Michael-Mandl-swisscleantech-300x300.jpg 300w, https:\/\/www.swisscleantech.ch\/files\/Michael-Mandl-swisscleantech-125x125.jpg 125w\" sizes=\"(max-width: 200px) 100vw, 200px\" \/><\/figure>\n\n\n\n<div style=\"height:20px\" aria-hidden=\"true\" class=\"wp-block-spacer\"><\/div>\n\n\n\n<p><strong>Michael Mandl<\/strong><br>Co-Gesch\u00e4ftsf\u00fchrer swisscleantech<\/p>\n<\/div>\n<\/div>\n\n\n\n<div class=\"is-layout-flex wp-container-12 wp-block-columns abstand_klein has-background\" style=\"background-color:#e3ebf1\">\n<div class=\"is-layout-flow wp-block-column\" style=\"flex-basis:20%\">\n<h3>14:35 Uhr<\/h3>\n<\/div>\n\n\n\n<div class=\"is-layout-flow wp-block-column\" style=\"flex-basis:80%\">\n<h3>Offene Diskussion zur Revision des CO<sub>2<\/sub>-Gesetzes<\/h3>\n\n\n\n<p>Moderation: Christian Zeyer<\/p>\n<\/div>\n<\/div>\n\n\n\n<div class=\"is-layout-flex wp-container-15 wp-block-columns abstand_klein has-background\" style=\"background-color:#d7eae4\">\n<div class=\"is-layout-flow wp-block-column\" style=\"flex-basis:20%\">\n<h3>15 Uhr<\/h3>\n<\/div>\n\n\n\n<div class=\"is-layout-flow wp-block-column\" style=\"flex-basis:80%\">\n<h3>Pause<\/h3>\n<\/div>\n<\/div>\n\n\n\n<div class=\"is-layout-flex wp-container-18 wp-block-columns abstand_klein has-background\" style=\"background-color:#e3ebf1\">\n<div class=\"is-layout-flow wp-block-column\" style=\"flex-basis:20%\">\n<h3>15:15 Uhr<\/h3>\n<\/div>\n\n\n\n<div class=\"is-layout-flow wp-block-column\" style=\"flex-basis:80%\">\n<h3>Gedanken zur Klimapolitik nach 2030: Ziele, Trends, Massnahmen<\/h3>\n\n\n\n<p>Christian Zeyer<\/p>\n<\/div>\n<\/div>\n\n\n\n<div class=\"is-layout-flex wp-container-21 wp-block-columns abstand_klein has-background\" style=\"background-color:#fbd7d7\">\n<div class=\"is-layout-flow wp-block-column\" style=\"flex-basis:20%\">\n<h3>15:30 Uhr<\/h3>\n<\/div>\n\n\n\n<div class=\"is-layout-flow wp-block-column\" style=\"flex-basis:80%\">\n<h3>Gruppendiskussionen zur Klimapolitik nach 2030 zu drei Schwerpunkten<\/h3>\n\n\n\n<ul>\n<li>Geb\u00e4ude<\/li>\n\n\n\n<li>Industrie<\/li>\n\n\n\n<li>Mobilit\u00e4t<\/li>\n<\/ul>\n\n\n\n<p><em>Parallel<\/em>: F\u00f6rderung unter dem Klimagesetz: Wie sich Unternehmen organisieren k\u00f6nnen<\/p>\n<\/div>\n<\/div>\n\n\n\n<div class=\"is-layout-flex wp-container-24 wp-block-columns abstand_klein has-background\" style=\"background-color:#fbd7d7\">\n<div class=\"is-layout-flow wp-block-column\" style=\"flex-basis:20%\">\n<h3>16:45 Uhr<\/h3>\n<\/div>\n\n\n\n<div class=\"is-layout-flow wp-block-column\" style=\"flex-basis:80%\">\n<h3>Zusammenfassung der Erkenntnisse aus den Gruppen<\/h3>\n<\/div>\n<\/div>\n\n\n\n<div class=\"is-layout-flex wp-container-27 wp-block-columns abstand_klein has-background\" style=\"background-color:#e3ebf1\">\n<div class=\"is-layout-flow wp-block-column\" style=\"flex-basis:20%\">\n<h3>17 Uhr<\/h3>\n<\/div>\n\n\n\n<div class=\"is-layout-flow wp-block-column\" style=\"flex-basis:80%\">\n<h3>Zusammenfassung und Verabschiedung<\/h3>\n\n\n\n<p>Christian Zeyer<\/p>\n<\/div>\n<\/div>\n\n\n\n<h6>Diese Veranstaltung richtet sich exklusiv an Mitglieder und geladene G\u00e4ste.<\/h6>\n\n\n\n<div class=\"is-layout-flex wp-block-buttons\">\n<div class=\"wp-block-button\"><a class=\"wp-block-button__link wp-element-button\" href=\"https:\/\/www.eventbrite.ch\/e\/wie-geht-es-nach-dem-ja-zum-klimagesetz-weiter-fokusgruppe-klimapolitik-tickets-732685832047\" target=\"_blank\" rel=\"noopener\">Zur Anmeldung<\/a><\/div>\n<\/div>\n","protected":false},"featured_media":0,"template":"","acf":[],"_links":{"self":[{"href":"https:\/\/www.swisscleantech.ch\/fr\/wp-json\/wp\/v2\/agendaeintrag\/27487"}],"collection":[{"href":"https:\/\/www.swisscleantech.ch\/fr\/wp-json\/wp\/v2\/agendaeintrag"}],"about":[{"href":"https:\/\/www.swisscleantech.ch\/fr\/wp-json\/wp\/v2\/types\/agendaeintrag"}],"version-history":[{"count":0,"href":"https:\/\/www.swisscleantech.ch\/fr\/wp-json\/wp\/v2\/agendaeintrag\/27487\/revisions"}],"wp:attachment":[{"href":"https:\/\/www.swisscleantech.ch\/fr\/wp-json\/wp\/v2\/media?parent=27487"}],"curies":[{"name":"wp","href":"https:\/\/api.w.org\/{rel}","templated":true}]}}

<p><strong>swisscleantech ist in der Revision des CO<sub>2</sub>-Gesetzes stark engagiert und hat sich in verschiedenen Konsultationsgremien des Bundesamts für Umwelt für die Ausarbeitung der Verordnung zum Klimagesetz eingebracht. Bereits heute gilt es aber auch die Klimapolitik nach 2030 anzudiskutieren. Wir laden deshalb zur Fokusgruppe Klimapolitik ein.</strong></p>



<p>Im Sommer hat das Stimmvolk das Klimagesetz deutlich angenommen und damit die Klimaneutralität bis spätestens 2050 gesetzlich verankert. Anfang 2024 geht die Verordnung zur Umsetzung in die Vernehmlassung. Über sechs Jahre werden insgesamt 1,2 Millionen Franken Fördergelder für die Förderung von neuartigen Technologien und Prozessen zugunsten des Netto-Null-Ziels zur Verfügung stehen. <strong>Reto Burkard, Abteilungschef Klima des Bundesamts für Umwelt</strong> informiert aus erster Hand.</p>



<p>Trotzdem dem klaren Ja zum Klimagesetz hat der Ständerat die bereits ungenügende Variante des Bundesrats zur Revision des CO<sub>2</sub>-Gesetzes nochmals abgeschwächt: Die Ziele wie auch die Massnahmen greifen viel zu kurz. Es ist deshalb Zeit für eine Bestandesaufnahme und für eine vertiefte Diskussion darüber, wie wir die kurz- und langfristige Klimapolitik der Schweiz prägen wollen.</p>



<p>Die Fokusgruppe bietet Raum für:</p>



<ul>
<li>Informationen aus erster Hand über die Umsetzung der Massnahmen aus dem Klimagesetz.</li>



<li>Diskussionen darüber, was im CO<sub>2</sub>-Gesetz im Rahmen der Behandlung durch den Nationalrat möglich ist.</li>



<li>Überlegungen zu weiteren Massnahmen, um die Klimapolitik nach 2030 zu beschleunigen.</li>
</ul>



<h2>Programm</h2>



<div class="is-layout-flex wp-container-3 wp-block-columns abstand_klein has-background" style="background-color:#e3ebf1">
<div class="is-layout-flow wp-block-column" style="flex-basis:20%">
<h3>13:30 Uhr</h3>
</div>



<div class="is-layout-flow wp-block-column" style="flex-basis:80%">
<h3>Begrüssung</h3>



<figure class="wp-block-image size-full is-resized"><img decoding="async" loading="lazy" src="https://www.swisscleantech.ch/files/Christian-Zeyer.jpg" alt="" class="wp-image-22842" width="200" height="200" srcset="https://www.swisscleantech.ch/files/Christian-Zeyer.jpg 400w, https://www.swisscleantech.ch/files/Christian-Zeyer-300x300.jpg 300w, https://www.swisscleantech.ch/files/Christian-Zeyer-125x125.jpg 125w" sizes="(max-width: 200px) 100vw, 200px" /></figure>



<div style="height:20px" aria-hidden="true" class="wp-block-spacer"></div>



<p><strong>Christian Zeyer</strong><br>Co-Geschäftsführer swisscleantech</p>
</div>
</div>



<div class="is-layout-flex wp-container-6 wp-block-columns abstand_klein has-background" style="background-color:#e3ebf1">
<div class="is-layout-flow wp-block-column" style="flex-basis:20%">
<h3>13:40 Uhr</h3>
</div>



<div class="is-layout-flow wp-block-column" style="flex-basis:80%">
<h3>Klimagesetz: Stand der Umsetzung und Q&amp;A</h3>



<figure class="wp-block-image size-full is-resized"><img decoding="async" loading="lazy" src="https://www.swisscleantech.ch/files/reto-burkard.jpg" alt="" class="wp-image-27276" width="200" height="200" srcset="https://www.swisscleantech.ch/files/reto-burkard.jpg 500w, https://www.swisscleantech.ch/files/reto-burkard-300x300.jpg 300w, https://www.swisscleantech.ch/files/reto-burkard-125x125.jpg 125w" sizes="(max-width: 200px) 100vw, 200px" /></figure>



<div style="height:20px" aria-hidden="true" class="wp-block-spacer"></div>



<p><strong>Reto Burkard</strong><br>Abteilungschef Klima Bundesamt für Umwelt</p>
</div>
</div>



<div class="is-layout-flex wp-container-9 wp-block-columns abstand_klein has-background" style="background-color:#e3ebf1">
<div class="is-layout-flow wp-block-column" style="flex-basis:20%">
<h3>14:15 Uhr</h3>
</div>



<div class="is-layout-flow wp-block-column" style="flex-basis:80%">
<h3>Revision CO<sub>2</sub>-Gesetz: Stand der Beratung im Parlament und Stossrichtungen von swisscleantech</h3>



<figure class="wp-block-image size-full is-resized"><img decoding="async" loading="lazy" src="https://www.swisscleantech.ch/files/Michael-Mandl-swisscleantech.jpg" alt="" class="wp-image-23400" width="200" height="200" srcset="https://www.swisscleantech.ch/files/Michael-Mandl-swisscleantech.jpg 400w, https://www.swisscleantech.ch/files/Michael-Mandl-swisscleantech-300x300.jpg 300w, https://www.swisscleantech.ch/files/Michael-Mandl-swisscleantech-125x125.jpg 125w" sizes="(max-width: 200px) 100vw, 200px" /></figure>



<div style="height:20px" aria-hidden="true" class="wp-block-spacer"></div>



<p><strong>Michael Mandl</strong><br>Co-Geschäftsführer swisscleantech</p>
</div>
</div>



<div class="is-layout-flex wp-container-12 wp-block-columns abstand_klein has-background" style="background-color:#e3ebf1">
<div class="is-layout-flow wp-block-column" style="flex-basis:20%">
<h3>14:35 Uhr</h3>
</div>



<div class="is-layout-flow wp-block-column" style="flex-basis:80%">
<h3>Offene Diskussion zur Revision des CO<sub>2</sub>-Gesetzes</h3>



<p>Moderation: Christian Zeyer</p>
</div>
</div>



<div class="is-layout-flex wp-container-15 wp-block-columns abstand_klein has-background" style="background-color:#d7eae4">
<div class="is-layout-flow wp-block-column" style="flex-basis:20%">
<h3>15 Uhr</h3>
</div>



<div class="is-layout-flow wp-block-column" style="flex-basis:80%">
<h3>Pause</h3>
</div>
</div>



<div class="is-layout-flex wp-container-18 wp-block-columns abstand_klein has-background" style="background-color:#e3ebf1">
<div class="is-layout-flow wp-block-column" style="flex-basis:20%">
<h3>15:15 Uhr</h3>
</div>



<div class="is-layout-flow wp-block-column" style="flex-basis:80%">
<h3>Gedanken zur Klimapolitik nach 2030: Ziele, Trends, Massnahmen</h3>



<p>Christian Zeyer</p>
</div>
</div>



<div class="is-layout-flex wp-container-21 wp-block-columns abstand_klein has-background" style="background-color:#fbd7d7">
<div class="is-layout-flow wp-block-column" style="flex-basis:20%">
<h3>15:30 Uhr</h3>
</div>



<div class="is-layout-flow wp-block-column" style="flex-basis:80%">
<h3>Gruppendiskussionen zur Klimapolitik nach 2030 zu drei Schwerpunkten</h3>



<ul>
<li>Gebäude</li>



<li>Industrie</li>



<li>Mobilität</li>
</ul>



<p><em>Parallel</em>: Förderung unter dem Klimagesetz: Wie sich Unternehmen organisieren können</p>
</div>
</div>



<div class="is-layout-flex wp-container-24 wp-block-columns abstand_klein has-background" style="background-color:#fbd7d7">
<div class="is-layout-flow wp-block-column" style="flex-basis:20%">
<h3>16:45 Uhr</h3>
</div>



<div class="is-layout-flow wp-block-column" style="flex-basis:80%">
<h3>Zusammenfassung der Erkenntnisse aus den Gruppen</h3>
</div>
</div>



<div class="is-layout-flex wp-container-27 wp-block-columns abstand_klein has-background" style="background-color:#e3ebf1">
<div class="is-layout-flow wp-block-column" style="flex-basis:20%">
<h3>17 Uhr</h3>
</div>



<div class="is-layout-flow wp-block-column" style="flex-basis:80%">
<h3>Zusammenfassung und Verabschiedung</h3>



<p>Christian Zeyer</p>
</div>
</div>



<h6>Diese Veranstaltung richtet sich exklusiv an Mitglieder und geladene Gäste.</h6>



<div class="is-layout-flex wp-block-buttons">
<div class="wp-block-button"><a class="wp-block-button__link wp-element-button" href="https://www.eventbrite.ch/e/wie-geht-es-nach-dem-ja-zum-klimagesetz-weiter-fokusgruppe-klimapolitik-tickets-732685832047" target="_blank" rel="noopener">Zur Anmeldung</a></div>
</div>
