{"id":28567,"date":"2023-11-30T15:05:09","date_gmt":"2023-11-30T15:05:09","guid":{"rendered":"https:\/\/www.swisscleantech.ch\/?post_type=agendaeintrag&#038;p=28567"},"modified":"2024-03-18T09:10:46","modified_gmt":"2024-03-18T09:10:46","slug":"assemblee-generale-swisscleantech","status":"publish","type":"agendaeintrag","link":"https:\/\/www.swisscleantech.ch\/fr\/agendaeintrag\/assemblee-generale-swisscleantech\/","title":{"rendered":"Assembl\u00e9e g\u00e9n\u00e9rale swisscleantech"},"content":{"rendered":"\n<p>Lors de l\u2019Assembl\u00e9e g\u00e9n\u00e9rale, nous ferons ensemble le bilan d\u2019une ann\u00e9e 2023 mouvement\u00e9e et pr\u00e9senterons les r\u00e9alisations accomplies avec nos adh\u00e9rents et partenaires. En portant notre regard sur l\u2019avenir, nous discuterons des priorit\u00e9s pour l\u2019ann\u00e9e prochaine et aborderons l\u2019engagement des collaboratrices et collaborateurs en faveur de la durabilit\u00e9 avec un \u00ab march\u00e9 aux id\u00e9es \u00bb.<\/p>\n\n\n\n<p><strong>Nous allons proposer une traduction simultan\u00e9e de l&#8217;AG.<\/strong><\/p>\n\n\n\n<h2>Programme<\/h2>\n\n\n\n<div class=\"is-layout-flex wp-container-3 wp-block-columns has-background\" style=\"background-color:#e3ebf1\">\n<div class=\"is-layout-flow wp-block-column\" style=\"flex-basis:20%\">\n<h3>17h<\/h3>\n<\/div>\n\n\n\n<div class=\"is-layout-flow wp-block-column\" style=\"flex-basis:80%\">\n<h3>Arriv\u00e9e des participants et caf\u00e9<\/h3>\n<\/div>\n<\/div>\n\n\n\n<div class=\"is-layout-flex wp-container-6 wp-block-columns has-background\" style=\"background-color:#e3ebf1\">\n<div class=\"is-layout-flow wp-block-column\" style=\"flex-basis:20%\">\n<h3>17h30<\/h3>\n<\/div>\n\n\n\n<div class=\"is-layout-flow wp-block-column\" style=\"flex-basis:80%\">\n<h3>Accueil et pr\u00e9sentation<\/h3>\n\n\n\n<p>Siemens &amp; swisscleantech<\/p>\n<\/div>\n<\/div>\n\n\n\n<div class=\"is-layout-flex wp-container-9 wp-block-columns has-background\" style=\"background-color:#e3ebf1\">\n<div class=\"is-layout-flow wp-block-column\" style=\"flex-basis:20%\">\n<h3>17h45<\/h3>\n<\/div>\n\n\n\n<div class=\"is-layout-flow wp-block-column\" style=\"flex-basis:80%\">\n<h3>Assembl\u00e9e g\u00e9n\u00e9rale<\/h3>\n\n\n\n<p>Avec impulsion \u00e0 la loi sur l&#8217;\u00e9lectricit\u00e9<\/p>\n<\/div>\n<\/div>\n\n\n\n<div class=\"is-layout-flex wp-container-16 wp-block-columns has-background\" style=\"background-color:#e3ebf1\">\n<div class=\"is-layout-flow wp-block-column\" style=\"flex-basis:20%\">\n<h3>18h55<\/h3>\n<\/div>\n\n\n\n<div class=\"is-layout-flow wp-block-column\" style=\"flex-basis:80%\">\n<h3>Comment la protection du climat parvient aux collaborateurs<\/h3>\n\n\n\n<p>Discussion en panel<\/p>\n\n\n\n<div class=\"is-layout-flex wp-container-14 wp-block-columns\">\n<div class=\"is-layout-flow wp-block-column\">\n<figure class=\"wp-block-image size-large\"><img decoding=\"async\" src=\"https:\/\/www.swisscleantech.ch\/files\/Prof-Dr-Justus-Julius-Kunz-FHNW.jpg\" alt=\"\"\/><figcaption class=\"wp-element-caption\"><strong>Justus Julius Kunz<\/strong><\/figcaption><\/figure>\n\n\n\n<p>Professeur Fachhochschule Nordwestschweiz<\/p>\n<\/div>\n\n\n\n<div class=\"is-layout-flow wp-block-column\">\n<figure class=\"wp-block-image size-large\"><img decoding=\"async\" src=\"https:\/\/www.swisscleantech.ch\/files\/Pierre-Derivaz-Angestellte-Schweiz.jpg\" alt=\"\"\/><figcaption class=\"wp-element-caption\"><strong>Pierre Derivaz<\/strong><\/figcaption><\/figure>\n\n\n\n<p>Avocat Angestellte Schweiz<\/p>\n<\/div>\n\n\n\n<div class=\"is-layout-flow wp-block-column\">\n<figure class=\"wp-block-image size-large\"><img decoding=\"async\" src=\"https:\/\/www.swisscleantech.ch\/files\/Dominik-Haupt-myclimate.jpg\" alt=\"\"\/><figcaption class=\"wp-element-caption\"><strong>Dominik Haupt<\/strong><\/figcaption><\/figure>\n\n\n\n<p>Chef de projet \u00e9ducation myclimate<\/p>\n<\/div>\n<\/div>\n<\/div>\n<\/div>\n\n\n\n<div class=\"is-layout-flex wp-container-21 wp-block-columns has-background\" style=\"background-color:#e3ebf1\">\n<div class=\"is-layout-flow wp-block-column\" style=\"flex-basis:20%\">\n<h3>19h30<\/h3>\n<\/div>\n\n\n\n<div class=\"is-layout-flow wp-block-column\" style=\"flex-basis:80%\">\n<h3>March\u00e9 aux id\u00e9es : l\u2019engagement des collaboratrices et collaborateurs en faveur de la durabilit\u00e9<\/h3>\n\n\n\n<p>Ap\u00e9ritif et tour de table avec les interventions de<\/p>\n\n\n\n<figure class=\"is-layout-flex wp-block-gallery-18 wp-block-gallery has-nested-images columns-default is-cropped\">\n<figure class=\"wp-block-image size-large\"><img decoding=\"async\" src=\"https:\/\/www.swisscleantech.ch\/files\/BearingPoint-Logo.png\" alt=\"\"\/><\/figure>\n\n\n\n<figure class=\"wp-block-image size-full\"><img decoding=\"async\" loading=\"lazy\" width=\"617\" height=\"350\" src=\"https:\/\/www.swisscleantech.ch\/files\/B-Lab-Switzerland-Logo-1.png\" alt=\"\" class=\"wp-image-29338\" srcset=\"https:\/\/www.swisscleantech.ch\/files\/B-Lab-Switzerland-Logo-1.png 617w, https:\/\/www.swisscleantech.ch\/files\/B-Lab-Switzerland-Logo-1-300x170.png 300w\" sizes=\"(max-width: 617px) 100vw, 617px\" \/><\/figure>\n\n\n\n<figure class=\"wp-block-image size-large\"><img decoding=\"async\" src=\"https:\/\/www.swisscleantech.ch\/files\/BLKB-Logo.png\" alt=\"\"\/><\/figure>\n\n\n\n<figure class=\"wp-block-image size-large\"><img decoding=\"async\" src=\"https:\/\/www.swisscleantech.ch\/files\/EBP-logo.png\" alt=\"\"\/><\/figure>\n\n\n\n<figure class=\"wp-block-image size-large\"><img decoding=\"async\" src=\"https:\/\/www.swisscleantech.ch\/files\/Griesser-Logo.png\" alt=\"\"\/><\/figure>\n\n\n\n<figure class=\"wp-block-image size-full\"><img decoding=\"async\" loading=\"lazy\" width=\"617\" height=\"350\" src=\"https:\/\/www.swisscleantech.ch\/files\/Liip-Logo-1.png\" alt=\"\" class=\"wp-image-29341\" srcset=\"https:\/\/www.swisscleantech.ch\/files\/Liip-Logo-1.png 617w, https:\/\/www.swisscleantech.ch\/files\/Liip-Logo-1-300x170.png 300w\" sizes=\"(max-width: 617px) 100vw, 617px\" \/><\/figure>\n\n\n\n<figure class=\"wp-block-image size-large\"><img decoding=\"async\" src=\"https:\/\/www.swisscleantech.ch\/files\/myblueplanet.png\" alt=\"\"\/><\/figure>\n\n\n\n<figure class=\"wp-block-image size-large\"><img decoding=\"async\" src=\"https:\/\/www.swisscleantech.ch\/files\/myclimate-logo.png\" alt=\"\"\/><\/figure>\n\n\n\n<figure class=\"wp-block-image size-large\"><img decoding=\"async\" src=\"https:\/\/www.swisscleantech.ch\/files\/SAP-Schweiz-Logo-1.png\" alt=\"\"\/><\/figure>\n\n\n\n<figure class=\"wp-block-image size-large\"><img decoding=\"async\" src=\"https:\/\/www.swisscleantech.ch\/files\/Logo_Siemens.png\" alt=\"\"\/><\/figure>\n\n\n\n<figure class=\"wp-block-image size-large\"><img decoding=\"async\" src=\"https:\/\/www.swisscleantech.ch\/files\/swisscom-Logo.png\" alt=\"\"\/><\/figure>\n\n\n\n<figure class=\"wp-block-image size-large\"><img decoding=\"async\" src=\"https:\/\/www.swisscleantech.ch\/files\/Swiss-Re-Logo.png\" alt=\"\"\/><\/figure>\n\n\n\n<figure class=\"wp-block-image size-large\"><img decoding=\"async\" src=\"https:\/\/www.swisscleantech.ch\/files\/utz.png\" alt=\"\"\/><\/figure>\n\n\n\n<figure class=\"wp-block-image size-large\"><img decoding=\"async\" src=\"https:\/\/www.swisscleantech.ch\/files\/Logo-Platzhalter.png\" alt=\"\"\/><\/figure>\n\n\n\n<figure class=\"wp-block-image size-large\"><img decoding=\"async\" src=\"https:\/\/www.swisscleantech.ch\/files\/Logo-Platzhalter.png\" alt=\"\"\/><\/figure>\n<\/figure>\n<\/div>\n<\/div>\n\n\n\n<div class=\"is-layout-flex wp-container-24 wp-block-columns has-background\" style=\"background-color:#e3ebf1\">\n<div class=\"is-layout-flow wp-block-column\" style=\"flex-basis:20%\">\n<h3>20h15<\/h3>\n<\/div>\n\n\n\n<div class=\"is-layout-flow wp-block-column\" style=\"flex-basis:80%\">\n<h3>Ap\u00e9ro riche<\/h3>\n<\/div>\n<\/div>\n\n\n\n<div class=\"is-layout-flex wp-container-30 wp-block-columns abstand_gross has-background\" style=\"background-color:#79a6cb\">\n<div class=\"is-layout-flow wp-block-column\">\n<h3 class=\"has-white-color has-text-color\">Event Partner<\/h3>\n\n\n\n<div class=\"is-layout-flex wp-container-28 wp-block-columns\">\n<div class=\"is-layout-flow wp-block-column\">\n<figure class=\"wp-block-image size-large\"><img decoding=\"async\" src=\"https:\/\/www.swisscleantech.ch\/files\/Logo-Angestellte-Schweiz.png\" alt=\"\"\/><\/figure>\n<\/div>\n\n\n\n<div class=\"is-layout-flow wp-block-column\">\n<figure class=\"wp-block-image size-large\"><img decoding=\"async\" src=\"https:\/\/www.swisscleantech.ch\/files\/myclimate-logo.png\" alt=\"\"\/><\/figure>\n<\/div>\n\n\n\n<div class=\"is-layout-flow wp-block-column\">\n<figure class=\"wp-block-image size-large\"><img decoding=\"async\" src=\"https:\/\/www.swisscleantech.ch\/files\/Logo_Siemens.png\" alt=\"\"\/><\/figure>\n<\/div>\n<\/div>\n\n\n\n<p class=\"has-white-color has-text-color\">Un grand merci pour le soutien apport\u00e9 !<\/p>\n<\/div>\n<\/div>\n\n\n\n<p>Cet \u00e9v\u00e9nement est r\u00e9serv\u00e9 aux adh\u00e9rents et aux personnes invit\u00e9es. Nous allons proposer une traduction simultan\u00e9e de l&#8217;AG.<\/p>\n\n\n\n<div class=\"is-layout-flex wp-block-buttons\">\n<div class=\"wp-block-button\"><a class=\"wp-block-button__link wp-element-button\" href=\"https:\/\/www.eventbrite.ch\/e\/swisscleantech-generalversammlung-tickets-767636309867\" target=\"_blank\" rel=\"noopener\">Inscription<\/a><\/div>\n<\/div>\n","protected":false},"featured_media":0,"template":"","acf":[],"_links":{"self":[{"href":"https:\/\/www.swisscleantech.ch\/fr\/wp-json\/wp\/v2\/agendaeintrag\/28567"}],"collection":[{"href":"https:\/\/www.swisscleantech.ch\/fr\/wp-json\/wp\/v2\/agendaeintrag"}],"about":[{"href":"https:\/\/www.swisscleantech.ch\/fr\/wp-json\/wp\/v2\/types\/agendaeintrag"}],"version-history":[{"count":0,"href":"https:\/\/www.swisscleantech.ch\/fr\/wp-json\/wp\/v2\/agendaeintrag\/28567\/revisions"}],"wp:attachment":[{"href":"https:\/\/www.swisscleantech.ch\/fr\/wp-json\/wp\/v2\/media?parent=28567"}],"curies":[{"name":"wp","href":"https:\/\/api.w.org\/{rel}","templated":true}]}}

Assemblée générale swisscleantech

<p>Lors de l’Assemblée générale, nous ferons ensemble le bilan d’une année 2023 mouvementée et présenterons les réalisations accomplies avec nos adhérents et partenaires. En portant notre regard sur l’avenir, nous discuterons des priorités pour l’année prochaine et aborderons l’engagement des collaboratrices et collaborateurs en faveur de la durabilité avec un « marché aux idées ».</p>



<p><strong>Nous allons proposer une traduction simultanée de l&#8217;AG.</strong></p>



<h2>Programme</h2>



<div class="is-layout-flex wp-container-3 wp-block-columns has-background" style="background-color:#e3ebf1">
<div class="is-layout-flow wp-block-column" style="flex-basis:20%">
<h3>17h</h3>
</div>



<div class="is-layout-flow wp-block-column" style="flex-basis:80%">
<h3>Arrivée des participants et café</h3>
</div>
</div>



<div class="is-layout-flex wp-container-6 wp-block-columns has-background" style="background-color:#e3ebf1">
<div class="is-layout-flow wp-block-column" style="flex-basis:20%">
<h3>17h30</h3>
</div>



<div class="is-layout-flow wp-block-column" style="flex-basis:80%">
<h3>Accueil et présentation</h3>



<p>Siemens &amp; swisscleantech</p>
</div>
</div>



<div class="is-layout-flex wp-container-9 wp-block-columns has-background" style="background-color:#e3ebf1">
<div class="is-layout-flow wp-block-column" style="flex-basis:20%">
<h3>17h45</h3>
</div>



<div class="is-layout-flow wp-block-column" style="flex-basis:80%">
<h3>Assemblée générale</h3>



<p>Avec impulsion à la loi sur l&#8217;électricité</p>
</div>
</div>



<div class="is-layout-flex wp-container-16 wp-block-columns has-background" style="background-color:#e3ebf1">
<div class="is-layout-flow wp-block-column" style="flex-basis:20%">
<h3>18h55</h3>
</div>



<div class="is-layout-flow wp-block-column" style="flex-basis:80%">
<h3>Comment la protection du climat parvient aux collaborateurs</h3>



<p>Discussion en panel</p>



<div class="is-layout-flex wp-container-14 wp-block-columns">
<div class="is-layout-flow wp-block-column">
<figure class="wp-block-image size-large"><img decoding="async" src="https://www.swisscleantech.ch/files/Prof-Dr-Justus-Julius-Kunz-FHNW.jpg" alt=""/><figcaption class="wp-element-caption"><strong>Justus Julius Kunz</strong></figcaption></figure>



<p>Professeur Fachhochschule Nordwestschweiz</p>
</div>



<div class="is-layout-flow wp-block-column">
<figure class="wp-block-image size-large"><img decoding="async" src="https://www.swisscleantech.ch/files/Pierre-Derivaz-Angestellte-Schweiz.jpg" alt=""/><figcaption class="wp-element-caption"><strong>Pierre Derivaz</strong></figcaption></figure>



<p>Avocat Angestellte Schweiz</p>
</div>



<div class="is-layout-flow wp-block-column">
<figure class="wp-block-image size-large"><img decoding="async" src="https://www.swisscleantech.ch/files/Dominik-Haupt-myclimate.jpg" alt=""/><figcaption class="wp-element-caption"><strong>Dominik Haupt</strong></figcaption></figure>



<p>Chef de projet éducation myclimate</p>
</div>
</div>
</div>
</div>



<div class="is-layout-flex wp-container-21 wp-block-columns has-background" style="background-color:#e3ebf1">
<div class="is-layout-flow wp-block-column" style="flex-basis:20%">
<h3>19h30</h3>
</div>



<div class="is-layout-flow wp-block-column" style="flex-basis:80%">
<h3>Marché aux idées : l’engagement des collaboratrices et collaborateurs en faveur de la durabilité</h3>



<p>Apéritif et tour de table avec les interventions de</p>



<figure class="is-layout-flex wp-block-gallery-18 wp-block-gallery has-nested-images columns-default is-cropped">
<figure class="wp-block-image size-large"><img decoding="async" src="https://www.swisscleantech.ch/files/BearingPoint-Logo.png" alt=""/></figure>



<figure class="wp-block-image size-full"><img decoding="async" loading="lazy" width="617" height="350" src="https://www.swisscleantech.ch/files/B-Lab-Switzerland-Logo-1.png" alt="" class="wp-image-29338" srcset="https://www.swisscleantech.ch/files/B-Lab-Switzerland-Logo-1.png 617w, https://www.swisscleantech.ch/files/B-Lab-Switzerland-Logo-1-300x170.png 300w" sizes="(max-width: 617px) 100vw, 617px" /></figure>



<figure class="wp-block-image size-large"><img decoding="async" src="https://www.swisscleantech.ch/files/BLKB-Logo.png" alt=""/></figure>



<figure class="wp-block-image size-large"><img decoding="async" src="https://www.swisscleantech.ch/files/EBP-logo.png" alt=""/></figure>



<figure class="wp-block-image size-large"><img decoding="async" src="https://www.swisscleantech.ch/files/Griesser-Logo.png" alt=""/></figure>



<figure class="wp-block-image size-full"><img decoding="async" loading="lazy" width="617" height="350" src="https://www.swisscleantech.ch/files/Liip-Logo-1.png" alt="" class="wp-image-29341" srcset="https://www.swisscleantech.ch/files/Liip-Logo-1.png 617w, https://www.swisscleantech.ch/files/Liip-Logo-1-300x170.png 300w" sizes="(max-width: 617px) 100vw, 617px" /></figure>



<figure class="wp-block-image size-large"><img decoding="async" src="https://www.swisscleantech.ch/files/myblueplanet.png" alt=""/></figure>



<figure class="wp-block-image size-large"><img decoding="async" src="https://www.swisscleantech.ch/files/myclimate-logo.png" alt=""/></figure>



<figure class="wp-block-image size-large"><img decoding="async" src="https://www.swisscleantech.ch/files/SAP-Schweiz-Logo-1.png" alt=""/></figure>



<figure class="wp-block-image size-large"><img decoding="async" src="https://www.swisscleantech.ch/files/Logo_Siemens.png" alt=""/></figure>



<figure class="wp-block-image size-large"><img decoding="async" src="https://www.swisscleantech.ch/files/swisscom-Logo.png" alt=""/></figure>



<figure class="wp-block-image size-large"><img decoding="async" src="https://www.swisscleantech.ch/files/Swiss-Re-Logo.png" alt=""/></figure>



<figure class="wp-block-image size-large"><img decoding="async" src="https://www.swisscleantech.ch/files/utz.png" alt=""/></figure>



<figure class="wp-block-image size-large"><img decoding="async" src="https://www.swisscleantech.ch/files/Logo-Platzhalter.png" alt=""/></figure>



<figure class="wp-block-image size-large"><img decoding="async" src="https://www.swisscleantech.ch/files/Logo-Platzhalter.png" alt=""/></figure>
</figure>
</div>
</div>



<div class="is-layout-flex wp-container-24 wp-block-columns has-background" style="background-color:#e3ebf1">
<div class="is-layout-flow wp-block-column" style="flex-basis:20%">
<h3>20h15</h3>
</div>



<div class="is-layout-flow wp-block-column" style="flex-basis:80%">
<h3>Apéro riche</h3>
</div>
</div>



<div class="is-layout-flex wp-container-30 wp-block-columns abstand_gross has-background" style="background-color:#79a6cb">
<div class="is-layout-flow wp-block-column">
<h3 class="has-white-color has-text-color">Event Partner</h3>



<div class="is-layout-flex wp-container-28 wp-block-columns">
<div class="is-layout-flow wp-block-column">
<figure class="wp-block-image size-large"><img decoding="async" src="https://www.swisscleantech.ch/files/Logo-Angestellte-Schweiz.png" alt=""/></figure>
</div>



<div class="is-layout-flow wp-block-column">
<figure class="wp-block-image size-large"><img decoding="async" src="https://www.swisscleantech.ch/files/myclimate-logo.png" alt=""/></figure>
</div>



<div class="is-layout-flow wp-block-column">
<figure class="wp-block-image size-large"><img decoding="async" src="https://www.swisscleantech.ch/files/Logo_Siemens.png" alt=""/></figure>
</div>
</div>



<p class="has-white-color has-text-color">Un grand merci pour le soutien apporté !</p>
</div>
</div>



<p>Cet événement est réservé aux adhérents et aux personnes invitées. Nous allons proposer une traduction simultanée de l&#8217;AG.</p>



<div class="is-layout-flex wp-block-buttons">
<div class="wp-block-button"><a class="wp-block-button__link wp-element-button" href="https://www.eventbrite.ch/e/swisscleantech-generalversammlung-tickets-767636309867" target="_blank" rel="noopener">Inscription</a></div>
</div>
