{"id":28972,"date":"2024-02-21T11:28:16","date_gmt":"2024-02-21T11:28:16","guid":{"rendered":"https:\/\/www.swisscleantech.ch\/?post_type=agendaeintrag&#038;p=28972"},"modified":"2024-02-21T17:19:02","modified_gmt":"2024-02-21T17:19:02","slug":"webinaire-politique-sur-la-session-de-printemps-2","status":"publish","type":"agendaeintrag","link":"https:\/\/www.swisscleantech.ch\/fr\/agendaeintrag\/webinaire-politique-sur-la-session-de-printemps-2\/","title":{"rendered":"Webinaire politique sur la session de printemps"},"content":{"rendered":"\n<h2>d\u00e9cisions finales sur la loi sur le CO<sub>2<\/sub> et sur l\u2019\u00e9conomie circulaire<\/h2>\n\n\n\n<p>Au cours de la session de printemps, le Parlement va clore deux dossiers importants :<\/p>\n\n\n\n<p>Apr\u00e8s le rejet par les deux chambres d\u2019une augmentation de <strong>la taxe sur le CO<sub>2<\/sub><\/strong> sur les combustibles dans la loi sur le CO<sub>2<\/sub>, la question d\u2019un objectif en Suisse, que swisscleantech juge importante, n\u2019est pas encore tranch\u00e9e. L\u2019encouragement de l\u2019\u00e9lectromobilit\u00e9 et des mesures compl\u00e9mentaires concernant le trafic routier sont \u00e9galement des points toujours controvers\u00e9s.<\/p>\n\n\n\n<p>Avec le projet sur <strong>l\u2019\u00e9conomie circulaire<\/strong>, la Suisse fait un pas important vers des mod\u00e8les \u00e9conomiques circulaires ainsi que vers un recyclage et une valorisation v\u00e9ritables des produits. De nombreux points importants, qui avaient fait l\u2019objet de demandes de la part de swisscleantech, ont d\u00e9j\u00e0 pu \u00eatre inscrits dans la loi ; il reste n\u00e9anmoins encore quelques divergences, par exemple concernant les d\u00e9chets biog\u00e8nes ou l\u2019acc\u00e8s aux d\u00e9chets urbains.<\/p>\n\n\n\n<p>Avec <strong>Jakob Stark, conseiller aux \u00c9tats de l\u2019UD<\/strong>C, nous discuterons des d\u00e9cisions finales du Parlement sur ces projets de loi et r\u00e9pondrons aux questions de nos adh\u00e9rents. Nous esp\u00e9rons que vous participerez activement \u00e0 cette discussion !<\/p>\n\n\n\n<div class=\"is-layout-flex wp-container-5 wp-block-columns\">\n<div class=\"is-layout-flow wp-block-column abstand_gross has-background\" style=\"background-color:#e3ebf1\">\n<div class=\"is-layout-flex wp-container-3 wp-block-columns\">\n<div class=\"is-layout-flow wp-block-column\">\n<figure class=\"wp-block-image size-full\"><img decoding=\"async\" loading=\"lazy\" width=\"400\" height=\"400\" src=\"https:\/\/www.swisscleantech.ch\/files\/Jakob-Stark-Staenderat-SVP-2024.jpg\" alt=\"\" class=\"wp-image-28961\" srcset=\"https:\/\/www.swisscleantech.ch\/files\/Jakob-Stark-Staenderat-SVP-2024.jpg 400w, https:\/\/www.swisscleantech.ch\/files\/Jakob-Stark-Staenderat-SVP-2024-300x300.jpg 300w, https:\/\/www.swisscleantech.ch\/files\/Jakob-Stark-Staenderat-SVP-2024-125x125.jpg 125w\" sizes=\"(max-width: 400px) 100vw, 400px\" \/><\/figure>\n<\/div>\n\n\n\n<div class=\"is-layout-flow wp-block-column\">\n<h3>Jakob Stark<\/h3>\n\n\n\n<p>Conseiller aux \u00c9tats UDC, membre de la Commission de l\u2019environnement, de l\u2019am\u00e9nagement du territoire et de l\u2019\u00e9nergie (CEATE-E)<\/p>\n<\/div>\n<\/div>\n<\/div>\n<\/div>\n\n\n\n<div class=\"is-layout-flex wp-container-7 wp-block-columns abstand_gross has-background\" style=\"background-color:#79a6cb\">\n<div class=\"is-layout-flow wp-block-column\">\n<p class=\"has-white-color has-text-color\">Gr\u00e2ce au travail politique de swisscleantech et aux \u00e9changes anim\u00e9s avec les parlementaires, notre webinaire politique fait un tour d\u2019horizon de l\u2019actualit\u00e9 avec une approche pratique et permet un transfert de connaissances entre l\u2019\u00e9conomie, la politique, la science et la soci\u00e9t\u00e9 ainsi qu\u2019une mise en r\u00e9seau.<\/p>\n<\/div>\n<\/div>\n\n\n\n<p>Cet \u00e9v\u00e9nement s&#8217;adresse exclusivement aux membres de swisscleantech et aux personnes invit\u00e9es.<\/p>\n\n\n\n<p><strong>webinaire en allemand<\/strong><\/p>\n\n\n\n<div class=\"is-layout-flex wp-block-buttons\">\n<div class=\"wp-block-button\"><a class=\"wp-block-button__link wp-element-button\" href=\"https:\/\/us06web.zoom.us\/webinar\/register\/WN_gwBGg34ERkae_-khXceOZA#\/registration\" target=\"_blank\" rel=\"noopener\">Inscription<\/a><\/div>\n<\/div>\n","protected":false},"featured_media":0,"template":"","acf":[],"_links":{"self":[{"href":"https:\/\/www.swisscleantech.ch\/fr\/wp-json\/wp\/v2\/agendaeintrag\/28972"}],"collection":[{"href":"https:\/\/www.swisscleantech.ch\/fr\/wp-json\/wp\/v2\/agendaeintrag"}],"about":[{"href":"https:\/\/www.swisscleantech.ch\/fr\/wp-json\/wp\/v2\/types\/agendaeintrag"}],"version-history":[{"count":0,"href":"https:\/\/www.swisscleantech.ch\/fr\/wp-json\/wp\/v2\/agendaeintrag\/28972\/revisions"}],"wp:attachment":[{"href":"https:\/\/www.swisscleantech.ch\/fr\/wp-json\/wp\/v2\/media?parent=28972"}],"curies":[{"name":"wp","href":"https:\/\/api.w.org\/{rel}","templated":true}]}}

<h2>décisions finales sur la loi sur le CO<sub>2</sub> et sur l’économie circulaire</h2>



<p>Au cours de la session de printemps, le Parlement va clore deux dossiers importants :</p>



<p>Après le rejet par les deux chambres d’une augmentation de <strong>la taxe sur le CO<sub>2</sub></strong> sur les combustibles dans la loi sur le CO<sub>2</sub>, la question d’un objectif en Suisse, que swisscleantech juge importante, n’est pas encore tranchée. L’encouragement de l’électromobilité et des mesures complémentaires concernant le trafic routier sont également des points toujours controversés.</p>



<p>Avec le projet sur <strong>l’économie circulaire</strong>, la Suisse fait un pas important vers des modèles économiques circulaires ainsi que vers un recyclage et une valorisation véritables des produits. De nombreux points importants, qui avaient fait l’objet de demandes de la part de swisscleantech, ont déjà pu être inscrits dans la loi ; il reste néanmoins encore quelques divergences, par exemple concernant les déchets biogènes ou l’accès aux déchets urbains.</p>



<p>Avec <strong>Jakob Stark, conseiller aux États de l’UD</strong>C, nous discuterons des décisions finales du Parlement sur ces projets de loi et répondrons aux questions de nos adhérents. Nous espérons que vous participerez activement à cette discussion !</p>



<div class="is-layout-flex wp-container-5 wp-block-columns">
<div class="is-layout-flow wp-block-column abstand_gross has-background" style="background-color:#e3ebf1">
<div class="is-layout-flex wp-container-3 wp-block-columns">
<div class="is-layout-flow wp-block-column">
<figure class="wp-block-image size-full"><img decoding="async" loading="lazy" width="400" height="400" src="https://www.swisscleantech.ch/files/Jakob-Stark-Staenderat-SVP-2024.jpg" alt="" class="wp-image-28961" srcset="https://www.swisscleantech.ch/files/Jakob-Stark-Staenderat-SVP-2024.jpg 400w, https://www.swisscleantech.ch/files/Jakob-Stark-Staenderat-SVP-2024-300x300.jpg 300w, https://www.swisscleantech.ch/files/Jakob-Stark-Staenderat-SVP-2024-125x125.jpg 125w" sizes="(max-width: 400px) 100vw, 400px" /></figure>
</div>



<div class="is-layout-flow wp-block-column">
<h3>Jakob Stark</h3>



<p>Conseiller aux États UDC, membre de la Commission de l’environnement, de l’aménagement du territoire et de l’énergie (CEATE-E)</p>
</div>
</div>
</div>
</div>



<div class="is-layout-flex wp-container-7 wp-block-columns abstand_gross has-background" style="background-color:#79a6cb">
<div class="is-layout-flow wp-block-column">
<p class="has-white-color has-text-color">Grâce au travail politique de swisscleantech et aux échanges animés avec les parlementaires, notre webinaire politique fait un tour d’horizon de l’actualité avec une approche pratique et permet un transfert de connaissances entre l’économie, la politique, la science et la société ainsi qu’une mise en réseau.</p>
</div>
</div>



<p>Cet événement s&#8217;adresse exclusivement aux membres de swisscleantech et aux personnes invitées.</p>



<p><strong>webinaire en allemand</strong></p>



<div class="is-layout-flex wp-block-buttons">
<div class="wp-block-button"><a class="wp-block-button__link wp-element-button" href="https://us06web.zoom.us/webinar/register/WN_gwBGg34ERkae_-khXceOZA#/registration" target="_blank" rel="noopener">Inscription</a></div>
</div>
