{"id":30198,"date":"2024-03-18T11:13:07","date_gmt":"2024-03-18T11:13:07","guid":{"rendered":"https:\/\/www.swisscleantech.ch\/?post_type=agendaeintrag&#038;p=30198"},"modified":"2024-03-18T12:36:27","modified_gmt":"2024-03-18T12:36:27","slug":"webinar-sbti-grundlagen-und-erste-schritte","status":"publish","type":"agendaeintrag","link":"https:\/\/www.swisscleantech.ch\/fr\/agendaeintrag\/webinar-sbti-grundlagen-und-erste-schritte\/","title":{"rendered":"Webinar: SBTi \u2013 Grundlagen und erste Schritte"},"content":{"rendered":"\n<p>Immer mehr Unternehmen setzen sich Klimaziele nach der international anerkannten Methode der \u00abScience Based Targets Initiative\u00bb (SBTi). Als Teil deren Lieferketten werden zunehmend auch KMU gefordert sein, die Methode anzuwenden. Mit unserem SBTi-Einf\u00fchrungswebinar bereiten Sie sich darauf vor.<\/p>\n\n\n\n<h2><strong>Sie erfahren<\/strong><\/h2>\n\n\n\n<ul>\n<li>Was spricht f\u00fcr Klimaziele gem\u00e4ss SBTi?<\/li>\n\n\n\n<li>Wie funktioniert die Methodik im Grundsatz?<\/li>\n\n\n\n<li>Welche grunds\u00e4tzlichen Anforderungen gelten f\u00fcr KMU und Grossunternehmen? Geh\u00f6rt mein Unternehmen in die Kategorie KMU?<\/li>\n\n\n\n<li>Wie gehe ich konkret vor, wenn mein Unternehmen ein Ziel gem\u00e4ss SBTi setzen will?<\/li>\n<\/ul>\n\n\n\n<p>Das Webinar wird von den SBTi-Fachpersonen Holger Hofmann-Riem und Laura Jakobeit von Go for Impact geleitet.<\/p>\n\n\n\n<p>Ein Unternehmen, das sich bereits auf dem Weg zu SBT befindet, wird seine Erfahrungen berichten.<\/p>\n\n\n\n<h2><strong>Das Webinar richtet sich an<\/strong><\/h2>\n\n\n\n<p>Fachpersonen aus KMU, die mit dem Thema Klimastrategie betraut sind (Gesch\u00e4ftsleitung, Produktionsleiter, Nachhaltigkeitsverantwortliche, Energiebeauftragte)<\/p>\n\n\n\n<div class=\"is-layout-flex wp-block-buttons\">\n<div class=\"wp-block-button\"><a class=\"wp-block-button__link wp-element-button\" href=\"https:\/\/www.eventbrite.ch\/e\/webinar-sbti-grundlagen-und-erste-schritte-tickets-837358230007\" target=\"_blank\" rel=\"noopener\">Zur Anmeldung<\/a><\/div>\n<\/div>\n\n\n\n<p>Das Webinar wird von swisscleantech unter dem Dach von \u00abGo for Impact\u00bb zusammen mit weiteren Wirtschaftsverb\u00e4nden angeboten.<\/p>\n","protected":false},"featured_media":0,"template":"","acf":[],"_links":{"self":[{"href":"https:\/\/www.swisscleantech.ch\/fr\/wp-json\/wp\/v2\/agendaeintrag\/30198"}],"collection":[{"href":"https:\/\/www.swisscleantech.ch\/fr\/wp-json\/wp\/v2\/agendaeintrag"}],"about":[{"href":"https:\/\/www.swisscleantech.ch\/fr\/wp-json\/wp\/v2\/types\/agendaeintrag"}],"version-history":[{"count":0,"href":"https:\/\/www.swisscleantech.ch\/fr\/wp-json\/wp\/v2\/agendaeintrag\/30198\/revisions"}],"wp:attachment":[{"href":"https:\/\/www.swisscleantech.ch\/fr\/wp-json\/wp\/v2\/media?parent=30198"}],"curies":[{"name":"wp","href":"https:\/\/api.w.org\/{rel}","templated":true}]}}

<p>Immer mehr Unternehmen setzen sich Klimaziele nach der international anerkannten Methode der «Science Based Targets Initiative» (SBTi). Als Teil deren Lieferketten werden zunehmend auch KMU gefordert sein, die Methode anzuwenden. Mit unserem SBTi-Einführungswebinar bereiten Sie sich darauf vor.</p>



<h2><strong>Sie erfahren</strong></h2>



<ul>
<li>Was spricht für Klimaziele gemäss SBTi?</li>



<li>Wie funktioniert die Methodik im Grundsatz?</li>



<li>Welche grundsätzlichen Anforderungen gelten für KMU und Grossunternehmen? Gehört mein Unternehmen in die Kategorie KMU?</li>



<li>Wie gehe ich konkret vor, wenn mein Unternehmen ein Ziel gemäss SBTi setzen will?</li>
</ul>



<p>Das Webinar wird von den SBTi-Fachpersonen Holger Hofmann-Riem und Laura Jakobeit von Go for Impact geleitet.</p>



<p>Ein Unternehmen, das sich bereits auf dem Weg zu SBT befindet, wird seine Erfahrungen berichten.</p>



<h2><strong>Das Webinar richtet sich an</strong></h2>



<p>Fachpersonen aus KMU, die mit dem Thema Klimastrategie betraut sind (Geschäftsleitung, Produktionsleiter, Nachhaltigkeitsverantwortliche, Energiebeauftragte)</p>



<div class="is-layout-flex wp-block-buttons">
<div class="wp-block-button"><a class="wp-block-button__link wp-element-button" href="https://www.eventbrite.ch/e/webinar-sbti-grundlagen-und-erste-schritte-tickets-837358230007" target="_blank" rel="noopener">Zur Anmeldung</a></div>
</div>



<p>Das Webinar wird von swisscleantech unter dem Dach von «Go for Impact» zusammen mit weiteren Wirtschaftsverbänden angeboten.</p>
