{"id":30567,"date":"2024-04-15T13:19:18","date_gmt":"2024-04-15T13:19:18","guid":{"rendered":"https:\/\/www.swisscleantech.ch\/?post_type=agendaeintrag&#038;p=30567"},"modified":"2024-05-08T08:02:36","modified_gmt":"2024-05-08T08:02:36","slug":"mit-dem-ja-zum-stromgesetz-zur-sicheren-und-erneuerbaren-stromversorgung","status":"publish","type":"agendaeintrag","link":"https:\/\/www.swisscleantech.ch\/fr\/agendaeintrag\/mit-dem-ja-zum-stromgesetz-zur-sicheren-und-erneuerbaren-stromversorgung\/","title":{"rendered":"Mit dem Ja zum Stromgesetz zur sicheren und erneuerbaren Stromversorgung"},"content":{"rendered":"\n<p>Am 9. Juni stimmen wir \u00fcber das Stromgesetz ab \u2013 f\u00fcr die klimataugliche Wirtschaft ist dies <strong>die wichtigste Abstimmung des Jahres<\/strong>. Auch wenn das Gesetz im Parlament eine deutliche Mehrheit fand, ein Grossteil der Wirtschaft sowie alle grossen Umweltschutzverb\u00e4nde die Vorlage unterst\u00fctzen und die ersten Umfrageresultate positiv stimmen, brauchen wir jede Stimme f\u00fcr ein Ja.<br><br>Deshalb organisieren wir ein <strong>Webinar zum Stromgesetz<\/strong>. Gemeinsam mit unseren <strong>G\u00e4sten aus Politik und Wirtschaft<\/strong> diskutieren wir \u00fcber die Abstimmungsvorlage und gehen auf aktuelle Umfrageergebnisse, Kampagnenaktivit\u00e4ten sowie eure M\u00f6glichkeiten zum Engagement ein.<\/p>\n\n\n\n<div class=\"is-layout-flex wp-container-3 wp-block-columns abstand_gross has-background\" style=\"background-color:#e3ebf1\">\n<div class=\"is-layout-flow wp-block-column\" style=\"flex-basis:33%\">\n<figure class=\"wp-block-image size-full\"><img decoding=\"async\" loading=\"lazy\" width=\"400\" height=\"400\" src=\"https:\/\/www.swisscleantech.ch\/files\/Susanne-Vincenz-Stauffacher-Nationalratin.jpg\" alt=\"\" class=\"wp-image-30568\" srcset=\"https:\/\/www.swisscleantech.ch\/files\/Susanne-Vincenz-Stauffacher-Nationalratin.jpg 400w, https:\/\/www.swisscleantech.ch\/files\/Susanne-Vincenz-Stauffacher-Nationalratin-300x300.jpg 300w, https:\/\/www.swisscleantech.ch\/files\/Susanne-Vincenz-Stauffacher-Nationalratin-125x125.jpg 125w\" sizes=\"(max-width: 400px) 100vw, 400px\" \/><\/figure>\n<\/div>\n\n\n\n<div class=\"is-layout-flow wp-block-column is-vertically-aligned-center\">\n<h3>Susanne Vincenz-Stauffacher<\/h3>\n\n\n\n<p>Nationalr\u00e4tin FDP<\/p>\n<\/div>\n<\/div>\n\n\n\n<div class=\"is-layout-flex wp-container-6 wp-block-columns abstand_gross has-background\" style=\"background-color:#e3ebf1\">\n<div class=\"is-layout-flow wp-block-column\" style=\"flex-basis:33%\">\n<figure class=\"wp-block-image size-full\"><img decoding=\"async\" loading=\"lazy\" width=\"400\" height=\"400\" src=\"https:\/\/www.swisscleantech.ch\/files\/Tanja-Vainio-Schneider-Electric.jpg\" alt=\"\" class=\"wp-image-26119\" srcset=\"https:\/\/www.swisscleantech.ch\/files\/Tanja-Vainio-Schneider-Electric.jpg 400w, https:\/\/www.swisscleantech.ch\/files\/Tanja-Vainio-Schneider-Electric-300x300.jpg 300w, https:\/\/www.swisscleantech.ch\/files\/Tanja-Vainio-Schneider-Electric-125x125.jpg 125w\" sizes=\"(max-width: 400px) 100vw, 400px\" \/><\/figure>\n<\/div>\n\n\n\n<div class=\"is-layout-flow wp-block-column is-vertically-aligned-center\">\n<h3>Tanja Vainio<\/h3>\n\n\n\n<p>Country President Switzerland Schneider Electric<\/p>\n<\/div>\n<\/div>\n\n\n\n<div class=\"is-layout-flex wp-container-9 wp-block-columns abstand_gross has-background\" style=\"background-color:#e3ebf1\">\n<div class=\"is-layout-flow wp-block-column\" style=\"flex-basis:33%\">\n<figure class=\"wp-block-image size-full\"><img decoding=\"async\" loading=\"lazy\" width=\"400\" height=\"400\" src=\"https:\/\/www.swisscleantech.ch\/files\/Alexander-Beck-Siemens.jpg\" alt=\"\" class=\"wp-image-30569\" srcset=\"https:\/\/www.swisscleantech.ch\/files\/Alexander-Beck-Siemens.jpg 400w, https:\/\/www.swisscleantech.ch\/files\/Alexander-Beck-Siemens-300x300.jpg 300w, https:\/\/www.swisscleantech.ch\/files\/Alexander-Beck-Siemens-125x125.jpg 125w\" sizes=\"(max-width: 400px) 100vw, 400px\" \/><\/figure>\n<\/div>\n\n\n\n<div class=\"is-layout-flow wp-block-column is-vertically-aligned-center\">\n<h3>Alexander Beck<\/h3>\n\n\n\n<p>Head Business Excellence, Government Affairs, Regional Management Office, Smart Infrastructure Sales Siemens Schweiz<\/p>\n<\/div>\n<\/div>\n\n\n\n<div class=\"is-layout-flex wp-block-buttons\">\n<div class=\"wp-block-button\"><a class=\"wp-block-button__link wp-element-button\" href=\"https:\/\/us06web.zoom.us\/webinar\/register\/WN_77eIRJjMTmerJ40kUaM4jw#\/registration\" target=\"_blank\" rel=\"noopener\">Zur Anmeldung<\/a><\/div>\n<\/div>\n","protected":false},"featured_media":0,"template":"","acf":[],"_links":{"self":[{"href":"https:\/\/www.swisscleantech.ch\/fr\/wp-json\/wp\/v2\/agendaeintrag\/30567"}],"collection":[{"href":"https:\/\/www.swisscleantech.ch\/fr\/wp-json\/wp\/v2\/agendaeintrag"}],"about":[{"href":"https:\/\/www.swisscleantech.ch\/fr\/wp-json\/wp\/v2\/types\/agendaeintrag"}],"version-history":[{"count":0,"href":"https:\/\/www.swisscleantech.ch\/fr\/wp-json\/wp\/v2\/agendaeintrag\/30567\/revisions"}],"wp:attachment":[{"href":"https:\/\/www.swisscleantech.ch\/fr\/wp-json\/wp\/v2\/media?parent=30567"}],"curies":[{"name":"wp","href":"https:\/\/api.w.org\/{rel}","templated":true}]}}

<p>Am 9. Juni stimmen wir über das Stromgesetz ab – für die klimataugliche Wirtschaft ist dies <strong>die wichtigste Abstimmung des Jahres</strong>. Auch wenn das Gesetz im Parlament eine deutliche Mehrheit fand, ein Grossteil der Wirtschaft sowie alle grossen Umweltschutzverbände die Vorlage unterstützen und die ersten Umfrageresultate positiv stimmen, brauchen wir jede Stimme für ein Ja.<br><br>Deshalb organisieren wir ein <strong>Webinar zum Stromgesetz</strong>. Gemeinsam mit unseren <strong>Gästen aus Politik und Wirtschaft</strong> diskutieren wir über die Abstimmungsvorlage und gehen auf aktuelle Umfrageergebnisse, Kampagnenaktivitäten sowie eure Möglichkeiten zum Engagement ein.</p>



<div class="is-layout-flex wp-container-3 wp-block-columns abstand_gross has-background" style="background-color:#e3ebf1">
<div class="is-layout-flow wp-block-column" style="flex-basis:33%">
<figure class="wp-block-image size-full"><img decoding="async" loading="lazy" width="400" height="400" src="https://www.swisscleantech.ch/files/Susanne-Vincenz-Stauffacher-Nationalratin.jpg" alt="" class="wp-image-30568" srcset="https://www.swisscleantech.ch/files/Susanne-Vincenz-Stauffacher-Nationalratin.jpg 400w, https://www.swisscleantech.ch/files/Susanne-Vincenz-Stauffacher-Nationalratin-300x300.jpg 300w, https://www.swisscleantech.ch/files/Susanne-Vincenz-Stauffacher-Nationalratin-125x125.jpg 125w" sizes="(max-width: 400px) 100vw, 400px" /></figure>
</div>



<div class="is-layout-flow wp-block-column is-vertically-aligned-center">
<h3>Susanne Vincenz-Stauffacher</h3>



<p>Nationalrätin FDP</p>
</div>
</div>



<div class="is-layout-flex wp-container-6 wp-block-columns abstand_gross has-background" style="background-color:#e3ebf1">
<div class="is-layout-flow wp-block-column" style="flex-basis:33%">
<figure class="wp-block-image size-full"><img decoding="async" loading="lazy" width="400" height="400" src="https://www.swisscleantech.ch/files/Tanja-Vainio-Schneider-Electric.jpg" alt="" class="wp-image-26119" srcset="https://www.swisscleantech.ch/files/Tanja-Vainio-Schneider-Electric.jpg 400w, https://www.swisscleantech.ch/files/Tanja-Vainio-Schneider-Electric-300x300.jpg 300w, https://www.swisscleantech.ch/files/Tanja-Vainio-Schneider-Electric-125x125.jpg 125w" sizes="(max-width: 400px) 100vw, 400px" /></figure>
</div>



<div class="is-layout-flow wp-block-column is-vertically-aligned-center">
<h3>Tanja Vainio</h3>



<p>Country President Switzerland Schneider Electric</p>
</div>
</div>



<div class="is-layout-flex wp-container-9 wp-block-columns abstand_gross has-background" style="background-color:#e3ebf1">
<div class="is-layout-flow wp-block-column" style="flex-basis:33%">
<figure class="wp-block-image size-full"><img decoding="async" loading="lazy" width="400" height="400" src="https://www.swisscleantech.ch/files/Alexander-Beck-Siemens.jpg" alt="" class="wp-image-30569" srcset="https://www.swisscleantech.ch/files/Alexander-Beck-Siemens.jpg 400w, https://www.swisscleantech.ch/files/Alexander-Beck-Siemens-300x300.jpg 300w, https://www.swisscleantech.ch/files/Alexander-Beck-Siemens-125x125.jpg 125w" sizes="(max-width: 400px) 100vw, 400px" /></figure>
</div>



<div class="is-layout-flow wp-block-column is-vertically-aligned-center">
<h3>Alexander Beck</h3>



<p>Head Business Excellence, Government Affairs, Regional Management Office, Smart Infrastructure Sales Siemens Schweiz</p>
</div>
</div>



<div class="is-layout-flex wp-block-buttons">
<div class="wp-block-button"><a class="wp-block-button__link wp-element-button" href="https://us06web.zoom.us/webinar/register/WN_77eIRJjMTmerJ40kUaM4jw#/registration" target="_blank" rel="noopener">Zur Anmeldung</a></div>
</div>
