{"id":30577,"date":"2024-04-17T12:21:37","date_gmt":"2024-04-17T12:21:37","guid":{"rendered":"https:\/\/www.swisscleantech.ch\/?post_type=agendaeintrag&#038;p=30577"},"modified":"2024-04-17T12:21:38","modified_gmt":"2024-04-17T12:21:38","slug":"public-affairs-zirkel-zur-sommersession","status":"publish","type":"agendaeintrag","link":"https:\/\/www.swisscleantech.ch\/fr\/agendaeintrag\/public-affairs-zirkel-zur-sommersession\/","title":{"rendered":"Public Affairs-Zirkel zur Sommersession"},"content":{"rendered":"\n<p>Wir blicken gemeinsam auf die f\u00fcr die klimataugliche Wirtschaft <strong>wichtigsten Dossiers der Sommersession<\/strong>\u00a0blicken. Voraussichtlich wird der so genannten Beschleunigungserlass im Zentrum stehen. Die Vorlage sorgt f\u00fcr eine raschere Bewilligung von erneuerbaren Kraftwerken und ist damit eine wichtige Erg\u00e4nzung zum Stromgesetz.<\/p>\n\n\n\n<div class=\"is-layout-flex wp-container-3 wp-block-columns abstand_gross has-background\" style=\"background-color:#e3ebf1\">\n<div class=\"is-layout-flow wp-block-column\" style=\"flex-basis:33%\">\n<figure class=\"wp-block-image size-full\"><img decoding=\"async\" loading=\"lazy\" width=\"400\" height=\"400\" src=\"https:\/\/www.swisscleantech.ch\/files\/Christian-Oswald-Alpiq.png\" alt=\"\" class=\"wp-image-30578\" srcset=\"https:\/\/www.swisscleantech.ch\/files\/Christian-Oswald-Alpiq.png 400w, https:\/\/www.swisscleantech.ch\/files\/Christian-Oswald-Alpiq-300x300.png 300w, https:\/\/www.swisscleantech.ch\/files\/Christian-Oswald-Alpiq-125x125.png 125w\" sizes=\"(max-width: 400px) 100vw, 400px\" \/><\/figure>\n<\/div>\n\n\n\n<div class=\"is-layout-flow wp-block-column is-vertically-aligned-center\">\n<h3><strong>Christian Oswald<\/strong><\/h3>\n\n\n\n<p>Senior Specialist Public Affairs Alpiq<\/p>\n<\/div>\n<\/div>\n\n\n\n<p>Gemeinsam mit <strong>Christian Oswald<\/strong> von der <strong>Alpiq<\/strong> werden wir auf die regulatorischen Herausforderungen eines Schweizer Energieversorgers blicken. Die gesamte Energiebranche steht aktuell vor der komplexen Herausforderung, die Dekarbonisierung, Biodiversit\u00e4tskrise und Stromversorgungssicherheit unter einen Hut zu bringen. Wie geht Alpiq mit dieser Ausgangslage um? Welche Herausforderungen stellen sich im Bereich Public Affairs? Im Anschluss werden wir R\u00fcckschl\u00fcsse auf andere Branchen ziehen und gemeinsame Erkenntnisse ableiten.<\/p>\n\n\n\n<h2>Programm<\/h2>\n\n\n\n<div class=\"is-layout-flex wp-container-6 wp-block-columns has-background\" style=\"background-color:#e3ebf1\">\n<div class=\"is-layout-flow wp-block-column\" style=\"flex-basis:20%\">\n<h3>16 Uhr<\/h3>\n<\/div>\n\n\n\n<div class=\"is-layout-flow wp-block-column\" style=\"flex-basis:80%\">\n<h3>Begr\u00fcssung &amp; Einf\u00fchrung<\/h3>\n<\/div>\n<\/div>\n\n\n\n<div class=\"is-layout-flex wp-container-9 wp-block-columns has-background\" style=\"background-color:#e3ebf1\">\n<div class=\"is-layout-flow wp-block-column\" style=\"flex-basis:20%\">\n<h3>16:05 Uhr<\/h3>\n<\/div>\n\n\n\n<div class=\"is-layout-flow wp-block-column\" style=\"flex-basis:80%\">\n<h3>Ausblick auf die Sommersession<\/h3>\n<\/div>\n<\/div>\n\n\n\n<div class=\"is-layout-flex wp-container-12 wp-block-columns has-background\" style=\"background-color:#e3ebf1\">\n<div class=\"is-layout-flow wp-block-column\" style=\"flex-basis:20%\">\n<h3>16:25 Uhr<\/h3>\n<\/div>\n\n\n\n<div class=\"is-layout-flow wp-block-column\" style=\"flex-basis:80%\">\n<h3>Erfahrungsaustausch mit Alpiq<\/h3>\n<\/div>\n<\/div>\n\n\n\n<p>Der swisscleantech Public Affairs-Zirkel verfolgt das Ziel, fr\u00fchzeitig \u00fcber energie- und klimapolitische Entwicklungen zu informieren, Anliegen entgegenzunehmen und \u00fcber die Aktivit\u00e4ten von swisscleantech zu informieren. Gleichzeitig geht es aber auch darum, die pers\u00f6nliche Vernetzung untereinander weiter zu f\u00f6rdern.<\/p>\n\n\n\n<h6>Diese Veranstaltung richtet sich exklusiv an Public Affairs-Verantwortliche von swisscleantech-Mitgliedern.<\/h6>\n","protected":false},"featured_media":0,"template":"","acf":[],"_links":{"self":[{"href":"https:\/\/www.swisscleantech.ch\/fr\/wp-json\/wp\/v2\/agendaeintrag\/30577"}],"collection":[{"href":"https:\/\/www.swisscleantech.ch\/fr\/wp-json\/wp\/v2\/agendaeintrag"}],"about":[{"href":"https:\/\/www.swisscleantech.ch\/fr\/wp-json\/wp\/v2\/types\/agendaeintrag"}],"version-history":[{"count":0,"href":"https:\/\/www.swisscleantech.ch\/fr\/wp-json\/wp\/v2\/agendaeintrag\/30577\/revisions"}],"wp:attachment":[{"href":"https:\/\/www.swisscleantech.ch\/fr\/wp-json\/wp\/v2\/media?parent=30577"}],"curies":[{"name":"wp","href":"https:\/\/api.w.org\/{rel}","templated":true}]}}

<p>Wir blicken gemeinsam auf die für die klimataugliche Wirtschaft <strong>wichtigsten Dossiers der Sommersession</strong> blicken. Voraussichtlich wird der so genannten Beschleunigungserlass im Zentrum stehen. Die Vorlage sorgt für eine raschere Bewilligung von erneuerbaren Kraftwerken und ist damit eine wichtige Ergänzung zum Stromgesetz.</p>



<div class="is-layout-flex wp-container-3 wp-block-columns abstand_gross has-background" style="background-color:#e3ebf1">
<div class="is-layout-flow wp-block-column" style="flex-basis:33%">
<figure class="wp-block-image size-full"><img decoding="async" loading="lazy" width="400" height="400" src="https://www.swisscleantech.ch/files/Christian-Oswald-Alpiq.png" alt="" class="wp-image-30578" srcset="https://www.swisscleantech.ch/files/Christian-Oswald-Alpiq.png 400w, https://www.swisscleantech.ch/files/Christian-Oswald-Alpiq-300x300.png 300w, https://www.swisscleantech.ch/files/Christian-Oswald-Alpiq-125x125.png 125w" sizes="(max-width: 400px) 100vw, 400px" /></figure>
</div>



<div class="is-layout-flow wp-block-column is-vertically-aligned-center">
<h3><strong>Christian Oswald</strong></h3>



<p>Senior Specialist Public Affairs Alpiq</p>
</div>
</div>



<p>Gemeinsam mit <strong>Christian Oswald</strong> von der <strong>Alpiq</strong> werden wir auf die regulatorischen Herausforderungen eines Schweizer Energieversorgers blicken. Die gesamte Energiebranche steht aktuell vor der komplexen Herausforderung, die Dekarbonisierung, Biodiversitätskrise und Stromversorgungssicherheit unter einen Hut zu bringen. Wie geht Alpiq mit dieser Ausgangslage um? Welche Herausforderungen stellen sich im Bereich Public Affairs? Im Anschluss werden wir Rückschlüsse auf andere Branchen ziehen und gemeinsame Erkenntnisse ableiten.</p>



<h2>Programm</h2>



<div class="is-layout-flex wp-container-6 wp-block-columns has-background" style="background-color:#e3ebf1">
<div class="is-layout-flow wp-block-column" style="flex-basis:20%">
<h3>16 Uhr</h3>
</div>



<div class="is-layout-flow wp-block-column" style="flex-basis:80%">
<h3>Begrüssung &amp; Einführung</h3>
</div>
</div>



<div class="is-layout-flex wp-container-9 wp-block-columns has-background" style="background-color:#e3ebf1">
<div class="is-layout-flow wp-block-column" style="flex-basis:20%">
<h3>16:05 Uhr</h3>
</div>



<div class="is-layout-flow wp-block-column" style="flex-basis:80%">
<h3>Ausblick auf die Sommersession</h3>
</div>
</div>



<div class="is-layout-flex wp-container-12 wp-block-columns has-background" style="background-color:#e3ebf1">
<div class="is-layout-flow wp-block-column" style="flex-basis:20%">
<h3>16:25 Uhr</h3>
</div>



<div class="is-layout-flow wp-block-column" style="flex-basis:80%">
<h3>Erfahrungsaustausch mit Alpiq</h3>
</div>
</div>



<p>Der swisscleantech Public Affairs-Zirkel verfolgt das Ziel, frühzeitig über energie- und klimapolitische Entwicklungen zu informieren, Anliegen entgegenzunehmen und über die Aktivitäten von swisscleantech zu informieren. Gleichzeitig geht es aber auch darum, die persönliche Vernetzung untereinander weiter zu fördern.</p>



<h6>Diese Veranstaltung richtet sich exklusiv an Public Affairs-Verantwortliche von swisscleantech-Mitgliedern.</h6>
