{"id":30580,"date":"2024-04-17T15:03:54","date_gmt":"2024-04-17T15:03:54","guid":{"rendered":"https:\/\/www.swisscleantech.ch\/?post_type=agendaeintrag&#038;p=30580"},"modified":"2024-04-30T07:55:38","modified_gmt":"2024-04-30T07:55:38","slug":"oui-a-la-loi-pour-lelectricite-pour-un-approvisionnement-en-electricite-sur-et-renouvelable","status":"publish","type":"agendaeintrag","link":"https:\/\/www.swisscleantech.ch\/fr\/agendaeintrag\/oui-a-la-loi-pour-lelectricite-pour-un-approvisionnement-en-electricite-sur-et-renouvelable\/","title":{"rendered":"Oui \u00e0 la loi pour l\u2019\u00e9lectricit\u00e9 pour un approvisionnement en \u00e9lectricit\u00e9 s\u00fbr et renouvelable"},"content":{"rendered":"\n<p>Le 9 juin, nous voterons sur la loi pour l\u2019\u00e9lectricit\u00e9 \u2013 ce sera <strong>la votation la plus importante de l\u2019ann\u00e9e<\/strong> pour l\u2019\u00e9conomie climat compatible. M\u00eame si la loi a obtenu une nette majorit\u00e9 au Parlement et si une grande partie de l\u2019\u00e9conomie, toutes les grandes associations de protection de l\u2019environnement soutiennent le projet et\u00a0les premiers r\u00e9sultats des sondages sont positifs, nous avons besoin de chaque voix en faveur du Oui. <\/p>\n\n\n\n<p>En exclusivit\u00e9 pour nos adh\u00e9rents, nous organisons un <strong>webinaire sur la loi pour l\u2019\u00e9lectricit\u00e9<\/strong> et discuterons les r\u00e9sultats des sondages, les activit\u00e9s pr\u00e9vues dans le cadre de la campagne et les possibilit\u00e9s de s\u2019engager en faveur du Oui \u2013 et nous nous r\u00e9jouissons d&#8217;accueillir ces experts :<\/p>\n\n\n\n<div class=\"is-layout-flex wp-container-3 wp-block-columns abstand_gross has-background\" style=\"background-color:#e3ebf1\">\n<div class=\"is-layout-flow wp-block-column\" style=\"flex-basis:33%\">\n<figure class=\"wp-block-image size-full\"><img decoding=\"async\" loading=\"lazy\" width=\"400\" height=\"400\" src=\"https:\/\/www.swisscleantech.ch\/files\/Roger-Nordmann-nationale-Wahlen-2023.jpg\" alt=\"\" class=\"wp-image-27207\" srcset=\"https:\/\/www.swisscleantech.ch\/files\/Roger-Nordmann-nationale-Wahlen-2023.jpg 400w, https:\/\/www.swisscleantech.ch\/files\/Roger-Nordmann-nationale-Wahlen-2023-300x300.jpg 300w, https:\/\/www.swisscleantech.ch\/files\/Roger-Nordmann-nationale-Wahlen-2023-125x125.jpg 125w\" sizes=\"(max-width: 400px) 100vw, 400px\" \/><\/figure>\n<\/div>\n\n\n\n<div class=\"is-layout-flow wp-block-column is-vertically-aligned-center\">\n<h3>Roger Nordmann<\/h3>\n\n\n\n<p>Conseiller national PS<\/p>\n\n\n<\/div>\n<\/div>\n\n\n\n<div class=\"is-layout-flex wp-container-6 wp-block-columns abstand_gross has-background\" style=\"background-color:#e3ebf1\">\n<div class=\"is-layout-flow wp-block-column\" style=\"flex-basis:33%\">\n<figure class=\"wp-block-image size-full\"><img decoding=\"async\" loading=\"lazy\" width=\"300\" height=\"300\" src=\"https:\/\/www.swisscleantech.ch\/files\/Christian-Petit-swisscleantech-Vorstand.jpg\" alt=\"\" class=\"wp-image-22054\" srcset=\"https:\/\/www.swisscleantech.ch\/files\/Christian-Petit-swisscleantech-Vorstand.jpg 300w, https:\/\/www.swisscleantech.ch\/files\/Christian-Petit-swisscleantech-Vorstand-125x125.jpg 125w\" sizes=\"(max-width: 300px) 100vw, 300px\" \/><\/figure>\n<\/div>\n\n\n\n<div class=\"is-layout-flow wp-block-column is-vertically-aligned-center\">\n<h3>Christian Petit<\/h3>\n\n\n\n<p>CEO Romande Energie<\/p>\n\n\n<\/div>\n<\/div>\n\n\n\n<div class=\"is-layout-flex wp-block-buttons\">\n<div class=\"wp-block-button\"><a class=\"wp-block-button__link wp-element-button\" href=\"https:\/\/us06web.zoom.us\/webinar\/register\/WN_DIL4NicVRVWfT4SvjRUsfw#\/registration\" target=\"_blank\" rel=\"noopener\">Inscription<\/a><\/div>\n<\/div>\n","protected":false},"featured_media":0,"template":"","acf":[],"_links":{"self":[{"href":"https:\/\/www.swisscleantech.ch\/fr\/wp-json\/wp\/v2\/agendaeintrag\/30580"}],"collection":[{"href":"https:\/\/www.swisscleantech.ch\/fr\/wp-json\/wp\/v2\/agendaeintrag"}],"about":[{"href":"https:\/\/www.swisscleantech.ch\/fr\/wp-json\/wp\/v2\/types\/agendaeintrag"}],"version-history":[{"count":0,"href":"https:\/\/www.swisscleantech.ch\/fr\/wp-json\/wp\/v2\/agendaeintrag\/30580\/revisions"}],"wp:attachment":[{"href":"https:\/\/www.swisscleantech.ch\/fr\/wp-json\/wp\/v2\/media?parent=30580"}],"curies":[{"name":"wp","href":"https:\/\/api.w.org\/{rel}","templated":true}]}}

Oui à la loi pour l’électricité pour un approvisionnement en électricité sûr et renouvelable

<p>Le 9 juin, nous voterons sur la loi pour l’électricité – ce sera <strong>la votation la plus importante de l’année</strong> pour l’économie climat compatible. Même si la loi a obtenu une nette majorité au Parlement et si une grande partie de l’économie, toutes les grandes associations de protection de l’environnement soutiennent le projet et les premiers résultats des sondages sont positifs, nous avons besoin de chaque voix en faveur du Oui. </p>



<p>En exclusivité pour nos adhérents, nous organisons un <strong>webinaire sur la loi pour l’électricité</strong> et discuterons les résultats des sondages, les activités prévues dans le cadre de la campagne et les possibilités de s’engager en faveur du Oui – et nous nous réjouissons d&#8217;accueillir ces experts :</p>



<div class="is-layout-flex wp-container-3 wp-block-columns abstand_gross has-background" style="background-color:#e3ebf1">
<div class="is-layout-flow wp-block-column" style="flex-basis:33%">
<figure class="wp-block-image size-full"><img decoding="async" loading="lazy" width="400" height="400" src="https://www.swisscleantech.ch/files/Roger-Nordmann-nationale-Wahlen-2023.jpg" alt="" class="wp-image-27207" srcset="https://www.swisscleantech.ch/files/Roger-Nordmann-nationale-Wahlen-2023.jpg 400w, https://www.swisscleantech.ch/files/Roger-Nordmann-nationale-Wahlen-2023-300x300.jpg 300w, https://www.swisscleantech.ch/files/Roger-Nordmann-nationale-Wahlen-2023-125x125.jpg 125w" sizes="(max-width: 400px) 100vw, 400px" /></figure>
</div>



<div class="is-layout-flow wp-block-column is-vertically-aligned-center">
<h3>Roger Nordmann</h3>



<p>Conseiller national PS</p>


</div>
</div>



<div class="is-layout-flex wp-container-6 wp-block-columns abstand_gross has-background" style="background-color:#e3ebf1">
<div class="is-layout-flow wp-block-column" style="flex-basis:33%">
<figure class="wp-block-image size-full"><img decoding="async" loading="lazy" width="300" height="300" src="https://www.swisscleantech.ch/files/Christian-Petit-swisscleantech-Vorstand.jpg" alt="" class="wp-image-22054" srcset="https://www.swisscleantech.ch/files/Christian-Petit-swisscleantech-Vorstand.jpg 300w, https://www.swisscleantech.ch/files/Christian-Petit-swisscleantech-Vorstand-125x125.jpg 125w" sizes="(max-width: 300px) 100vw, 300px" /></figure>
</div>



<div class="is-layout-flow wp-block-column is-vertically-aligned-center">
<h3>Christian Petit</h3>



<p>CEO Romande Energie</p>


</div>
</div>



<div class="is-layout-flex wp-block-buttons">
<div class="wp-block-button"><a class="wp-block-button__link wp-element-button" href="https://us06web.zoom.us/webinar/register/WN_DIL4NicVRVWfT4SvjRUsfw#/registration" target="_blank" rel="noopener">Inscription</a></div>
</div>
