{"id":30865,"date":"2024-05-21T13:36:11","date_gmt":"2024-05-21T13:36:11","guid":{"rendered":"https:\/\/www.swisscleantech.ch\/?post_type=agendaeintrag&#038;p=30865"},"modified":"2024-05-21T14:51:58","modified_gmt":"2024-05-21T14:51:58","slug":"webinaire-politique-sur-la-session-dete-focus-sur-la-protection-du-climat","status":"publish","type":"agendaeintrag","link":"https:\/\/www.swisscleantech.ch\/fr\/agendaeintrag\/webinaire-politique-sur-la-session-dete-focus-sur-la-protection-du-climat\/","title":{"rendered":"Webinaire politique sur la session d\u2019\u00e9t\u00e9\u00a0: focus sur la protection du climat"},"content":{"rendered":"<div class=\"wp-block-image\">\n<figure class=\"aligncenter size-large is-resized\"><img decoding=\"async\" src=\"https:\/\/www.swisscleantech.ch\/files\/PolitWebinar-Icon-rot.svg\" alt=\"\" class=\"wp-image-30856\" width=\"100\"\/><\/figure><\/div>\n\n\n<h2 class=\"has-text-align-center <center&gt;\">focus sur la protection du climat<\/h2>\n\n\n\n<p>Suite \u00e0 l\u2019<strong>initiative pour la responsabilit\u00e9 environnementale<\/strong>, le Conseil national va d\u00e9battre longuement de la responsabilit\u00e9 globale de l\u2019\u00e9conomie suisse concernant le changement climatique, la perte de la diversit\u00e9 biologique, la consommation d\u2019eau, l\u2019utilisation du sol et les apports d\u2019azote et de phosphore. Les deux chambres traiteront \u00e9galement de la <strong>r\u00e9vision partielle de la loi sur la protection de l\u2019environnement<\/strong> qui aborde diff\u00e9rents sujets tels que l\u2019assainissement des sites contamin\u00e9s et l\u2019am\u00e9lioration de la coordination entre la protection contre le bruit et le d\u00e9veloppement de l\u2019urbanisation.<\/p>\n\n\n\n<p>Avec <strong>Aline Trede, conseill\u00e8re nationale Les VERT-E-S<\/strong>, nous commenterons les d\u00e9cisions du Parlement et r\u00e9pondrons \u00e0 vos questions. Nous serons heureux de vous retrouver pour dialoguer avec vous&nbsp;!<\/p>\n\n\n\n<div class=\"is-layout-flex wp-container-3 wp-block-columns abstand_gross has-background\" style=\"background-color:#e3ebf1\">\n<div class=\"is-layout-flow wp-block-column\" style=\"flex-basis:33%\">\n<figure class=\"wp-block-image size-full\"><img decoding=\"async\" loading=\"lazy\" width=\"400\" height=\"400\" src=\"https:\/\/www.swisscleantech.ch\/files\/Aline-Trede-Nationalratin-Grune.jpg\" alt=\"\" class=\"wp-image-30857\" srcset=\"https:\/\/www.swisscleantech.ch\/files\/Aline-Trede-Nationalratin-Grune.jpg 400w, https:\/\/www.swisscleantech.ch\/files\/Aline-Trede-Nationalratin-Grune-300x300.jpg 300w, https:\/\/www.swisscleantech.ch\/files\/Aline-Trede-Nationalratin-Grune-125x125.jpg 125w\" sizes=\"(max-width: 400px) 100vw, 400px\" \/><\/figure>\n<\/div>\n\n\n\n<div class=\"is-layout-flow wp-block-column\">\n<h3>Aline Trede<\/h3>\n\n\n\n<p>Conseill\u00e8re nationale Les VERT-E-S, membre de la Commission de l\u2019environnement, de l\u2019am\u00e9nagement du territoire et de l\u2019\u00e9nergie (CEATE-N)<\/p>\n<\/div>\n<\/div>\n\n\n\n<h6>Cet \u00e9v\u00e9nement est r\u00e9serv\u00e9 aux adh\u00e9rents et aux personnes invit\u00e9es.<\/h6>\n\n\n\n<div class=\"is-layout-flex wp-block-buttons\">\n<div class=\"wp-block-button\"><a class=\"wp-block-button__link wp-element-button\" href=\"https:\/\/us06web.zoom.us\/webinar\/register\/WN_N0tMtXacTUeCTZuL9pesKw#\/registration\" target=\"_blank\" rel=\"noopener\">Inscription (\u00e9v\u00e9nement en allemand)<\/a><\/div>\n<\/div>\n\n\n\n<div style=\"height:60px\" aria-hidden=\"true\" class=\"wp-block-spacer\"><\/div>\n\n\n\n<div class=\"is-layout-flex wp-container-6 wp-block-columns\">\n<div class=\"is-layout-flow wp-block-column abstand_gross has-background\" style=\"background-color:#79a6cb\"><div class=\"wp-block-image\">\n<figure class=\"aligncenter size-large is-resized\"><img decoding=\"async\" src=\"https:\/\/www.swisscleantech.ch\/files\/PolitWebinar-Icon-mit-Text-FR.svg\" alt=\"\" class=\"wp-image-30866\" width=\"250\"\/><\/figure><\/div>\n\n\n<div style=\"height:20px\" aria-hidden=\"true\" class=\"wp-block-spacer\"><\/div>\n\n\n\n<p class=\"has-white-color has-text-color\">Gr\u00e2ce au travail politique de swisscleantech et aux \u00e9changes anim\u00e9s avec les parlementaires, notre webinaire politique fait un tour d\u2019horizon de l\u2019actualit\u00e9 avec une approche pratique et permet un transfert de connaissances entre l\u2019\u00e9conomie, la politique, la science et la soci\u00e9t\u00e9 ainsi qu\u2019une mise en r\u00e9seau.<\/p>\n<\/div>\n<\/div>\n","protected":false},"featured_media":0,"template":"","acf":[],"_links":{"self":[{"href":"https:\/\/www.swisscleantech.ch\/fr\/wp-json\/wp\/v2\/agendaeintrag\/30865"}],"collection":[{"href":"https:\/\/www.swisscleantech.ch\/fr\/wp-json\/wp\/v2\/agendaeintrag"}],"about":[{"href":"https:\/\/www.swisscleantech.ch\/fr\/wp-json\/wp\/v2\/types\/agendaeintrag"}],"version-history":[{"count":0,"href":"https:\/\/www.swisscleantech.ch\/fr\/wp-json\/wp\/v2\/agendaeintrag\/30865\/revisions"}],"wp:attachment":[{"href":"https:\/\/www.swisscleantech.ch\/fr\/wp-json\/wp\/v2\/media?parent=30865"}],"curies":[{"name":"wp","href":"https:\/\/api.w.org\/{rel}","templated":true}]}}

Webinaire politique sur la session d’été : focus sur la protection du climat

<div class="wp-block-image">
<figure class="aligncenter size-large is-resized"><img decoding="async" src="https://www.swisscleantech.ch/files/PolitWebinar-Icon-rot.svg" alt="" class="wp-image-30856" width="100"/></figure></div>


<h2 class="has-text-align-center <center&gt;">focus sur la protection du climat</h2>



<p>Suite à l’<strong>initiative pour la responsabilité environnementale</strong>, le Conseil national va débattre longuement de la responsabilité globale de l’économie suisse concernant le changement climatique, la perte de la diversité biologique, la consommation d’eau, l’utilisation du sol et les apports d’azote et de phosphore. Les deux chambres traiteront également de la <strong>révision partielle de la loi sur la protection de l’environnement</strong> qui aborde différents sujets tels que l’assainissement des sites contaminés et l’amélioration de la coordination entre la protection contre le bruit et le développement de l’urbanisation.</p>



<p>Avec <strong>Aline Trede, conseillère nationale Les VERT-E-S</strong>, nous commenterons les décisions du Parlement et répondrons à vos questions. Nous serons heureux de vous retrouver pour dialoguer avec vous&nbsp;!</p>



<div class="is-layout-flex wp-container-3 wp-block-columns abstand_gross has-background" style="background-color:#e3ebf1">
<div class="is-layout-flow wp-block-column" style="flex-basis:33%">
<figure class="wp-block-image size-full"><img decoding="async" loading="lazy" width="400" height="400" src="https://www.swisscleantech.ch/files/Aline-Trede-Nationalratin-Grune.jpg" alt="" class="wp-image-30857" srcset="https://www.swisscleantech.ch/files/Aline-Trede-Nationalratin-Grune.jpg 400w, https://www.swisscleantech.ch/files/Aline-Trede-Nationalratin-Grune-300x300.jpg 300w, https://www.swisscleantech.ch/files/Aline-Trede-Nationalratin-Grune-125x125.jpg 125w" sizes="(max-width: 400px) 100vw, 400px" /></figure>
</div>



<div class="is-layout-flow wp-block-column">
<h3>Aline Trede</h3>



<p>Conseillère nationale Les VERT-E-S, membre de la Commission de l’environnement, de l’aménagement du territoire et de l’énergie (CEATE-N)</p>
</div>
</div>



<h6>Cet événement est réservé aux adhérents et aux personnes invitées.</h6>



<div class="is-layout-flex wp-block-buttons">
<div class="wp-block-button"><a class="wp-block-button__link wp-element-button" href="https://us06web.zoom.us/webinar/register/WN_N0tMtXacTUeCTZuL9pesKw#/registration" target="_blank" rel="noopener">Inscription (événement en allemand)</a></div>
</div>



<div style="height:60px" aria-hidden="true" class="wp-block-spacer"></div>



<div class="is-layout-flex wp-container-6 wp-block-columns">
<div class="is-layout-flow wp-block-column abstand_gross has-background" style="background-color:#79a6cb"><div class="wp-block-image">
<figure class="aligncenter size-large is-resized"><img decoding="async" src="https://www.swisscleantech.ch/files/PolitWebinar-Icon-mit-Text-FR.svg" alt="" class="wp-image-30866" width="250"/></figure></div>


<div style="height:20px" aria-hidden="true" class="wp-block-spacer"></div>



<p class="has-white-color has-text-color">Grâce au travail politique de swisscleantech et aux échanges animés avec les parlementaires, notre webinaire politique fait un tour d’horizon de l’actualité avec une approche pratique et permet un transfert de connaissances entre l’économie, la politique, la science et la société ainsi qu’une mise en réseau.</p>
</div>
</div>
