{"id":31401,"date":"2024-07-11T12:32:32","date_gmt":"2024-07-11T12:32:32","guid":{"rendered":"https:\/\/www.swisscleantech.ch\/?post_type=agendaeintrag&#038;p=31401"},"modified":"2024-07-18T07:38:06","modified_gmt":"2024-07-18T07:38:06","slug":"cercle-public-affairs-sur-la-session-dautomne","status":"publish","type":"agendaeintrag","link":"https:\/\/www.swisscleantech.ch\/fr\/agendaeintrag\/cercle-public-affairs-sur-la-session-dautomne\/","title":{"rendered":"Cercle Public Affairs sur la session d\u2019automne"},"content":{"rendered":"<div class=\"wp-block-image\">\n<figure class=\"aligncenter size-large\"><img decoding=\"async\"  src=\"https:\/\/www.swisscleantech.ch\/files\/Public-Affairs-Zirkel-Icon-rot.svg\" alt=\"\" class=\"wp-image-31258\"\/><\/figure><\/div><div class=\"wp-block-image\">\n<figure class=\"aligncenter size-large is-resized\"><img decoding=\"async\" loading=\"lazy\" src=\"https:\/\/www.swisscleantech.ch\/files\/Public-Affairs-Zirkel-Icon-rot.svg\" alt=\"\" class=\"wp-image-31258\" width=\"100\" height=\"100\"\/><\/figure><\/div>\n<h2 class=\"has-text-align-center\">Erfahrungsaustausch zur CO<sub>2<\/sub>-Entfernung und dem Umgang mit schwer ersetzbaren fossilen Energietr\u00e4gern<\/h2>\n\n<p>Wie \u00fcblich werden wir zum Einstieg gemeinsam auf die f\u00fcr die klimataugliche Wirtschaft\u00a0<strong>wichtigsten Dossiers der Herbstsession<\/strong>\u00a0blicken, bei der die Energiepolitik im Zentrum stehen wird. Auch wenn die Programme der Session noch nicht bekannt sind, wird wohl der Erlass f\u00fcr die Beschleunigung von Verfahren f\u00fcr den Ausbau von erneuerbaren Energien im St\u00e4nderat sowie die Vorlage f\u00fcr eine Stromreserve im Nationalrat im Zentrum unserer Aufmerksamkeit stehen.<\/p>\n\n<p>Bei der letzten physischen Durchf\u00fchrung im Februar haben wir den\u00a0<strong>Erfahrungsaustausch zwischen euch Public Affairs-Spezialist*innen<\/strong>\u00a0etwas st\u00e4rker ins Zentrum ger\u00fcckt. Aufgrund der positiven R\u00fcckmeldungen werden wir dieses Mal noch mehr Zeit f\u00fcr diesen Austausch unter euch reservieren. Das machen wir gemeinsam mit folgenden G\u00e4sten:<\/p>\n\n<p>F\u00fcr diesen Austausch zu den regulatorischen Herausforderungen haben wir einen inhaltlichen Schwerpunkt gesetzt und werden das Thema der\u00a0<strong>CO<sub>2<\/sub>-Entfernung und der Umgang mit schwer ersetzbaren fossilen Energietr\u00e4gern<\/strong>\u00a0vertiefen. Dazu wird\u00a0<strong>Ron Abegglen<\/strong>\u00a0seine Erfahrung im Bereich Public Affairs bei SWISS einbringen. Ausserdem haben wir mit\u00a0<strong>Veronika Elgart<\/strong>\u00a0vom Bundesamt f\u00fcr Umwelt BAFU eine ausgewiesene Expertin zum Thema eingeladen. Gemeinsam mit ihnen werden wir die technische und regulatorische Ausgangslage sowie die entsprechenden Herausforderungen f\u00fcr die Unternehmen diskutieren. Wir sind gespannt auf eure Inputs.<\/p>\n\n<h2>Programm<\/h2>\n\n<div class=\"is-layout-flex wp-container-3 wp-block-columns has-background\" style=\"background-color:#79a6cb\">\n<div class=\"is-layout-flow wp-block-column\" style=\"flex-basis:20%\">\n<h3 class=\"has-white-color has-text-color\">16:00 Uhr<\/h3>\n<\/div>\n\n\n\n<div class=\"is-layout-flow wp-block-column\" style=\"flex-basis:80%\">\n<h3 class=\"has-white-color has-text-color\">Begr\u00fcssung und Einf\u00fchrung<\/h3>\n<\/div>\n<\/div>\n\n<div class=\"is-layout-flex wp-container-6 wp-block-columns has-background\" style=\"background-color:#e3ebf1\">\n<div class=\"is-layout-flow wp-block-column\" style=\"flex-basis:20%\">\n<h3 class=\"has-black-color has-text-color\">16:15 Uhr<\/h3>\n<\/div>\n\n\n\n<div class=\"is-layout-flow wp-block-column\" style=\"flex-basis:80%\">\n<h3 class=\"has-black-color has-text-color\">Ausblick auf die Herbstsession<\/h3>\n<\/div>\n<\/div>\n\n<div class=\"is-layout-flex wp-container-11 wp-block-columns has-background\" style=\"background-color:#e3ebf1\">\n<div class=\"is-layout-flow wp-block-column\" style=\"flex-basis:20%\">\n<h3>16:45 Uhr<\/h3>\n<\/div>\n\n\n\n<div class=\"is-layout-flow wp-block-column\" style=\"flex-basis:80%\">\n<h3>Inputreferate &amp; Erfahrungsaustausch<\/h3>\n\n\n\n<div class=\"is-layout-flex wp-container-9 wp-block-columns\">\n<div class=\"is-layout-flow wp-block-column\">\n<figure class=\"wp-block-image size-full is-resized\"><img decoding=\"async\" loading=\"lazy\" src=\"https:\/\/www.swisscleantech.ch\/files\/1719443531306.jpg\" alt=\"\" class=\"wp-image-31324\" width=\"253\" height=\"253\" srcset=\"https:\/\/www.swisscleantech.ch\/files\/1719443531306.jpg 783w, https:\/\/www.swisscleantech.ch\/files\/1719443531306-300x300.jpg 300w, https:\/\/www.swisscleantech.ch\/files\/1719443531306-768x768.jpg 768w, https:\/\/www.swisscleantech.ch\/files\/1719443531306-125x125.jpg 125w\" sizes=\"(max-width: 253px) 100vw, 253px\" \/><\/figure>\n\n\n\n<div style=\"height:20px\" aria-hidden=\"true\" class=\"wp-block-spacer\"><\/div>\n\n\n\n<p><strong>Ron Abegglen<\/strong><br\/>Public Affairs SWISS<\/p>\n\n\n\n<div style=\"height:16px\" aria-hidden=\"true\" class=\"wp-block-spacer\"><\/div>\n\n\n\n<div style=\"height:20px\" aria-hidden=\"true\" class=\"wp-block-spacer\"><\/div>\n\n\n\n<figure class=\"wp-block-image size-full is-resized\"><img decoding=\"async\" loading=\"lazy\" src=\"https:\/\/www.swisscleantech.ch\/files\/Christian-Zeyer.jpg\" alt=\"\" class=\"wp-image-22842\" width=\"253\" height=\"253\" srcset=\"https:\/\/www.swisscleantech.ch\/files\/Christian-Zeyer.jpg 400w, https:\/\/www.swisscleantech.ch\/files\/Christian-Zeyer-300x300.jpg 300w, https:\/\/www.swisscleantech.ch\/files\/Christian-Zeyer-125x125.jpg 125w\" sizes=\"(max-width: 253px) 100vw, 253px\" \/><\/figure>\n\n\n\n<div style=\"height:20px\" aria-hidden=\"true\" class=\"wp-block-spacer\"><\/div>\n\n\n\n<p><strong>Christian Zeyer<\/strong><br\/>Co-Gesch\u00e4ftsf\u00fchrer swisscleantech<\/p>\n\n\n\n<div style=\"height:20px\" aria-hidden=\"true\" class=\"wp-block-spacer\"><\/div>\n\n\n\n<div style=\"height:20px\" aria-hidden=\"true\" class=\"wp-block-spacer\"><\/div>\n\n\n\n<figure class=\"wp-block-image size-full is-resized\"><img decoding=\"async\" loading=\"lazy\" src=\"https:\/\/www.swisscleantech.ch\/files\/1667925114500.jpg\" alt=\"\" class=\"wp-image-31325\" width=\"253\" height=\"253\" srcset=\"https:\/\/www.swisscleantech.ch\/files\/1667925114500.jpg 710w, https:\/\/www.swisscleantech.ch\/files\/1667925114500-300x300.jpg 300w, https:\/\/www.swisscleantech.ch\/files\/1667925114500-125x125.jpg 125w\" sizes=\"(max-width: 253px) 100vw, 253px\" \/><\/figure>\n\n\n\n<div style=\"height:20px\" aria-hidden=\"true\" class=\"wp-block-spacer\"><\/div>\n\n\n\n<p><strong>Veronika Elgart<\/strong><br\/>Stv. Sektionsleiterin Internationale Klimapolitik BAFU<\/p>\n<\/div>\n<\/div>\n<\/div>\n<\/div>\n\n<div class=\"is-layout-flex wp-container-14 wp-block-columns has-background\" style=\"background-color:#79a6cb\">\n<div class=\"is-layout-flow wp-block-column\" style=\"flex-basis:20%\">\n<h3 class=\"has-white-color has-text-color\">18:00 Uhr<\/h3>\n<\/div>\n\n\n\n<div class=\"is-layout-flow wp-block-column\" style=\"flex-basis:80%\">\n<h3 class=\"has-white-color has-text-color\">Ende des PA-Zirkels und Ap\u00e9ro<\/h3>\n<\/div>\n<\/div>\n\n<div style=\"height:60px\" aria-hidden=\"true\" class=\"wp-block-spacer\"><\/div>\n\n<div class=\"is-layout-flex wp-container-15 wp-block-columns\"><\/div>\n\n<h6>Diese Veranstaltung richtet sich exklusiv an Public Affairs-Verantwortliche von swisscleantech-Mitgliedern und geladene G\u00e4ste.<\/h6>\n\n<div class=\"is-layout-flex wp-container-17 wp-block-columns has-background\" style=\"background-color:#79a6cb\">\n<div class=\"is-layout-flow wp-block-column\"><div class=\"wp-block-image\">\n<figure class=\"aligncenter size-large is-resized\"><img decoding=\"async\" src=\"https:\/\/www.swisscleantech.ch\/files\/Public-Affairs-Zirkel-Icon-mit-Text.svg\" alt=\"\" class=\"wp-image-31259\" width=\"250\"\/><\/figure><\/div>\n\n\n<div style=\"height:20px\" aria-hidden=\"true\" class=\"wp-block-spacer\"><\/div>\n\n\n\n<p class=\"has-white-color has-text-color\">Der swisscleantech Public Affairs-Zirkel verfolgt das Ziel, fr\u00fchzeitig \u00fcber energie- und klimapolitische Entwicklungen zu informieren, Anliegen entgegenzunehmen und \u00fcber die Aktivit\u00e4ten von swisscleantech zu informieren. Gleichzeitig geht es aber auch darum, die pers\u00f6nliche Vernetzung untereinander weiter zu f\u00f6rdern.<\/p>\n<\/div>\n<\/div>\n","protected":false},"featured_media":0,"template":"","acf":[],"_links":{"self":[{"href":"https:\/\/www.swisscleantech.ch\/fr\/wp-json\/wp\/v2\/agendaeintrag\/31401"}],"collection":[{"href":"https:\/\/www.swisscleantech.ch\/fr\/wp-json\/wp\/v2\/agendaeintrag"}],"about":[{"href":"https:\/\/www.swisscleantech.ch\/fr\/wp-json\/wp\/v2\/types\/agendaeintrag"}],"version-history":[{"count":0,"href":"https:\/\/www.swisscleantech.ch\/fr\/wp-json\/wp\/v2\/agendaeintrag\/31401\/revisions"}],"wp:attachment":[{"href":"https:\/\/www.swisscleantech.ch\/fr\/wp-json\/wp\/v2\/media?parent=31401"}],"curies":[{"name":"wp","href":"https:\/\/api.w.org\/{rel}","templated":true}]}}

<div class="wp-block-image">
<figure class="aligncenter size-large"><img decoding="async"  src="https://www.swisscleantech.ch/files/Public-Affairs-Zirkel-Icon-rot.svg" alt="" class="wp-image-31258"/></figure></div><div class="wp-block-image">
<figure class="aligncenter size-large is-resized"><img decoding="async" loading="lazy" src="https://www.swisscleantech.ch/files/Public-Affairs-Zirkel-Icon-rot.svg" alt="" class="wp-image-31258" width="100" height="100"/></figure></div>
<h2 class="has-text-align-center">Erfahrungsaustausch zur CO<sub>2</sub>-Entfernung und dem Umgang mit schwer ersetzbaren fossilen Energieträgern</h2>

<p>Wie üblich werden wir zum Einstieg gemeinsam auf die für die klimataugliche Wirtschaft <strong>wichtigsten Dossiers der Herbstsession</strong> blicken, bei der die Energiepolitik im Zentrum stehen wird. Auch wenn die Programme der Session noch nicht bekannt sind, wird wohl der Erlass für die Beschleunigung von Verfahren für den Ausbau von erneuerbaren Energien im Ständerat sowie die Vorlage für eine Stromreserve im Nationalrat im Zentrum unserer Aufmerksamkeit stehen.</p>

<p>Bei der letzten physischen Durchführung im Februar haben wir den <strong>Erfahrungsaustausch zwischen euch Public Affairs-Spezialist*innen</strong> etwas stärker ins Zentrum gerückt. Aufgrund der positiven Rückmeldungen werden wir dieses Mal noch mehr Zeit für diesen Austausch unter euch reservieren. Das machen wir gemeinsam mit folgenden Gästen:</p>

<p>Für diesen Austausch zu den regulatorischen Herausforderungen haben wir einen inhaltlichen Schwerpunkt gesetzt und werden das Thema der <strong>CO<sub>2</sub>-Entfernung und der Umgang mit schwer ersetzbaren fossilen Energieträgern</strong> vertiefen. Dazu wird <strong>Ron Abegglen</strong> seine Erfahrung im Bereich Public Affairs bei SWISS einbringen. Ausserdem haben wir mit <strong>Veronika Elgart</strong> vom Bundesamt für Umwelt BAFU eine ausgewiesene Expertin zum Thema eingeladen. Gemeinsam mit ihnen werden wir die technische und regulatorische Ausgangslage sowie die entsprechenden Herausforderungen für die Unternehmen diskutieren. Wir sind gespannt auf eure Inputs.</p>

<h2>Programm</h2>

<div class="is-layout-flex wp-container-3 wp-block-columns has-background" style="background-color:#79a6cb">
<div class="is-layout-flow wp-block-column" style="flex-basis:20%">
<h3 class="has-white-color has-text-color">16:00 Uhr</h3>
</div>



<div class="is-layout-flow wp-block-column" style="flex-basis:80%">
<h3 class="has-white-color has-text-color">Begrüssung und Einführung</h3>
</div>
</div>

<div class="is-layout-flex wp-container-6 wp-block-columns has-background" style="background-color:#e3ebf1">
<div class="is-layout-flow wp-block-column" style="flex-basis:20%">
<h3 class="has-black-color has-text-color">16:15 Uhr</h3>
</div>



<div class="is-layout-flow wp-block-column" style="flex-basis:80%">
<h3 class="has-black-color has-text-color">Ausblick auf die Herbstsession</h3>
</div>
</div>

<div class="is-layout-flex wp-container-11 wp-block-columns has-background" style="background-color:#e3ebf1">
<div class="is-layout-flow wp-block-column" style="flex-basis:20%">
<h3>16:45 Uhr</h3>
</div>



<div class="is-layout-flow wp-block-column" style="flex-basis:80%">
<h3>Inputreferate &amp; Erfahrungsaustausch</h3>



<div class="is-layout-flex wp-container-9 wp-block-columns">
<div class="is-layout-flow wp-block-column">
<figure class="wp-block-image size-full is-resized"><img decoding="async" loading="lazy" src="https://www.swisscleantech.ch/files/1719443531306.jpg" alt="" class="wp-image-31324" width="253" height="253" srcset="https://www.swisscleantech.ch/files/1719443531306.jpg 783w, https://www.swisscleantech.ch/files/1719443531306-300x300.jpg 300w, https://www.swisscleantech.ch/files/1719443531306-768x768.jpg 768w, https://www.swisscleantech.ch/files/1719443531306-125x125.jpg 125w" sizes="(max-width: 253px) 100vw, 253px" /></figure>



<div style="height:20px" aria-hidden="true" class="wp-block-spacer"></div>



<p><strong>Ron Abegglen</strong><br/>Public Affairs SWISS</p>



<div style="height:16px" aria-hidden="true" class="wp-block-spacer"></div>



<div style="height:20px" aria-hidden="true" class="wp-block-spacer"></div>



<figure class="wp-block-image size-full is-resized"><img decoding="async" loading="lazy" src="https://www.swisscleantech.ch/files/Christian-Zeyer.jpg" alt="" class="wp-image-22842" width="253" height="253" srcset="https://www.swisscleantech.ch/files/Christian-Zeyer.jpg 400w, https://www.swisscleantech.ch/files/Christian-Zeyer-300x300.jpg 300w, https://www.swisscleantech.ch/files/Christian-Zeyer-125x125.jpg 125w" sizes="(max-width: 253px) 100vw, 253px" /></figure>



<div style="height:20px" aria-hidden="true" class="wp-block-spacer"></div>



<p><strong>Christian Zeyer</strong><br/>Co-Geschäftsführer swisscleantech</p>



<div style="height:20px" aria-hidden="true" class="wp-block-spacer"></div>



<div style="height:20px" aria-hidden="true" class="wp-block-spacer"></div>



<figure class="wp-block-image size-full is-resized"><img decoding="async" loading="lazy" src="https://www.swisscleantech.ch/files/1667925114500.jpg" alt="" class="wp-image-31325" width="253" height="253" srcset="https://www.swisscleantech.ch/files/1667925114500.jpg 710w, https://www.swisscleantech.ch/files/1667925114500-300x300.jpg 300w, https://www.swisscleantech.ch/files/1667925114500-125x125.jpg 125w" sizes="(max-width: 253px) 100vw, 253px" /></figure>



<div style="height:20px" aria-hidden="true" class="wp-block-spacer"></div>



<p><strong>Veronika Elgart</strong><br/>Stv. Sektionsleiterin Internationale Klimapolitik BAFU</p>
</div>
</div>
</div>
</div>

<div class="is-layout-flex wp-container-14 wp-block-columns has-background" style="background-color:#79a6cb">
<div class="is-layout-flow wp-block-column" style="flex-basis:20%">
<h3 class="has-white-color has-text-color">18:00 Uhr</h3>
</div>



<div class="is-layout-flow wp-block-column" style="flex-basis:80%">
<h3 class="has-white-color has-text-color">Ende des PA-Zirkels und Apéro</h3>
</div>
</div>

<div style="height:60px" aria-hidden="true" class="wp-block-spacer"></div>

<div class="is-layout-flex wp-container-15 wp-block-columns"></div>

<h6>Diese Veranstaltung richtet sich exklusiv an Public Affairs-Verantwortliche von swisscleantech-Mitgliedern und geladene Gäste.</h6>

<div class="is-layout-flex wp-container-17 wp-block-columns has-background" style="background-color:#79a6cb">
<div class="is-layout-flow wp-block-column"><div class="wp-block-image">
<figure class="aligncenter size-large is-resized"><img decoding="async" src="https://www.swisscleantech.ch/files/Public-Affairs-Zirkel-Icon-mit-Text.svg" alt="" class="wp-image-31259" width="250"/></figure></div>


<div style="height:20px" aria-hidden="true" class="wp-block-spacer"></div>



<p class="has-white-color has-text-color">Der swisscleantech Public Affairs-Zirkel verfolgt das Ziel, frühzeitig über energie- und klimapolitische Entwicklungen zu informieren, Anliegen entgegenzunehmen und über die Aktivitäten von swisscleantech zu informieren. Gleichzeitig geht es aber auch darum, die persönliche Vernetzung untereinander weiter zu fördern.</p>
</div>
</div>
