{"id":31460,"date":"2024-07-30T12:51:46","date_gmt":"2024-07-30T12:51:46","guid":{"rendered":"https:\/\/www.swisscleantech.ch\/?post_type=agendaeintrag&#038;p=31460"},"modified":"2024-09-05T15:01:46","modified_gmt":"2024-09-05T15:01:46","slug":"nachhaltige-transformation-wie-die-brugg-group-nachhaltigkeit-im-unternehmen-verankert","status":"publish","type":"agendaeintrag","link":"https:\/\/www.swisscleantech.ch\/fr\/agendaeintrag\/nachhaltige-transformation-wie-die-brugg-group-nachhaltigkeit-im-unternehmen-verankert\/","title":{"rendered":"Nachhaltige Transformation: Wie die BRUGG Group Nachhaltigkeit im Unternehmen verankert"},"content":{"rendered":"\n<p><strong>Die BRUGG Group, ein weltweit f\u00fchrendes Industrieunternehmen mit CO<sub>2<\/sub>-intensiven Vorleistungsprodukten, will seine Lieferkette durch den Einsatz von Kreislaufwirtschaft und Produktinnovationen dekarbonisieren \u2013 von Seil- und Schutznetztechnik bis zu Prozessleittechnik und Kabelsystemen. Wir diskutieren, wie Innovation und Nachhaltigkeit Hand in Hand gehen und welche H\u00fcrden noch zu nehmen sind. <\/strong><strong><\/strong><\/p>\n\n\n\n<p>Die BRUGG Group wurde 1896 als Kabelfabrik gegr\u00fcndet und hat sich zu einem globalen Industrieunternehmen mit 2\u2019200 Mitarbeitenden und 19 Produktionsstandorten entwickelt. Spezialisiert auf Seil- und Schutznetztechnik, Rohrsysteme, Prozessleittechnik und Kabelsysteme, ist die BRUGG Group heute ein f\u00fchrender Player in Bereichen wie Fernw\u00e4rmetechnologie, Naturgefahrenschutz, Transportbahnen und E-Mobilit\u00e4t.<\/p>\n\n\n\n<h2><strong>Von der Verankerung der Nachhaltigkeitsstrategie zu den konkreten Massnahmen<\/strong><\/h2>\n\n\n\n<p>Die Brugg Gruppe hat im Juli 2024 ihren ersten Nachhaltigkeitsbericht ver\u00f6ffentlicht. Ein Produkt, dem ein langer Strategieprozess voranging und den Einbezug der Mitarbeiter*innen bedingte. Ein Erfolgsfaktor bildete der Aufbau einer funktionalen F\u00fchrungsstruktur, welche Nachhaltigkeitsverantwortliche in den Gesch\u00e4ftsbereichen klar benannte.<\/p>\n\n\n\n<p>Nachhaltigkeitsaspekte und Produktinnovationen stehen neu im Zentrum des Innovations- und Wachstumsprogramms &#8220;BRUGG 2028&#8221;. Die Reduktion des Umweltfussabdrucks ist angesichts der energieintensiven Produktion von Stahl und Kunststoff in den vorgelagerten Wertsch\u00f6pfungsketten eine grosse Herausforderung und die Entwicklung neuer L\u00f6sungen unterliegt oft langwierigen und kostenintensiven Entwicklungs- und Genehmigungsprozessen. Eine umfassende Ver\u00e4nderung entlang der gesamten Lieferkette ist deshalb gefragt. Mit partnerschaftlichem Engagement zusammen mit Kund*innen, Lieferant*innen und Mitarbeitenden nimmt sich die BRUGG Gruppe diesen Herausforderungen an und achtet beim Design neuer Produkte verst\u00e4rkt auf deren Kreislauff\u00e4higkeit.<\/p>\n\n\n\n<h2>Klimaschutz in der Praxis<\/h2>\n\n\n\n<p>Am Brown Bag Lunch zeigt die BRUGG Gruppe anschaulich, mit welchen konkreten Massnahmen das Unternehmen ihren Beitrag zur Nachhaltigkeit gestaltet und mit welchen Herausforderungen sie konfrontiert sind. Als CEO der BRUGG Group gibt Stephan Wartmann Einblicke in die strategische Verankerung und Relevanz von Nachhaltigkeit. Ebenso verdeutlicht der Head of Sustainability, Alex Heinemann, die Herausforderungen und L\u00f6sungsans\u00e4tze von Theorie zur Praxis im Nachhaltigkeitsmanagement der BRUGG Gruppe.<\/p>\n\n\n\n<h2>Zu den Referenten<\/h2>\n\n\n\n<p><\/p>\n\n\n\n<div class=\"is-layout-flex wp-container-3 wp-block-columns abstand_gross has-background\" style=\"background-color:#e3ebf1\">\n<div class=\"is-layout-flow wp-block-column\">\n<figure class=\"wp-block-image size-full\"><img decoding=\"async\" loading=\"lazy\" width=\"800\" height=\"800\" src=\"https:\/\/www.swisscleantech.ch\/files\/Stephan-Wartmann-BRUGG.jpg\" alt=\"\" class=\"wp-image-31461\" srcset=\"https:\/\/www.swisscleantech.ch\/files\/Stephan-Wartmann-BRUGG.jpg 800w, https:\/\/www.swisscleantech.ch\/files\/Stephan-Wartmann-BRUGG-300x300.jpg 300w, https:\/\/www.swisscleantech.ch\/files\/Stephan-Wartmann-BRUGG-768x768.jpg 768w, https:\/\/www.swisscleantech.ch\/files\/Stephan-Wartmann-BRUGG-125x125.jpg 125w\" sizes=\"(max-width: 800px) 100vw, 800px\" \/><\/figure>\n\n\n\n<div style=\"height:20px\" aria-hidden=\"true\" class=\"wp-block-spacer\"><\/div>\n\n\n\n<p><strong>Stephan Wartmann<\/strong><br>Group CEO BRUGG Group<\/p>\n\n\n\n<p>Stephan Wartmann ist als Group CEO f\u00fcr die strategische Verankerung der Nachhaltigkeitsstrategie \u00fcber die gesamte Gruppe verantwortlich.<\/p>\n<\/div>\n\n\n\n<div class=\"is-layout-flow wp-block-column\">\n<figure class=\"wp-block-image size-full\"><img decoding=\"async\" loading=\"lazy\" width=\"800\" height=\"800\" src=\"https:\/\/www.swisscleantech.ch\/files\/Alex-Heinemann-BRUGG.jpg\" alt=\"\" class=\"wp-image-31462\" srcset=\"https:\/\/www.swisscleantech.ch\/files\/Alex-Heinemann-BRUGG.jpg 800w, https:\/\/www.swisscleantech.ch\/files\/Alex-Heinemann-BRUGG-300x300.jpg 300w, https:\/\/www.swisscleantech.ch\/files\/Alex-Heinemann-BRUGG-768x768.jpg 768w, https:\/\/www.swisscleantech.ch\/files\/Alex-Heinemann-BRUGG-125x125.jpg 125w\" sizes=\"(max-width: 800px) 100vw, 800px\" \/><\/figure>\n\n\n\n<div style=\"height:20px\" aria-hidden=\"true\" class=\"wp-block-spacer\"><\/div>\n\n\n\n<p><strong>Alex Heinemann<\/strong><br>Head of Sustainability BRUGG Group<\/p>\n\n\n\n<p>Alex Heinemann ist massgebend f\u00fcr den Klimaschutz im Unternehmen und in der Wertsch\u00f6pfungskette verantwortlich. Er koordiniert mit den ESG-Leiter*innen in den verschiedenen Gesch\u00e4ftseinheiten die Umsetzung des Nachhaltigkeitsmanagements in der Gruppe.<\/p>\n<\/div>\n<\/div>\n\n\n\n<div class=\"is-layout-flex wp-block-buttons\">\n<div class=\"wp-block-button\"><a class=\"wp-block-button__link wp-element-button\" href=\"https:\/\/us06web.zoom.us\/webinar\/register\/WN_xpV2Lw1UT56PMUK6QGnA5Q#\/registration\" target=\"_blank\" rel=\"noopener\">Zur Anmeldung<\/a><\/div>\n<\/div>\n\n\n\n<div style=\"height:80px\" aria-hidden=\"true\" class=\"wp-block-spacer\"><\/div>\n\n\n\n<div class=\"is-layout-flex wp-container-6 wp-block-columns abstand_gross has-background\" style=\"background-color:#79a6cb\">\n<div class=\"is-layout-flow wp-block-column\">\n<h2 class=\"has-white-color has-text-color\">Brown Bag Lunch \u2013 von Mitgliedern f\u00fcr Mitglieder<\/h2>\n\n\n\n<p class=\"has-white-color has-text-color\">Nach einem anschaulichen Input zur Netto-Null-Ziel-Erreichung eines Schweizer Unternehmens bleibt gen\u00fcgend Raum f\u00fcr Fragen und Austausch. Die Events finden jeweils \u00fcber Mittag und online statt. Teilnehmende profitieren damit kompakt von konkreten, praxisnahen Handlungsans\u00e4tzen eines Unternehmens, die Inspiration zur strategischen und konkreten Umsetzung im eigenen Unternehmen bieten.<\/p>\n\n\n\n<p class=\"has-white-color has-text-color\">Die Eventreihe \u00abBrown Bag Lunch \u2013 von Mitgliedern f\u00fcr Mitglieder\u00bb wird von swisscleantech und \u00f6bu durchgef\u00fchrt.<\/p>\n<\/div>\n<\/div>\n","protected":false},"featured_media":0,"template":"","acf":[],"_links":{"self":[{"href":"https:\/\/www.swisscleantech.ch\/fr\/wp-json\/wp\/v2\/agendaeintrag\/31460"}],"collection":[{"href":"https:\/\/www.swisscleantech.ch\/fr\/wp-json\/wp\/v2\/agendaeintrag"}],"about":[{"href":"https:\/\/www.swisscleantech.ch\/fr\/wp-json\/wp\/v2\/types\/agendaeintrag"}],"version-history":[{"count":0,"href":"https:\/\/www.swisscleantech.ch\/fr\/wp-json\/wp\/v2\/agendaeintrag\/31460\/revisions"}],"wp:attachment":[{"href":"https:\/\/www.swisscleantech.ch\/fr\/wp-json\/wp\/v2\/media?parent=31460"}],"curies":[{"name":"wp","href":"https:\/\/api.w.org\/{rel}","templated":true}]}}

<p><strong>Die BRUGG Group, ein weltweit führendes Industrieunternehmen mit CO<sub>2</sub>-intensiven Vorleistungsprodukten, will seine Lieferkette durch den Einsatz von Kreislaufwirtschaft und Produktinnovationen dekarbonisieren – von Seil- und Schutznetztechnik bis zu Prozessleittechnik und Kabelsystemen. Wir diskutieren, wie Innovation und Nachhaltigkeit Hand in Hand gehen und welche Hürden noch zu nehmen sind. </strong><strong></strong></p>



<p>Die BRUGG Group wurde 1896 als Kabelfabrik gegründet und hat sich zu einem globalen Industrieunternehmen mit 2’200 Mitarbeitenden und 19 Produktionsstandorten entwickelt. Spezialisiert auf Seil- und Schutznetztechnik, Rohrsysteme, Prozessleittechnik und Kabelsysteme, ist die BRUGG Group heute ein führender Player in Bereichen wie Fernwärmetechnologie, Naturgefahrenschutz, Transportbahnen und E-Mobilität.</p>



<h2><strong>Von der Verankerung der Nachhaltigkeitsstrategie zu den konkreten Massnahmen</strong></h2>



<p>Die Brugg Gruppe hat im Juli 2024 ihren ersten Nachhaltigkeitsbericht veröffentlicht. Ein Produkt, dem ein langer Strategieprozess voranging und den Einbezug der Mitarbeiter*innen bedingte. Ein Erfolgsfaktor bildete der Aufbau einer funktionalen Führungsstruktur, welche Nachhaltigkeitsverantwortliche in den Geschäftsbereichen klar benannte.</p>



<p>Nachhaltigkeitsaspekte und Produktinnovationen stehen neu im Zentrum des Innovations- und Wachstumsprogramms &#8220;BRUGG 2028&#8221;. Die Reduktion des Umweltfussabdrucks ist angesichts der energieintensiven Produktion von Stahl und Kunststoff in den vorgelagerten Wertschöpfungsketten eine grosse Herausforderung und die Entwicklung neuer Lösungen unterliegt oft langwierigen und kostenintensiven Entwicklungs- und Genehmigungsprozessen. Eine umfassende Veränderung entlang der gesamten Lieferkette ist deshalb gefragt. Mit partnerschaftlichem Engagement zusammen mit Kund*innen, Lieferant*innen und Mitarbeitenden nimmt sich die BRUGG Gruppe diesen Herausforderungen an und achtet beim Design neuer Produkte verstärkt auf deren Kreislauffähigkeit.</p>



<h2>Klimaschutz in der Praxis</h2>



<p>Am Brown Bag Lunch zeigt die BRUGG Gruppe anschaulich, mit welchen konkreten Massnahmen das Unternehmen ihren Beitrag zur Nachhaltigkeit gestaltet und mit welchen Herausforderungen sie konfrontiert sind. Als CEO der BRUGG Group gibt Stephan Wartmann Einblicke in die strategische Verankerung und Relevanz von Nachhaltigkeit. Ebenso verdeutlicht der Head of Sustainability, Alex Heinemann, die Herausforderungen und Lösungsansätze von Theorie zur Praxis im Nachhaltigkeitsmanagement der BRUGG Gruppe.</p>



<h2>Zu den Referenten</h2>



<p></p>



<div class="is-layout-flex wp-container-3 wp-block-columns abstand_gross has-background" style="background-color:#e3ebf1">
<div class="is-layout-flow wp-block-column">
<figure class="wp-block-image size-full"><img decoding="async" loading="lazy" width="800" height="800" src="https://www.swisscleantech.ch/files/Stephan-Wartmann-BRUGG.jpg" alt="" class="wp-image-31461" srcset="https://www.swisscleantech.ch/files/Stephan-Wartmann-BRUGG.jpg 800w, https://www.swisscleantech.ch/files/Stephan-Wartmann-BRUGG-300x300.jpg 300w, https://www.swisscleantech.ch/files/Stephan-Wartmann-BRUGG-768x768.jpg 768w, https://www.swisscleantech.ch/files/Stephan-Wartmann-BRUGG-125x125.jpg 125w" sizes="(max-width: 800px) 100vw, 800px" /></figure>



<div style="height:20px" aria-hidden="true" class="wp-block-spacer"></div>



<p><strong>Stephan Wartmann</strong><br>Group CEO BRUGG Group</p>



<p>Stephan Wartmann ist als Group CEO für die strategische Verankerung der Nachhaltigkeitsstrategie über die gesamte Gruppe verantwortlich.</p>
</div>



<div class="is-layout-flow wp-block-column">
<figure class="wp-block-image size-full"><img decoding="async" loading="lazy" width="800" height="800" src="https://www.swisscleantech.ch/files/Alex-Heinemann-BRUGG.jpg" alt="" class="wp-image-31462" srcset="https://www.swisscleantech.ch/files/Alex-Heinemann-BRUGG.jpg 800w, https://www.swisscleantech.ch/files/Alex-Heinemann-BRUGG-300x300.jpg 300w, https://www.swisscleantech.ch/files/Alex-Heinemann-BRUGG-768x768.jpg 768w, https://www.swisscleantech.ch/files/Alex-Heinemann-BRUGG-125x125.jpg 125w" sizes="(max-width: 800px) 100vw, 800px" /></figure>



<div style="height:20px" aria-hidden="true" class="wp-block-spacer"></div>



<p><strong>Alex Heinemann</strong><br>Head of Sustainability BRUGG Group</p>



<p>Alex Heinemann ist massgebend für den Klimaschutz im Unternehmen und in der Wertschöpfungskette verantwortlich. Er koordiniert mit den ESG-Leiter*innen in den verschiedenen Geschäftseinheiten die Umsetzung des Nachhaltigkeitsmanagements in der Gruppe.</p>
</div>
</div>



<div class="is-layout-flex wp-block-buttons">
<div class="wp-block-button"><a class="wp-block-button__link wp-element-button" href="https://us06web.zoom.us/webinar/register/WN_xpV2Lw1UT56PMUK6QGnA5Q#/registration" target="_blank" rel="noopener">Zur Anmeldung</a></div>
</div>



<div style="height:80px" aria-hidden="true" class="wp-block-spacer"></div>



<div class="is-layout-flex wp-container-6 wp-block-columns abstand_gross has-background" style="background-color:#79a6cb">
<div class="is-layout-flow wp-block-column">
<h2 class="has-white-color has-text-color">Brown Bag Lunch – von Mitgliedern für Mitglieder</h2>



<p class="has-white-color has-text-color">Nach einem anschaulichen Input zur Netto-Null-Ziel-Erreichung eines Schweizer Unternehmens bleibt genügend Raum für Fragen und Austausch. Die Events finden jeweils über Mittag und online statt. Teilnehmende profitieren damit kompakt von konkreten, praxisnahen Handlungsansätzen eines Unternehmens, die Inspiration zur strategischen und konkreten Umsetzung im eigenen Unternehmen bieten.</p>



<p class="has-white-color has-text-color">Die Eventreihe «Brown Bag Lunch – von Mitgliedern für Mitglieder» wird von swisscleantech und öbu durchgeführt.</p>
</div>
</div>
