{"id":31474,"date":"2024-08-05T10:45:58","date_gmt":"2024-08-05T10:45:58","guid":{"rendered":"https:\/\/www.swisscleantech.ch\/?post_type=agendaeintrag&#038;p=31474"},"modified":"2024-09-12T08:36:08","modified_gmt":"2024-09-12T08:36:08","slug":"nachhaltigkeitsreporting-nach-csrd-konsequenzen-der-eu-richtlinie-fuer-schweizer-unternehmen","status":"publish","type":"agendaeintrag","link":"https:\/\/www.swisscleantech.ch\/fr\/agendaeintrag\/nachhaltigkeitsreporting-nach-csrd-konsequenzen-der-eu-richtlinie-fuer-schweizer-unternehmen\/","title":{"rendered":"Nachhaltigkeitsreporting nach CSRD \u2013 Konsequenzen der EU-Richtlinie f\u00fcr Schweizer Unternehmen"},"content":{"rendered":"\n<p>Das Nachhaltigkeitsreporting wird f\u00fcr Unternehmen immer wichtiger \u2013 unter anderem, weil das regulatorische Umfeld dieses zunehmend erfordert.&nbsp; Seit Anfang 2023 ist die <strong>Corporate Sustainability Reporting Directive (CSRD), <\/strong>die neue EU-Richtlinie zur Nachhaltigkeitsberichterstattung von gr\u00f6sseren Unternehmen, in Kraft. Mit der <strong>Corporate Sustainability Due Diligence Directive (CSDDD) <\/strong>legt nun die EU bereits eine weitere Richtlinie zur Sorgfaltspflicht auf.<\/p>\n\n\n\n<p>F\u00fcr Unternehmen in der Schweiz hat diese Richtlinie schon heute Bedeutung, wenn ein Schweizer Unternehmen EU-Firmen beliefert oder selbst G\u00fcter im Wert von mehr als 150 Millionen Euro in den EU-Raum exportiert.<\/p>\n\n\n\n<p>Nun wird die Schweiz bez\u00fcglich der CSRD-Richtlinien nachziehen. Der Bundestrat hat deshalb im Juni eine <strong>Vernehmlassung zur Transparenz bez\u00fcglich Nachhaltigkeitsaspekten <\/strong>er\u00f6ffnet. Damit unsere Antwort m\u00f6glichst die Interessen der klimatauglichen Wirtschaft wiedergibt, laden wir unsere Mitglieder zur Diskussion im Rahmen einer Fokusgruppe ein:<\/p>\n\n\n\n<h2>Programm<\/h2>\n\n\n\n<div class=\"is-layout-flex wp-container-5 wp-block-columns has-background\" style=\"background-color:#e3ebf1\">\n<div class=\"is-layout-flow wp-block-column\" style=\"flex-basis:20%\">\n<h3>15:15 Uhr<\/h3>\n<\/div>\n\n\n\n<div class=\"is-layout-flow wp-block-column\" style=\"flex-basis:80%\">\n<h3>Begr\u00fcssung und Einleitung<\/h3>\n\n\n\n<div class=\"is-layout-flex wp-container-3 wp-block-columns\">\n<div class=\"is-layout-flow wp-block-column\">\n<figure class=\"wp-block-image size-full is-resized\"><img decoding=\"async\" loading=\"lazy\" src=\"https:\/\/www.swisscleantech.ch\/files\/Christian-Zeyer-2.jpg\" alt=\"\" class=\"wp-image-29082\" width=\"200\" height=\"200\" srcset=\"https:\/\/www.swisscleantech.ch\/files\/Christian-Zeyer-2.jpg 400w, https:\/\/www.swisscleantech.ch\/files\/Christian-Zeyer-2-300x300.jpg 300w, https:\/\/www.swisscleantech.ch\/files\/Christian-Zeyer-2-125x125.jpg 125w\" sizes=\"(max-width: 200px) 100vw, 200px\" \/><\/figure>\n\n\n\n<div style=\"height:20px\" aria-hidden=\"true\" class=\"wp-block-spacer\"><\/div>\n\n\n\n<p><strong>Christian Zeyer<\/strong><br>Christian Zeyer Co-Gesch\u00e4ftsf\u00fchrer swisscleantech<\/p>\n<\/div>\n<\/div>\n<\/div>\n<\/div>\n\n\n\n<div class=\"is-layout-flex wp-container-10 wp-block-columns has-background\" style=\"background-color:#e3ebf1\">\n<div class=\"is-layout-flow wp-block-column\" style=\"flex-basis:20%\">\n<h3>15:20 Uhr<\/h3>\n<\/div>\n\n\n\n<div class=\"is-layout-flow wp-block-column\" style=\"flex-basis:80%\">\n<h3>Vorstellung CSRD und CSDDD<\/h3>\n\n\n\n<div class=\"is-layout-flex wp-container-8 wp-block-columns\">\n<div class=\"is-layout-flow wp-block-column\">\n<figure class=\"wp-block-image size-full is-resized\"><img decoding=\"async\" loading=\"lazy\" src=\"https:\/\/www.swisscleantech.ch\/files\/Adrian-Peyer-MME-Legal.jpg\" alt=\"\" class=\"wp-image-31475\" width=\"200\" height=\"200\" srcset=\"https:\/\/www.swisscleantech.ch\/files\/Adrian-Peyer-MME-Legal.jpg 400w, https:\/\/www.swisscleantech.ch\/files\/Adrian-Peyer-MME-Legal-300x300.jpg 300w, https:\/\/www.swisscleantech.ch\/files\/Adrian-Peyer-MME-Legal-125x125.jpg 125w\" sizes=\"(max-width: 200px) 100vw, 200px\" \/><\/figure>\n\n\n\n<div style=\"height:20px\" aria-hidden=\"true\" class=\"wp-block-spacer\"><\/div>\n\n\n\n<p><strong>Adrian Peyer<\/strong><br>Attorney at Law MME Legal<\/p>\n<\/div>\n<\/div>\n<\/div>\n<\/div>\n\n\n\n<div class=\"is-layout-flex wp-container-15 wp-block-columns has-background\" style=\"background-color:#e3ebf1\">\n<div class=\"is-layout-flow wp-block-column\" style=\"flex-basis:20%\">\n<h3>15:35 Uhr<\/h3>\n<\/div>\n\n\n\n<div class=\"is-layout-flow wp-block-column\" style=\"flex-basis:80%\">\n<h3>Erfahrungen mit der Umsetzung der CSRD<\/h3>\n\n\n\n<div class=\"is-layout-flex wp-container-13 wp-block-columns\">\n<div class=\"is-layout-flow wp-block-column\">\n<figure class=\"wp-block-image size-full is-resized\"><img decoding=\"async\" loading=\"lazy\" src=\"https:\/\/www.swisscleantech.ch\/files\/Philipp-Boss-Griesser.jpg\" alt=\"\" class=\"wp-image-31476\" width=\"200\" height=\"200\" srcset=\"https:\/\/www.swisscleantech.ch\/files\/Philipp-Boss-Griesser.jpg 400w, https:\/\/www.swisscleantech.ch\/files\/Philipp-Boss-Griesser-300x300.jpg 300w, https:\/\/www.swisscleantech.ch\/files\/Philipp-Boss-Griesser-125x125.jpg 125w\" sizes=\"(max-width: 200px) 100vw, 200px\" \/><\/figure>\n\n\n\n<div style=\"height:20px\" aria-hidden=\"true\" class=\"wp-block-spacer\"><\/div>\n\n\n\n<p><strong>Philipp Boss<\/strong><br>Head of Health, Safety &amp; Environment Griesser<\/p>\n<\/div>\n<\/div>\n<\/div>\n<\/div>\n\n\n\n<div class=\"is-layout-flex wp-container-20 wp-block-columns has-background\" style=\"background-color:#e3ebf1\">\n<div class=\"is-layout-flow wp-block-column\" style=\"flex-basis:20%\">\n<h3>15:50 Uhr<\/h3>\n<\/div>\n\n\n\n<div class=\"is-layout-flow wp-block-column\" style=\"flex-basis:80%\">\n<h3>Ans\u00e4tze f\u00fcr eine vereinfachte Umsetzung mit esg2go<\/h3>\n\n\n\n<div class=\"is-layout-flex wp-container-18 wp-block-columns\">\n<div class=\"is-layout-flow wp-block-column\">\n<figure class=\"wp-block-image size-full is-resized\"><img decoding=\"async\" loading=\"lazy\" src=\"https:\/\/www.swisscleantech.ch\/files\/Philipp-Aerni-Zentrum-fuer-Unternehmensverantwortung-und-Nachhaltigkeit-CCRS.jpg\" alt=\"\" class=\"wp-image-30519\" width=\"200\" height=\"200\" srcset=\"https:\/\/www.swisscleantech.ch\/files\/Philipp-Aerni-Zentrum-fuer-Unternehmensverantwortung-und-Nachhaltigkeit-CCRS.jpg 400w, https:\/\/www.swisscleantech.ch\/files\/Philipp-Aerni-Zentrum-fuer-Unternehmensverantwortung-und-Nachhaltigkeit-CCRS-300x300.jpg 300w, https:\/\/www.swisscleantech.ch\/files\/Philipp-Aerni-Zentrum-fuer-Unternehmensverantwortung-und-Nachhaltigkeit-CCRS-125x125.jpg 125w\" sizes=\"(max-width: 200px) 100vw, 200px\" \/><\/figure>\n\n\n\n<div style=\"height:20px\" aria-hidden=\"true\" class=\"wp-block-spacer\"><\/div>\n\n\n\n<p><strong>Philipp Aerni<\/strong><br>Direktor Center for Corporate Responsibility and Sustainability (CCRS)<\/p>\n<\/div>\n<\/div>\n<\/div>\n<\/div>\n\n\n\n<div class=\"is-layout-flex wp-container-23 wp-block-columns has-background\" style=\"background-color:#e3ebf1\">\n<div class=\"is-layout-flow wp-block-column\" style=\"flex-basis:20%\">\n<h3>16 Uhr<\/h3>\n<\/div>\n\n\n\n<div class=\"is-layout-flow wp-block-column\" style=\"flex-basis:80%\">\n<h3>Fragerunde<\/h3>\n<\/div>\n<\/div>\n\n\n\n<div class=\"is-layout-flex wp-container-26 wp-block-columns has-background\" style=\"background-color:#79a6cb\">\n<div class=\"is-layout-flow wp-block-column\" style=\"flex-basis:20%\">\n<h3 class=\"has-white-color has-text-color\">16:15 Uhr<\/h3>\n<\/div>\n\n\n\n<div class=\"is-layout-flow wp-block-column\" style=\"flex-basis:80%\">\n<h3 class=\"has-white-color has-text-color\">Pause<\/h3>\n<\/div>\n<\/div>\n\n\n\n<div class=\"is-layout-flex wp-container-29 wp-block-columns has-background\" style=\"background-color:#e3ebf1\">\n<div class=\"is-layout-flow wp-block-column\" style=\"flex-basis:20%\">\n<h3>16:30 Uhr<\/h3>\n<\/div>\n\n\n\n<div class=\"is-layout-flow wp-block-column\" style=\"flex-basis:80%\">\n<h3>Entwurf Vernehmlassungsantwort<\/h3>\n<\/div>\n<\/div>\n\n\n\n<div class=\"is-layout-flex wp-container-32 wp-block-columns has-background\" style=\"background-color:#e3ebf1\">\n<div class=\"is-layout-flow wp-block-column\" style=\"flex-basis:20%\">\n<h3>16:45 Uhr<\/h3>\n<\/div>\n\n\n\n<div class=\"is-layout-flow wp-block-column\" style=\"flex-basis:80%\">\n<h3>Diskussion in Kleingruppen<\/h3>\n<\/div>\n<\/div>\n\n\n\n<div class=\"is-layout-flex wp-container-35 wp-block-columns has-background\" style=\"background-color:#e3ebf1\">\n<div class=\"is-layout-flow wp-block-column\" style=\"flex-basis:20%\">\n<h3>17:30 Uhr<\/h3>\n<\/div>\n\n\n\n<div class=\"is-layout-flow wp-block-column\" style=\"flex-basis:80%\">\n<h3>Vorstellung der Resultate und Schlussdiskussion<\/h3>\n<\/div>\n<\/div>\n\n\n\n<div class=\"is-layout-flex wp-container-38 wp-block-columns has-background\" style=\"background-color:#79a6cb\">\n<div class=\"is-layout-flow wp-block-column\" style=\"flex-basis:20%\">\n<h3 class=\"has-white-color has-text-color\">18 Uhr<\/h3>\n<\/div>\n\n\n\n<div class=\"is-layout-flow wp-block-column\" style=\"flex-basis:80%\">\n<h3 class=\"has-white-color has-text-color\">Ap\u00e9ro<\/h3>\n<\/div>\n<\/div>\n\n\n\n<h3>Ziele<\/h3>\n\n\n\n<ul>\n<li>Einblick in die CSRD und in die CSDDD und deren Umsetzung<\/li>\n\n\n\n<li>Den ersten Entwurf unserer Vernehmlassungsantwort besprechen<\/li>\n\n\n\n<li>Gelegenheit zum informellen Austausch<\/li>\n<\/ul>\n\n\n\n<h3>Zielpublikum<\/h3>\n\n\n\n<p>Nachhaltigkeitsverantwortliche und Gesch\u00e4ftsf\u00fchrende von mittelst\u00e4ndischen und grossen Unternehmen sowie KMU als Zulieferer an Europ\u00e4ische Grossunternehmen.<\/p>\n\n\n\n<h6>Diese Veranstaltung richtet sich exklusiv an swisscleantech-Mitglieder.<\/h6>\n","protected":false},"featured_media":0,"template":"","acf":[],"_links":{"self":[{"href":"https:\/\/www.swisscleantech.ch\/fr\/wp-json\/wp\/v2\/agendaeintrag\/31474"}],"collection":[{"href":"https:\/\/www.swisscleantech.ch\/fr\/wp-json\/wp\/v2\/agendaeintrag"}],"about":[{"href":"https:\/\/www.swisscleantech.ch\/fr\/wp-json\/wp\/v2\/types\/agendaeintrag"}],"version-history":[{"count":0,"href":"https:\/\/www.swisscleantech.ch\/fr\/wp-json\/wp\/v2\/agendaeintrag\/31474\/revisions"}],"wp:attachment":[{"href":"https:\/\/www.swisscleantech.ch\/fr\/wp-json\/wp\/v2\/media?parent=31474"}],"curies":[{"name":"wp","href":"https:\/\/api.w.org\/{rel}","templated":true}]}}

Nachhaltigkeitsreporting nach CSRD – Konsequenzen der EU-Richtlinie für Schweizer Unternehmen

<p>Das Nachhaltigkeitsreporting wird für Unternehmen immer wichtiger – unter anderem, weil das regulatorische Umfeld dieses zunehmend erfordert.&nbsp; Seit Anfang 2023 ist die <strong>Corporate Sustainability Reporting Directive (CSRD), </strong>die neue EU-Richtlinie zur Nachhaltigkeitsberichterstattung von grösseren Unternehmen, in Kraft. Mit der <strong>Corporate Sustainability Due Diligence Directive (CSDDD) </strong>legt nun die EU bereits eine weitere Richtlinie zur Sorgfaltspflicht auf.</p>



<p>Für Unternehmen in der Schweiz hat diese Richtlinie schon heute Bedeutung, wenn ein Schweizer Unternehmen EU-Firmen beliefert oder selbst Güter im Wert von mehr als 150 Millionen Euro in den EU-Raum exportiert.</p>



<p>Nun wird die Schweiz bezüglich der CSRD-Richtlinien nachziehen. Der Bundestrat hat deshalb im Juni eine <strong>Vernehmlassung zur Transparenz bezüglich Nachhaltigkeitsaspekten </strong>eröffnet. Damit unsere Antwort möglichst die Interessen der klimatauglichen Wirtschaft wiedergibt, laden wir unsere Mitglieder zur Diskussion im Rahmen einer Fokusgruppe ein:</p>



<h2>Programm</h2>



<div class="is-layout-flex wp-container-5 wp-block-columns has-background" style="background-color:#e3ebf1">
<div class="is-layout-flow wp-block-column" style="flex-basis:20%">
<h3>15:15 Uhr</h3>
</div>



<div class="is-layout-flow wp-block-column" style="flex-basis:80%">
<h3>Begrüssung und Einleitung</h3>



<div class="is-layout-flex wp-container-3 wp-block-columns">
<div class="is-layout-flow wp-block-column">
<figure class="wp-block-image size-full is-resized"><img decoding="async" loading="lazy" src="https://www.swisscleantech.ch/files/Christian-Zeyer-2.jpg" alt="" class="wp-image-29082" width="200" height="200" srcset="https://www.swisscleantech.ch/files/Christian-Zeyer-2.jpg 400w, https://www.swisscleantech.ch/files/Christian-Zeyer-2-300x300.jpg 300w, https://www.swisscleantech.ch/files/Christian-Zeyer-2-125x125.jpg 125w" sizes="(max-width: 200px) 100vw, 200px" /></figure>



<div style="height:20px" aria-hidden="true" class="wp-block-spacer"></div>



<p><strong>Christian Zeyer</strong><br>Christian Zeyer Co-Geschäftsführer swisscleantech</p>
</div>
</div>
</div>
</div>



<div class="is-layout-flex wp-container-10 wp-block-columns has-background" style="background-color:#e3ebf1">
<div class="is-layout-flow wp-block-column" style="flex-basis:20%">
<h3>15:20 Uhr</h3>
</div>



<div class="is-layout-flow wp-block-column" style="flex-basis:80%">
<h3>Vorstellung CSRD und CSDDD</h3>



<div class="is-layout-flex wp-container-8 wp-block-columns">
<div class="is-layout-flow wp-block-column">
<figure class="wp-block-image size-full is-resized"><img decoding="async" loading="lazy" src="https://www.swisscleantech.ch/files/Adrian-Peyer-MME-Legal.jpg" alt="" class="wp-image-31475" width="200" height="200" srcset="https://www.swisscleantech.ch/files/Adrian-Peyer-MME-Legal.jpg 400w, https://www.swisscleantech.ch/files/Adrian-Peyer-MME-Legal-300x300.jpg 300w, https://www.swisscleantech.ch/files/Adrian-Peyer-MME-Legal-125x125.jpg 125w" sizes="(max-width: 200px) 100vw, 200px" /></figure>



<div style="height:20px" aria-hidden="true" class="wp-block-spacer"></div>



<p><strong>Adrian Peyer</strong><br>Attorney at Law MME Legal</p>
</div>
</div>
</div>
</div>



<div class="is-layout-flex wp-container-15 wp-block-columns has-background" style="background-color:#e3ebf1">
<div class="is-layout-flow wp-block-column" style="flex-basis:20%">
<h3>15:35 Uhr</h3>
</div>



<div class="is-layout-flow wp-block-column" style="flex-basis:80%">
<h3>Erfahrungen mit der Umsetzung der CSRD</h3>



<div class="is-layout-flex wp-container-13 wp-block-columns">
<div class="is-layout-flow wp-block-column">
<figure class="wp-block-image size-full is-resized"><img decoding="async" loading="lazy" src="https://www.swisscleantech.ch/files/Philipp-Boss-Griesser.jpg" alt="" class="wp-image-31476" width="200" height="200" srcset="https://www.swisscleantech.ch/files/Philipp-Boss-Griesser.jpg 400w, https://www.swisscleantech.ch/files/Philipp-Boss-Griesser-300x300.jpg 300w, https://www.swisscleantech.ch/files/Philipp-Boss-Griesser-125x125.jpg 125w" sizes="(max-width: 200px) 100vw, 200px" /></figure>



<div style="height:20px" aria-hidden="true" class="wp-block-spacer"></div>



<p><strong>Philipp Boss</strong><br>Head of Health, Safety &amp; Environment Griesser</p>
</div>
</div>
</div>
</div>



<div class="is-layout-flex wp-container-20 wp-block-columns has-background" style="background-color:#e3ebf1">
<div class="is-layout-flow wp-block-column" style="flex-basis:20%">
<h3>15:50 Uhr</h3>
</div>



<div class="is-layout-flow wp-block-column" style="flex-basis:80%">
<h3>Ansätze für eine vereinfachte Umsetzung mit esg2go</h3>



<div class="is-layout-flex wp-container-18 wp-block-columns">
<div class="is-layout-flow wp-block-column">
<figure class="wp-block-image size-full is-resized"><img decoding="async" loading="lazy" src="https://www.swisscleantech.ch/files/Philipp-Aerni-Zentrum-fuer-Unternehmensverantwortung-und-Nachhaltigkeit-CCRS.jpg" alt="" class="wp-image-30519" width="200" height="200" srcset="https://www.swisscleantech.ch/files/Philipp-Aerni-Zentrum-fuer-Unternehmensverantwortung-und-Nachhaltigkeit-CCRS.jpg 400w, https://www.swisscleantech.ch/files/Philipp-Aerni-Zentrum-fuer-Unternehmensverantwortung-und-Nachhaltigkeit-CCRS-300x300.jpg 300w, https://www.swisscleantech.ch/files/Philipp-Aerni-Zentrum-fuer-Unternehmensverantwortung-und-Nachhaltigkeit-CCRS-125x125.jpg 125w" sizes="(max-width: 200px) 100vw, 200px" /></figure>



<div style="height:20px" aria-hidden="true" class="wp-block-spacer"></div>



<p><strong>Philipp Aerni</strong><br>Direktor Center for Corporate Responsibility and Sustainability (CCRS)</p>
</div>
</div>
</div>
</div>



<div class="is-layout-flex wp-container-23 wp-block-columns has-background" style="background-color:#e3ebf1">
<div class="is-layout-flow wp-block-column" style="flex-basis:20%">
<h3>16 Uhr</h3>
</div>



<div class="is-layout-flow wp-block-column" style="flex-basis:80%">
<h3>Fragerunde</h3>
</div>
</div>



<div class="is-layout-flex wp-container-26 wp-block-columns has-background" style="background-color:#79a6cb">
<div class="is-layout-flow wp-block-column" style="flex-basis:20%">
<h3 class="has-white-color has-text-color">16:15 Uhr</h3>
</div>



<div class="is-layout-flow wp-block-column" style="flex-basis:80%">
<h3 class="has-white-color has-text-color">Pause</h3>
</div>
</div>



<div class="is-layout-flex wp-container-29 wp-block-columns has-background" style="background-color:#e3ebf1">
<div class="is-layout-flow wp-block-column" style="flex-basis:20%">
<h3>16:30 Uhr</h3>
</div>



<div class="is-layout-flow wp-block-column" style="flex-basis:80%">
<h3>Entwurf Vernehmlassungsantwort</h3>
</div>
</div>



<div class="is-layout-flex wp-container-32 wp-block-columns has-background" style="background-color:#e3ebf1">
<div class="is-layout-flow wp-block-column" style="flex-basis:20%">
<h3>16:45 Uhr</h3>
</div>



<div class="is-layout-flow wp-block-column" style="flex-basis:80%">
<h3>Diskussion in Kleingruppen</h3>
</div>
</div>



<div class="is-layout-flex wp-container-35 wp-block-columns has-background" style="background-color:#e3ebf1">
<div class="is-layout-flow wp-block-column" style="flex-basis:20%">
<h3>17:30 Uhr</h3>
</div>



<div class="is-layout-flow wp-block-column" style="flex-basis:80%">
<h3>Vorstellung der Resultate und Schlussdiskussion</h3>
</div>
</div>



<div class="is-layout-flex wp-container-38 wp-block-columns has-background" style="background-color:#79a6cb">
<div class="is-layout-flow wp-block-column" style="flex-basis:20%">
<h3 class="has-white-color has-text-color">18 Uhr</h3>
</div>



<div class="is-layout-flow wp-block-column" style="flex-basis:80%">
<h3 class="has-white-color has-text-color">Apéro</h3>
</div>
</div>



<h3>Ziele</h3>



<ul>
<li>Einblick in die CSRD und in die CSDDD und deren Umsetzung</li>



<li>Den ersten Entwurf unserer Vernehmlassungsantwort besprechen</li>



<li>Gelegenheit zum informellen Austausch</li>
</ul>



<h3>Zielpublikum</h3>



<p>Nachhaltigkeitsverantwortliche und Geschäftsführende von mittelständischen und grossen Unternehmen sowie KMU als Zulieferer an Europäische Grossunternehmen.</p>



<h6>Diese Veranstaltung richtet sich exklusiv an swisscleantech-Mitglieder.</h6>
