{"id":31630,"date":"2024-08-29T15:01:48","date_gmt":"2024-08-29T15:01:48","guid":{"rendered":"https:\/\/www.swisscleantech.ch\/?post_type=agendaeintrag&#038;p=31630"},"modified":"2024-09-13T06:45:33","modified_gmt":"2024-09-13T06:45:33","slug":"webinaire-politique-sur-la-session-dautomne-focus-sur-lapprovisionnement-en-electricite-renouvelable","status":"publish","type":"agendaeintrag","link":"https:\/\/www.swisscleantech.ch\/fr\/agendaeintrag\/webinaire-politique-sur-la-session-dautomne-focus-sur-lapprovisionnement-en-electricite-renouvelable\/","title":{"rendered":"Webinaire politique sur la session d\u2019automne\u00a0: focus sur l\u2019approvisionnement en \u00e9lectricit\u00e9 renouvelable"},"content":{"rendered":"<div class=\"wp-block-image\">\n<figure class=\"aligncenter size-large is-resized\"><img decoding=\"async\" src=\"https:\/\/www.swisscleantech.ch\/files\/PolitWebinar-Icon-rot.svg\" alt=\"\" class=\"wp-image-30856\" width=\"100\"\/><\/figure><\/div>\n\n\n<h2 class=\"has-text-align-center <center&gt;\">Focus sur l\u2019approvisionnement en \u00e9lectricit\u00e9 renouvelable<\/h2>\n\n\n\n<p>Apr\u00e8s le Oui important et explicite \u00e0 la loi sur l\u2019\u00e9lectricit\u00e9, les discussions sur un approvisionnement en \u00e9lectricit\u00e9 s\u00fbr et renouvelable ne faiblissent pas. Que ce soit dans le cadre de la prochaine votation sur l\u2019initiative biodiversit\u00e9, des diff\u00e9rends au sujet de nouvelles centrales nucl\u00e9aires ou de l\u2019acc\u00e9l\u00e9ration n\u00e9cessaire du d\u00e9veloppement des \u00e9nergies renouvelables \u2013 les affrontements sur notre <strong>futur approvisionnement en \u00e9lectricit\u00e9<\/strong> et les conditions-cadre politiques qu\u2019il requiert continuent.<\/p>\n\n\n\n<p>Le&nbsp;<strong>projet de loi pour l\u2019acc\u00e9l\u00e9ration des proc\u00e9dures<\/strong>&nbsp;initialement pr\u00e9vu pour la session d&#8217;automne a \u00e9t\u00e9 retir\u00e9 du programme \u00e0 court terme et sera vraisemblablement trait\u00e9 lors de la session d&#8217;hiver. C&#8217;est pourquoi, outre une br\u00e8ve r\u00e9trospective de la session, nous nous concentrerons en premier lieu sur les points chauds actuels du d\u00e9bat sur l&#8217;\u00e9nergie.<\/p>\n\n\n\n<p>Avec&nbsp;<strong>Simone de Montmollin, conseill\u00e8re nationale du PLR<\/strong>, nous discuterons de th\u00e8mes actuels tels que le conflit entre protection et utilit\u00e9, l&#8217;acc\u00e9l\u00e9ration des proc\u00e9dures, le droit de recours des associations et les nouvelles centrales nucl\u00e9aires. Bien entendu, il y aura comme d&#8217;habitude suffisamment de place pour vos questions. Nous nous r\u00e9jouissons de pouvoir dialoguer avec vous !<\/p>\n\n\n\n<div class=\"is-layout-flex wp-container-3 wp-block-columns abstand_gross has-background\" style=\"background-color:#e3ebf1\">\n<div class=\"is-layout-flow wp-block-column\" style=\"flex-basis:33%\">\n<figure class=\"wp-block-image size-full\"><img decoding=\"async\" loading=\"lazy\" width=\"400\" height=\"400\" src=\"https:\/\/www.swisscleantech.ch\/files\/Simone-de-Montmollin-FDP.jpg\" alt=\"\" class=\"wp-image-31629\" srcset=\"https:\/\/www.swisscleantech.ch\/files\/Simone-de-Montmollin-FDP.jpg 400w, https:\/\/www.swisscleantech.ch\/files\/Simone-de-Montmollin-FDP-300x300.jpg 300w, https:\/\/www.swisscleantech.ch\/files\/Simone-de-Montmollin-FDP-125x125.jpg 125w\" sizes=\"(max-width: 400px) 100vw, 400px\" \/><\/figure>\n<\/div>\n\n\n\n<div class=\"is-layout-flow wp-block-column\">\n<h3>Simone de Montmollin<\/h3>\n\n\n\n<p>Conseill\u00e8re nationale PLR, membre de la Commission de l\u2019environnement, de l\u2019am\u00e9nagement du territoire et de l\u2019\u00e9nergie (CEATE-N)<\/p>\n<\/div>\n<\/div>\n\n\n\n<h6>Cet \u00e9v\u00e9nement est r\u00e9serv\u00e9 aux adh\u00e9rents et aux personnes invit\u00e9es.<\/h6>\n\n\n\n<div class=\"is-layout-flex wp-block-buttons\">\n<div class=\"wp-block-button\"><a class=\"wp-block-button__link wp-element-button\" href=\"https:\/\/us06web.zoom.us\/webinar\/register\/WN_kfHFjCgSSxC-yvHiprrtrw#\/registration\" target=\"_blank\" rel=\"noopener\">Inscription<\/a><\/div>\n<\/div>\n\n\n\n<div style=\"height:60px\" aria-hidden=\"true\" class=\"wp-block-spacer\"><\/div>\n\n\n\n<div class=\"is-layout-flex wp-container-6 wp-block-columns\">\n<div class=\"is-layout-flow wp-block-column abstand_gross has-background\" style=\"background-color:#79a6cb\"><div class=\"wp-block-image\">\n<figure class=\"aligncenter size-large\"><img decoding=\"async\" src=\"https:\/\/www.swisscleantech.ch\/files\/PolitWebinar-Icon-mit-Text-FR.svg\" alt=\"\"\/><\/figure><\/div>\n\n<div class=\"wp-block-image\">\n<figure class=\"aligncenter size-large is-resized\"><img decoding=\"async\" src=\"https:\/\/www.swisscleantech.ch\/files\/PolitWebinar-Icon-mit-Text-FR.svg\" alt=\"\" class=\"wp-image-30866\" width=\"250\"\/><\/figure><\/div>\n\n\n<div style=\"height:20px\" aria-hidden=\"true\" class=\"wp-block-spacer\"><\/div>\n\n\n\n<p class=\"has-white-color has-text-color\">Gr\u00e2ce au travail politique de swisscleantech et aux \u00e9changes anim\u00e9s avec les parlementaires, notre webinaire politique fait un tour d\u2019horizon de l\u2019actualit\u00e9 avec une approche pratique et permet un transfert de connaissances entre l\u2019\u00e9conomie, la politique, la science et la soci\u00e9t\u00e9 ainsi qu\u2019une mise en r\u00e9seau.<\/p>\n<\/div>\n<\/div>\n","protected":false},"featured_media":0,"template":"","acf":[],"_links":{"self":[{"href":"https:\/\/www.swisscleantech.ch\/fr\/wp-json\/wp\/v2\/agendaeintrag\/31630"}],"collection":[{"href":"https:\/\/www.swisscleantech.ch\/fr\/wp-json\/wp\/v2\/agendaeintrag"}],"about":[{"href":"https:\/\/www.swisscleantech.ch\/fr\/wp-json\/wp\/v2\/types\/agendaeintrag"}],"version-history":[{"count":0,"href":"https:\/\/www.swisscleantech.ch\/fr\/wp-json\/wp\/v2\/agendaeintrag\/31630\/revisions"}],"wp:attachment":[{"href":"https:\/\/www.swisscleantech.ch\/fr\/wp-json\/wp\/v2\/media?parent=31630"}],"curies":[{"name":"wp","href":"https:\/\/api.w.org\/{rel}","templated":true}]}}

Webinaire politique sur la session d’automne : focus sur l’approvisionnement en électricité renouvelable

<div class="wp-block-image">
<figure class="aligncenter size-large is-resized"><img decoding="async" src="https://www.swisscleantech.ch/files/PolitWebinar-Icon-rot.svg" alt="" class="wp-image-30856" width="100"/></figure></div>


<h2 class="has-text-align-center <center&gt;">Focus sur l’approvisionnement en électricité renouvelable</h2>



<p>Après le Oui important et explicite à la loi sur l’électricité, les discussions sur un approvisionnement en électricité sûr et renouvelable ne faiblissent pas. Que ce soit dans le cadre de la prochaine votation sur l’initiative biodiversité, des différends au sujet de nouvelles centrales nucléaires ou de l’accélération nécessaire du développement des énergies renouvelables – les affrontements sur notre <strong>futur approvisionnement en électricité</strong> et les conditions-cadre politiques qu’il requiert continuent.</p>



<p>Le&nbsp;<strong>projet de loi pour l’accélération des procédures</strong>&nbsp;initialement prévu pour la session d&#8217;automne a été retiré du programme à court terme et sera vraisemblablement traité lors de la session d&#8217;hiver. C&#8217;est pourquoi, outre une brève rétrospective de la session, nous nous concentrerons en premier lieu sur les points chauds actuels du débat sur l&#8217;énergie.</p>



<p>Avec&nbsp;<strong>Simone de Montmollin, conseillère nationale du PLR</strong>, nous discuterons de thèmes actuels tels que le conflit entre protection et utilité, l&#8217;accélération des procédures, le droit de recours des associations et les nouvelles centrales nucléaires. Bien entendu, il y aura comme d&#8217;habitude suffisamment de place pour vos questions. Nous nous réjouissons de pouvoir dialoguer avec vous !</p>



<div class="is-layout-flex wp-container-3 wp-block-columns abstand_gross has-background" style="background-color:#e3ebf1">
<div class="is-layout-flow wp-block-column" style="flex-basis:33%">
<figure class="wp-block-image size-full"><img decoding="async" loading="lazy" width="400" height="400" src="https://www.swisscleantech.ch/files/Simone-de-Montmollin-FDP.jpg" alt="" class="wp-image-31629" srcset="https://www.swisscleantech.ch/files/Simone-de-Montmollin-FDP.jpg 400w, https://www.swisscleantech.ch/files/Simone-de-Montmollin-FDP-300x300.jpg 300w, https://www.swisscleantech.ch/files/Simone-de-Montmollin-FDP-125x125.jpg 125w" sizes="(max-width: 400px) 100vw, 400px" /></figure>
</div>



<div class="is-layout-flow wp-block-column">
<h3>Simone de Montmollin</h3>



<p>Conseillère nationale PLR, membre de la Commission de l’environnement, de l’aménagement du territoire et de l’énergie (CEATE-N)</p>
</div>
</div>



<h6>Cet événement est réservé aux adhérents et aux personnes invitées.</h6>



<div class="is-layout-flex wp-block-buttons">
<div class="wp-block-button"><a class="wp-block-button__link wp-element-button" href="https://us06web.zoom.us/webinar/register/WN_kfHFjCgSSxC-yvHiprrtrw#/registration" target="_blank" rel="noopener">Inscription</a></div>
</div>



<div style="height:60px" aria-hidden="true" class="wp-block-spacer"></div>



<div class="is-layout-flex wp-container-6 wp-block-columns">
<div class="is-layout-flow wp-block-column abstand_gross has-background" style="background-color:#79a6cb"><div class="wp-block-image">
<figure class="aligncenter size-large"><img decoding="async" src="https://www.swisscleantech.ch/files/PolitWebinar-Icon-mit-Text-FR.svg" alt=""/></figure></div>

<div class="wp-block-image">
<figure class="aligncenter size-large is-resized"><img decoding="async" src="https://www.swisscleantech.ch/files/PolitWebinar-Icon-mit-Text-FR.svg" alt="" class="wp-image-30866" width="250"/></figure></div>


<div style="height:20px" aria-hidden="true" class="wp-block-spacer"></div>



<p class="has-white-color has-text-color">Grâce au travail politique de swisscleantech et aux échanges animés avec les parlementaires, notre webinaire politique fait un tour d’horizon de l’actualité avec une approche pratique et permet un transfert de connaissances entre l’économie, la politique, la science et la société ainsi qu’une mise en réseau.</p>
</div>
</div>
