{"id":31711,"date":"2024-08-08T08:53:40","date_gmt":"2024-08-08T08:53:40","guid":{"rendered":"https:\/\/www.swisscleantech.ch\/?post_type=agendaeintrag&#038;p=31711"},"modified":"2024-09-23T14:25:17","modified_gmt":"2024-09-23T14:25:17","slug":"cercle-de-durabilite-la-gestion-du-carbone-liee-aux-produits-comme-etape-strategique-pour-les-entreprises-de-lidee-a-la-pratique","status":"publish","type":"agendaeintrag","link":"https:\/\/www.swisscleantech.ch\/fr\/agendaeintrag\/cercle-de-durabilite-la-gestion-du-carbone-liee-aux-produits-comme-etape-strategique-pour-les-entreprises-de-lidee-a-la-pratique\/","title":{"rendered":"Cercle de durabilit\u00e9 &#8211; La gestion du carbone li\u00e9e aux produits comme \u00e9tape strat\u00e9gique pour les entreprises : De l&#8217;id\u00e9e \u00e0 la pratique"},"content":{"rendered":"<div class=\"wp-block-image\">\n<figure class=\"aligncenter size-large is-resized\"><img decoding=\"async\" src=\"https:\/\/www.swisscleantech.ch\/files\/Nachhaltigkeitszirkel-Icon-rot.svg\" alt=\"\" class=\"wp-image-30860\" width=\"100\"\/><\/figure><\/div>\n\n\n<div style=\"height:20px\" aria-hidden=\"true\" class=\"wp-block-spacer\"><\/div>\n\n\n\n<p>M\u00eame si les \u00e9missions de CO<sub>2 <\/sub>ont d\u00e9sormais une influence mesurable sur le succ\u00e8s financier, elles restent difficiles \u00e0 saisir et se basent g\u00e9n\u00e9ralement sur l'utilisation de valeurs moyennes ou d'hypoth\u00e8ses plus grossi\u00e8res. Une empreinte carbone num\u00e9rique au niveau du produit (avec des valeurs r\u00e9elles) contrecarre ces impr\u00e9cisions et augmente la transparence, la pr\u00e9cision et la fiabilit\u00e9 des bases d'information. En combinaison avec des donn\u00e9es financi\u00e8res, il est ainsi possible de prendre des d\u00e9cisions mieux fond\u00e9es, qui sont \u00e0 la fois pertinentes pour l'entreprise et pour l'environnement.<\/p>\n\n\n\n<h2>Programm<\/h2>\n\n\n\n<div class=\"is-layout-flex wp-container-3 wp-block-columns has-background\" style=\"background-color:#79a6cb\">\n<div class=\"is-layout-flow wp-block-column\" style=\"flex-basis:20%\">\n<h3 class=\"has-white-color has-text-color\">15h30<\/h3>\n<\/div>\n\n\n\n<div class=\"is-layout-flow wp-block-column\" style=\"flex-basis:80%\">\n<h3 class=\"has-white-color has-text-color\">Arriv\u00e9e<\/h3>\n<\/div>\n<\/div>\n\n\n\n<div class=\"is-layout-flex wp-container-9 wp-block-columns has-background\" style=\"background-color:#e3ebf1\">\n<div class=\"is-layout-flow wp-block-column\" style=\"flex-basis:20%\">\n<h3>16h00<\/h3>\n<\/div>\n\n\n\n<div class=\"is-layout-flow wp-block-column\" style=\"flex-basis:80%\">\n<h3>Accueil<\/h3>\n\n\n\n<div class=\"is-layout-flex wp-container-7 wp-block-columns\">\n<div class=\"is-layout-flow wp-block-column\">\n<figure class=\"wp-block-image size-full is-resized\"><img decoding=\"async\" loading=\"lazy\" src=\"https:\/\/www.swisscleantech.ch\/files\/Sebastian-Kaczynski-SAP.jpg\" alt=\"\" class=\"wp-image-30525\" width=\"200\" height=\"200\" srcset=\"https:\/\/www.swisscleantech.ch\/files\/Sebastian-Kaczynski-SAP.jpg 400w, https:\/\/www.swisscleantech.ch\/files\/Sebastian-Kaczynski-SAP-300x300.jpg 300w, https:\/\/www.swisscleantech.ch\/files\/Sebastian-Kaczynski-SAP-125x125.jpg 125w\" sizes=\"(max-width: 200px) 100vw, 200px\" \/><\/figure>\n\n\n\n<div style=\"height:20px\" aria-hidden=\"true\" class=\"wp-block-spacer\"><\/div>\n\n\n\n<p><strong>Sebastian Kaczynski<\/strong><br>Chief Sustainability Officer SAP Switzerland<\/p>\n<\/div>\n\n\n\n<div class=\"is-layout-flow wp-block-column\">\n<figure class=\"wp-block-image size-full is-resized\"><img decoding=\"async\" loading=\"lazy\" src=\"https:\/\/www.swisscleantech.ch\/files\/Marco-Kundert-BearingPoint.jpg\" alt=\"\" class=\"wp-image-31486\" width=\"200\" height=\"200\" srcset=\"https:\/\/www.swisscleantech.ch\/files\/Marco-Kundert-BearingPoint.jpg 500w, https:\/\/www.swisscleantech.ch\/files\/Marco-Kundert-BearingPoint-300x300.jpg 300w, https:\/\/www.swisscleantech.ch\/files\/Marco-Kundert-BearingPoint-125x125.jpg 125w\" sizes=\"(max-width: 200px) 100vw, 200px\" \/><\/figure>\n\n\n\n<div style=\"height:20px\" aria-hidden=\"true\" class=\"wp-block-spacer\"><\/div>\n\n\n\n<p><strong>Marco Kundert<\/strong><br>Partner BearingPoint<br><\/p>\n<\/div>\n<\/div>\n<\/div>\n<\/div>\n\n\n\n<div class=\"is-layout-flex wp-container-14 wp-block-columns has-background\" style=\"background-color:#e3ebf1\">\n<div class=\"is-layout-flow wp-block-column\" style=\"flex-basis:20%\">\n<h3>16h10<\/h3>\n<\/div>\n\n\n\n<div class=\"is-layout-flow wp-block-column\" style=\"flex-basis:80%\">\n<h3>Moteurs pour une gestion du carbone bas\u00e9e sur les produits<\/h3>\n\n\n\n<div class=\"is-layout-flex wp-container-12 wp-block-columns\">\n<div class=\"is-layout-flow wp-block-column\">\n<figure class=\"wp-block-image size-full is-resized\"><img decoding=\"async\" loading=\"lazy\" src=\"https:\/\/www.swisscleantech.ch\/files\/Christian-Zeyer-2.jpg\" alt=\"\" class=\"wp-image-29082\" width=\"200\" height=\"200\" srcset=\"https:\/\/www.swisscleantech.ch\/files\/Christian-Zeyer-2.jpg 400w, https:\/\/www.swisscleantech.ch\/files\/Christian-Zeyer-2-300x300.jpg 300w, https:\/\/www.swisscleantech.ch\/files\/Christian-Zeyer-2-125x125.jpg 125w\" sizes=\"(max-width: 200px) 100vw, 200px\" \/><\/figure>\n\n\n\n<div style=\"height:20px\" aria-hidden=\"true\" class=\"wp-block-spacer\"><\/div>\n\n\n\n<p><strong>Christian Zeyer<\/strong><br>Co-directeur swisscleantech<\/p>\n<\/div>\n<\/div>\n<\/div>\n<\/div>\n\n\n\n<div class=\"is-layout-flex wp-container-19 wp-block-columns has-background\" style=\"background-color:#e3ebf1\">\n<div class=\"is-layout-flow wp-block-column\" style=\"flex-basis:20%\">\n<h3>16h30<\/h3>\n<\/div>\n\n\n\n<div class=\"is-layout-flow wp-block-column\" style=\"flex-basis:80%\">\n<h3>Product Carbon Footprint - du d\u00e9fi \u00e0 l'opportunit\u00e9<\/h3>\n\n\n\n<div class=\"is-layout-flex wp-container-17 wp-block-columns\">\n<div class=\"is-layout-flow wp-block-column\">\n<figure class=\"wp-block-image size-full is-resized\"><img decoding=\"async\" loading=\"lazy\" src=\"https:\/\/www.swisscleantech.ch\/files\/Mario-Brunn-Geobrugg.jpg\" alt=\"\" class=\"wp-image-31487\" width=\"200\" height=\"200\" srcset=\"https:\/\/www.swisscleantech.ch\/files\/Mario-Brunn-Geobrugg.jpg 311w, https:\/\/www.swisscleantech.ch\/files\/Mario-Brunn-Geobrugg-300x300.jpg 300w, https:\/\/www.swisscleantech.ch\/files\/Mario-Brunn-Geobrugg-125x125.jpg 125w\" sizes=\"(max-width: 200px) 100vw, 200px\" \/><\/figure>\n\n\n\n<div style=\"height:20px\" aria-hidden=\"true\" class=\"wp-block-spacer\"><\/div>\n\n\n\n<p><strong>Mario Brunn<\/strong><br>Director Global Marketing and Product Management Geobrugg Group<\/p>\n<\/div>\n<\/div>\n<\/div>\n<\/div>\n\n\n\n<div class=\"is-layout-flex wp-container-24 wp-block-columns has-background\" style=\"background-color:#e3ebf1\">\n<div class=\"is-layout-flow wp-block-column\" style=\"flex-basis:20%\">\n<h3>16h50<\/h3>\n<\/div>\n\n\n\n<div class=\"is-layout-flow wp-block-column\" style=\"flex-basis:80%\">\n<h3>Possibilit\u00e9s d'une comptabilit\u00e9 carbone transactionnelle<\/h3>\n\n\n\n<p>Solutions, conditions pr\u00e9alables et bonnes pratiques<\/p>\n\n\n\n<div class=\"is-layout-flex wp-container-22 wp-block-columns\">\n<div class=\"is-layout-flow wp-block-column\">\n<figure class=\"wp-block-image size-full is-resized\"><img decoding=\"async\" loading=\"lazy\" src=\"https:\/\/www.swisscleantech.ch\/files\/Sebastian-Kaczynski-SAP.jpg\" alt=\"\" class=\"wp-image-30525\" width=\"200\" height=\"200\" srcset=\"https:\/\/www.swisscleantech.ch\/files\/Sebastian-Kaczynski-SAP.jpg 400w, https:\/\/www.swisscleantech.ch\/files\/Sebastian-Kaczynski-SAP-300x300.jpg 300w, https:\/\/www.swisscleantech.ch\/files\/Sebastian-Kaczynski-SAP-125x125.jpg 125w\" sizes=\"(max-width: 200px) 100vw, 200px\" \/><\/figure>\n\n\n\n<div style=\"height:20px\" aria-hidden=\"true\" class=\"wp-block-spacer\"><\/div>\n\n\n\n<p><strong>Sebastian Kaczynski<\/strong><br>Chief Sustainability Officer SAP Switzerland<\/p>\n<\/div>\n<\/div>\n<\/div>\n<\/div>\n\n\n\n<div class=\"is-layout-flex wp-container-27 wp-block-columns has-background\" style=\"background-color:#e3ebf1\">\n<div class=\"is-layout-flow wp-block-column has-black-color has-text-color\" style=\"flex-basis:20%\">\n<h3>17h10<\/h3>\n<\/div>\n\n\n\n<div class=\"is-layout-flow wp-block-column\" style=\"flex-basis:80%\">\n<h3>Groupe de discussion<\/h3>\n\n\n\n<p>en groupes<\/p>\n\n\n\n<ul class=\"has-black-color has-text-color\">\n<li>Que signifie une comptabilit\u00e9 carbone li\u00e9e au produit pour mon produit ? Comment arriver \u00e0 cette situation id\u00e9ale?<\/li>\n\n\n\n<li>Quels sont les principaux d\u00e9fis et leviers pour obtenir une qualit\u00e9 de donn\u00e9es suffisante?<\/li>\n\n\n\n<li>Quelles sont les premi\u00e8res \u00e9tapes pour optimiser l'empreinte de mes produits? Quel r\u00f4le les responsables de la durabilit\u00e9 doivent-ils jouer sur cette voie? Quelles formes de collaboration (par exemple avec le service des achats) sont n\u00e9cessaires \u00e0 cet effet?<\/li>\n<\/ul>\n<\/div>\n<\/div>\n\n\n\n<div class=\"is-layout-flex wp-container-30 wp-block-columns has-background\" style=\"background-color:#e3ebf1\">\n<div class=\"is-layout-flow wp-block-column\" style=\"flex-basis:20%\">\n<h3 class=\"has-black-color has-text-color\">18h00<\/h3>\n<\/div>\n\n\n\n<div class=\"is-layout-flow wp-block-column\" style=\"flex-basis:80%\">\n<h3 class=\"has-black-color has-text-color\">R\u00e9sum\u00e9 &amp; Discussion finale<\/h3>\n<\/div>\n<\/div>\n\n\n\n<div class=\"is-layout-flex wp-container-33 wp-block-columns has-background\" style=\"background-color:#79a6cb\">\n<div class=\"is-layout-flow wp-block-column\" style=\"flex-basis:20%\">\n<h3 class=\"has-white-color has-text-color\">18h30<\/h3>\n<\/div>\n\n\n\n<div class=\"is-layout-flow wp-block-column\" style=\"flex-basis:80%\">\n<h3 class=\"has-white-color has-text-color\">Ap\u00e9ro<\/h3>\n<\/div>\n<\/div>\n\n\n\n<div style=\"height:60px\" aria-hidden=\"true\" class=\"wp-block-spacer\"><\/div>\n\n\n\n<div class=\"is-layout-flex wp-container-38 wp-block-columns\">\n<div class=\"is-layout-flow wp-block-column abstand_gross has-background\" style=\"background-color:#e3ebf1\">\n<div class=\"is-layout-flex wp-container-36 wp-block-columns\">\n<div class=\"is-layout-flow wp-block-column\" style=\"flex-basis:33%\">\n<figure class=\"wp-block-image size-full\"><img decoding=\"async\" loading=\"lazy\" width=\"617\" height=\"350\" src=\"https:\/\/www.swisscleantech.ch\/files\/SAP-Schweiz-Logo-1.png\" alt=\"\" class=\"wp-image-28915\" srcset=\"https:\/\/www.swisscleantech.ch\/files\/SAP-Schweiz-Logo-1.png 617w, https:\/\/www.swisscleantech.ch\/files\/SAP-Schweiz-Logo-1-300x170.png 300w\" sizes=\"(max-width: 617px) 100vw, 617px\" \/><\/figure>\n<\/div>\n\n\n\n<div class=\"is-layout-flow wp-block-column\">\n<h3>Presenting Partner<\/h3>\n\n\n\n<p>Un grand merci pour le soutien de SAP Switzerland!<\/p>\n<\/div>\n<\/div>\n<\/div>\n<\/div>\n\n\n\n<div class=\"is-layout-flex wp-container-43 wp-block-columns\">\n<div class=\"is-layout-flow wp-block-column abstand_gross has-background\" style=\"background-color:#e3ebf1\">\n<div class=\"is-layout-flex wp-container-41 wp-block-columns\">\n<div class=\"is-layout-flow wp-block-column\" style=\"flex-basis:33%\">\n<figure class=\"wp-block-image size-full\"><img decoding=\"async\" loading=\"lazy\" width=\"617\" height=\"350\" src=\"https:\/\/www.swisscleantech.ch\/files\/BearingPoint-Logo.png\" alt=\"\" class=\"wp-image-28917\" srcset=\"https:\/\/www.swisscleantech.ch\/files\/BearingPoint-Logo.png 617w, https:\/\/www.swisscleantech.ch\/files\/BearingPoint-Logo-300x170.png 300w\" sizes=\"(max-width: 617px) 100vw, 617px\" \/><\/figure>\n<\/div>\n\n\n\n<div class=\"is-layout-flow wp-block-column\">\n<h3>Event Host<\/h3>\n\n\n\n<p>Merci beaucoup pour votre hospitalit\u00e9 BearingPoint!<\/p>\n<\/div>\n<\/div>\n<\/div>\n<\/div>\n\n\n\n<h6>Cette manifestation s'adresse exclusivement aux responsables du d\u00e9veloppement durable des membres de swisscleantech et aux personnes invit\u00e9es.<\/h6>\n\n\n\n<div class=\"is-layout-flex wp-container-45 wp-block-columns has-background\" style=\"background-color:#79a6cb\">\n<div class=\"is-layout-flow wp-block-column\"><div class=\"wp-block-image\">\n<figure class=\"aligncenter size-large is-resized\"><img decoding=\"async\" src=\"https:\/\/www.swisscleantech.ch\/files\/Nachhaltigkeitszirkel-Icon-mit-Text.svg\" alt=\"\" class=\"wp-image-30864\" width=\"250\"\/><\/figure><\/div>\n\n\n<div style=\"height:20px\" aria-hidden=\"true\" class=\"wp-block-spacer\"><\/div>\n\n\n\n<p class=\"has-white-color has-text-color\">Le travail des responsables de la durabilit\u00e9 implique beaucoup de connaissances et de changements en collaboration avec les parties prenantes et les secteurs d'activit\u00e9 les plus divers ; le besoin de mise en r\u00e9seau et d'\u00e9change est donc \u00e9lev\u00e9. C'est pourquoi le cercle de durabilit\u00e9 encourage l'\u00e9change d'exp\u00e9riences cibl\u00e9 entre les sp\u00e9cialistes de la durabilit\u00e9.<\/p>\n<\/div>\n<\/div>\n","protected":false},"featured_media":0,"template":"","acf":[],"_links":{"self":[{"href":"https:\/\/www.swisscleantech.ch\/fr\/wp-json\/wp\/v2\/agendaeintrag\/31711"}],"collection":[{"href":"https:\/\/www.swisscleantech.ch\/fr\/wp-json\/wp\/v2\/agendaeintrag"}],"about":[{"href":"https:\/\/www.swisscleantech.ch\/fr\/wp-json\/wp\/v2\/types\/agendaeintrag"}],"version-history":[{"count":0,"href":"https:\/\/www.swisscleantech.ch\/fr\/wp-json\/wp\/v2\/agendaeintrag\/31711\/revisions"}],"wp:attachment":[{"href":"https:\/\/www.swisscleantech.ch\/fr\/wp-json\/wp\/v2\/media?parent=31711"}],"curies":[{"name":"wp","href":"https:\/\/api.w.org\/{rel}","templated":true}]}}

Cercle de durabilité &#8211; La gestion du carbone liée aux produits comme étape stratégique pour les entreprises : De l&#8217;idée à la pratique

<div class="wp-block-image">
<figure class="aligncenter size-large is-resized"><img decoding="async" src="https://www.swisscleantech.ch/files/Nachhaltigkeitszirkel-Icon-rot.svg" alt="" class="wp-image-30860" width="100"/></figure></div>


<div style="height:20px" aria-hidden="true" class="wp-block-spacer"></div>



<p>Même si les émissions de CO<sub>2 </sub>ont désormais une influence mesurable sur le succès financier, elles restent difficiles à saisir et se basent généralement sur l'utilisation de valeurs moyennes ou d'hypothèses plus grossières. Une empreinte carbone numérique au niveau du produit (avec des valeurs réelles) contrecarre ces imprécisions et augmente la transparence, la précision et la fiabilité des bases d'information. En combinaison avec des données financières, il est ainsi possible de prendre des décisions mieux fondées, qui sont à la fois pertinentes pour l'entreprise et pour l'environnement.</p>



<h2>Programm</h2>



<div class="is-layout-flex wp-container-3 wp-block-columns has-background" style="background-color:#79a6cb">
<div class="is-layout-flow wp-block-column" style="flex-basis:20%">
<h3 class="has-white-color has-text-color">15h30</h3>
</div>



<div class="is-layout-flow wp-block-column" style="flex-basis:80%">
<h3 class="has-white-color has-text-color">Arrivée</h3>
</div>
</div>



<div class="is-layout-flex wp-container-9 wp-block-columns has-background" style="background-color:#e3ebf1">
<div class="is-layout-flow wp-block-column" style="flex-basis:20%">
<h3>16h00</h3>
</div>



<div class="is-layout-flow wp-block-column" style="flex-basis:80%">
<h3>Accueil</h3>



<div class="is-layout-flex wp-container-7 wp-block-columns">
<div class="is-layout-flow wp-block-column">
<figure class="wp-block-image size-full is-resized"><img decoding="async" loading="lazy" src="https://www.swisscleantech.ch/files/Sebastian-Kaczynski-SAP.jpg" alt="" class="wp-image-30525" width="200" height="200" srcset="https://www.swisscleantech.ch/files/Sebastian-Kaczynski-SAP.jpg 400w, https://www.swisscleantech.ch/files/Sebastian-Kaczynski-SAP-300x300.jpg 300w, https://www.swisscleantech.ch/files/Sebastian-Kaczynski-SAP-125x125.jpg 125w" sizes="(max-width: 200px) 100vw, 200px" /></figure>



<div style="height:20px" aria-hidden="true" class="wp-block-spacer"></div>



<p><strong>Sebastian Kaczynski</strong><br>Chief Sustainability Officer SAP Switzerland</p>
</div>



<div class="is-layout-flow wp-block-column">
<figure class="wp-block-image size-full is-resized"><img decoding="async" loading="lazy" src="https://www.swisscleantech.ch/files/Marco-Kundert-BearingPoint.jpg" alt="" class="wp-image-31486" width="200" height="200" srcset="https://www.swisscleantech.ch/files/Marco-Kundert-BearingPoint.jpg 500w, https://www.swisscleantech.ch/files/Marco-Kundert-BearingPoint-300x300.jpg 300w, https://www.swisscleantech.ch/files/Marco-Kundert-BearingPoint-125x125.jpg 125w" sizes="(max-width: 200px) 100vw, 200px" /></figure>



<div style="height:20px" aria-hidden="true" class="wp-block-spacer"></div>



<p><strong>Marco Kundert</strong><br>Partner BearingPoint<br></p>
</div>
</div>
</div>
</div>



<div class="is-layout-flex wp-container-14 wp-block-columns has-background" style="background-color:#e3ebf1">
<div class="is-layout-flow wp-block-column" style="flex-basis:20%">
<h3>16h10</h3>
</div>



<div class="is-layout-flow wp-block-column" style="flex-basis:80%">
<h3>Moteurs pour une gestion du carbone basée sur les produits</h3>



<div class="is-layout-flex wp-container-12 wp-block-columns">
<div class="is-layout-flow wp-block-column">
<figure class="wp-block-image size-full is-resized"><img decoding="async" loading="lazy" src="https://www.swisscleantech.ch/files/Christian-Zeyer-2.jpg" alt="" class="wp-image-29082" width="200" height="200" srcset="https://www.swisscleantech.ch/files/Christian-Zeyer-2.jpg 400w, https://www.swisscleantech.ch/files/Christian-Zeyer-2-300x300.jpg 300w, https://www.swisscleantech.ch/files/Christian-Zeyer-2-125x125.jpg 125w" sizes="(max-width: 200px) 100vw, 200px" /></figure>



<div style="height:20px" aria-hidden="true" class="wp-block-spacer"></div>



<p><strong>Christian Zeyer</strong><br>Co-directeur swisscleantech</p>
</div>
</div>
</div>
</div>



<div class="is-layout-flex wp-container-19 wp-block-columns has-background" style="background-color:#e3ebf1">
<div class="is-layout-flow wp-block-column" style="flex-basis:20%">
<h3>16h30</h3>
</div>



<div class="is-layout-flow wp-block-column" style="flex-basis:80%">
<h3>Product Carbon Footprint - du défi à l'opportunité</h3>



<div class="is-layout-flex wp-container-17 wp-block-columns">
<div class="is-layout-flow wp-block-column">
<figure class="wp-block-image size-full is-resized"><img decoding="async" loading="lazy" src="https://www.swisscleantech.ch/files/Mario-Brunn-Geobrugg.jpg" alt="" class="wp-image-31487" width="200" height="200" srcset="https://www.swisscleantech.ch/files/Mario-Brunn-Geobrugg.jpg 311w, https://www.swisscleantech.ch/files/Mario-Brunn-Geobrugg-300x300.jpg 300w, https://www.swisscleantech.ch/files/Mario-Brunn-Geobrugg-125x125.jpg 125w" sizes="(max-width: 200px) 100vw, 200px" /></figure>



<div style="height:20px" aria-hidden="true" class="wp-block-spacer"></div>



<p><strong>Mario Brunn</strong><br>Director Global Marketing and Product Management Geobrugg Group</p>
</div>
</div>
</div>
</div>



<div class="is-layout-flex wp-container-24 wp-block-columns has-background" style="background-color:#e3ebf1">
<div class="is-layout-flow wp-block-column" style="flex-basis:20%">
<h3>16h50</h3>
</div>



<div class="is-layout-flow wp-block-column" style="flex-basis:80%">
<h3>Possibilités d'une comptabilité carbone transactionnelle</h3>



<p>Solutions, conditions préalables et bonnes pratiques</p>



<div class="is-layout-flex wp-container-22 wp-block-columns">
<div class="is-layout-flow wp-block-column">
<figure class="wp-block-image size-full is-resized"><img decoding="async" loading="lazy" src="https://www.swisscleantech.ch/files/Sebastian-Kaczynski-SAP.jpg" alt="" class="wp-image-30525" width="200" height="200" srcset="https://www.swisscleantech.ch/files/Sebastian-Kaczynski-SAP.jpg 400w, https://www.swisscleantech.ch/files/Sebastian-Kaczynski-SAP-300x300.jpg 300w, https://www.swisscleantech.ch/files/Sebastian-Kaczynski-SAP-125x125.jpg 125w" sizes="(max-width: 200px) 100vw, 200px" /></figure>



<div style="height:20px" aria-hidden="true" class="wp-block-spacer"></div>



<p><strong>Sebastian Kaczynski</strong><br>Chief Sustainability Officer SAP Switzerland</p>
</div>
</div>
</div>
</div>



<div class="is-layout-flex wp-container-27 wp-block-columns has-background" style="background-color:#e3ebf1">
<div class="is-layout-flow wp-block-column has-black-color has-text-color" style="flex-basis:20%">
<h3>17h10</h3>
</div>



<div class="is-layout-flow wp-block-column" style="flex-basis:80%">
<h3>Groupe de discussion</h3>



<p>en groupes</p>



<ul class="has-black-color has-text-color">
<li>Que signifie une comptabilité carbone liée au produit pour mon produit ? Comment arriver à cette situation idéale?</li>



<li>Quels sont les principaux défis et leviers pour obtenir une qualité de données suffisante?</li>



<li>Quelles sont les premières étapes pour optimiser l'empreinte de mes produits? Quel rôle les responsables de la durabilité doivent-ils jouer sur cette voie? Quelles formes de collaboration (par exemple avec le service des achats) sont nécessaires à cet effet?</li>
</ul>
</div>
</div>



<div class="is-layout-flex wp-container-30 wp-block-columns has-background" style="background-color:#e3ebf1">
<div class="is-layout-flow wp-block-column" style="flex-basis:20%">
<h3 class="has-black-color has-text-color">18h00</h3>
</div>



<div class="is-layout-flow wp-block-column" style="flex-basis:80%">
<h3 class="has-black-color has-text-color">Résumé &amp; Discussion finale</h3>
</div>
</div>



<div class="is-layout-flex wp-container-33 wp-block-columns has-background" style="background-color:#79a6cb">
<div class="is-layout-flow wp-block-column" style="flex-basis:20%">
<h3 class="has-white-color has-text-color">18h30</h3>
</div>



<div class="is-layout-flow wp-block-column" style="flex-basis:80%">
<h3 class="has-white-color has-text-color">Apéro</h3>
</div>
</div>



<div style="height:60px" aria-hidden="true" class="wp-block-spacer"></div>



<div class="is-layout-flex wp-container-38 wp-block-columns">
<div class="is-layout-flow wp-block-column abstand_gross has-background" style="background-color:#e3ebf1">
<div class="is-layout-flex wp-container-36 wp-block-columns">
<div class="is-layout-flow wp-block-column" style="flex-basis:33%">
<figure class="wp-block-image size-full"><img decoding="async" loading="lazy" width="617" height="350" src="https://www.swisscleantech.ch/files/SAP-Schweiz-Logo-1.png" alt="" class="wp-image-28915" srcset="https://www.swisscleantech.ch/files/SAP-Schweiz-Logo-1.png 617w, https://www.swisscleantech.ch/files/SAP-Schweiz-Logo-1-300x170.png 300w" sizes="(max-width: 617px) 100vw, 617px" /></figure>
</div>



<div class="is-layout-flow wp-block-column">
<h3>Presenting Partner</h3>



<p>Un grand merci pour le soutien de SAP Switzerland!</p>
</div>
</div>
</div>
</div>



<div class="is-layout-flex wp-container-43 wp-block-columns">
<div class="is-layout-flow wp-block-column abstand_gross has-background" style="background-color:#e3ebf1">
<div class="is-layout-flex wp-container-41 wp-block-columns">
<div class="is-layout-flow wp-block-column" style="flex-basis:33%">
<figure class="wp-block-image size-full"><img decoding="async" loading="lazy" width="617" height="350" src="https://www.swisscleantech.ch/files/BearingPoint-Logo.png" alt="" class="wp-image-28917" srcset="https://www.swisscleantech.ch/files/BearingPoint-Logo.png 617w, https://www.swisscleantech.ch/files/BearingPoint-Logo-300x170.png 300w" sizes="(max-width: 617px) 100vw, 617px" /></figure>
</div>



<div class="is-layout-flow wp-block-column">
<h3>Event Host</h3>



<p>Merci beaucoup pour votre hospitalité BearingPoint!</p>
</div>
</div>
</div>
</div>



<h6>Cette manifestation s'adresse exclusivement aux responsables du développement durable des membres de swisscleantech et aux personnes invitées.</h6>



<div class="is-layout-flex wp-container-45 wp-block-columns has-background" style="background-color:#79a6cb">
<div class="is-layout-flow wp-block-column"><div class="wp-block-image">
<figure class="aligncenter size-large is-resized"><img decoding="async" src="https://www.swisscleantech.ch/files/Nachhaltigkeitszirkel-Icon-mit-Text.svg" alt="" class="wp-image-30864" width="250"/></figure></div>


<div style="height:20px" aria-hidden="true" class="wp-block-spacer"></div>



<p class="has-white-color has-text-color">Le travail des responsables de la durabilité implique beaucoup de connaissances et de changements en collaboration avec les parties prenantes et les secteurs d'activité les plus divers ; le besoin de mise en réseau et d'échange est donc élevé. C'est pourquoi le cercle de durabilité encourage l'échange d'expériences ciblé entre les spécialistes de la durabilité.</p>
</div>
</div>
