{"id":31714,"date":"2024-07-09T14:18:32","date_gmt":"2024-07-09T14:18:32","guid":{"rendered":"https:\/\/www.swisscleantech.ch\/?post_type=agendaeintrag&#038;p=31714"},"modified":"2024-09-23T15:51:14","modified_gmt":"2024-09-23T15:51:14","slug":"schneider-electric-electricity-4-0-member2member-event","status":"publish","type":"agendaeintrag","link":"https:\/\/www.swisscleantech.ch\/fr\/agendaeintrag\/schneider-electric-electricity-4-0-member2member-event\/","title":{"rendered":"Schneider Electric: Electricity 4.0 \u2013 Member2Member Event"},"content":{"rendered":"\n<h2 class=\"has-text-align-left\">Des moyens innovants pour atteindre le z\u00e9ro net gr\u00e2ce \u00e0 la num\u00e9risation et \u00e0 l'efficacit\u00e9<\/h2>\n\n\n\n<p>Avec ses produits et services dans le domaine de l'\u00e9lectrification et de la num\u00e9risation, Schneider Electric permet \u00e0 ses clients d'augmenter l'efficacit\u00e9 \u00e9nerg\u00e9tique gr\u00e2ce \u00e0 des technologies innovantes, de r\u00e9duire les co\u00fbts, de promouvoir la d\u00e9carbonisation et d'atteindre des objectifs de durabilit\u00e9. Parall\u00e8lement, Schneider Electric montre l'exemple dans ses installations de production et prend clairement position sur le plan politique.<\/p>\n\n\n\n<p>Avec une visite guid\u00e9e de l'installation de production de Feller AG (en option) et de l'Innovation Hub, l'\u00e9v\u00e9nement offre un aper\u00e7u passionnant des activit\u00e9s de Schneider Electric et de Feller dans le domaine des installations \u00e9lectriques, de la gestion de l'\u00e9nergie et de l'automatisation.<\/p>\n\n\n\n<h3><strong>Visite de l'usine Feller AG (en option)<\/strong><\/h3>\n\n\n\n<h6>Il n'y a malheureusement plus de places disponibles pour la visite de l'usine - mais nous vous accueillerons volontiers \u00e0 la manifestation principale \u00e0 partir de 16 heures.<\/h6>\n\n\n\n<div class=\"is-layout-flex wp-container-3 wp-block-columns has-background\" style=\"background-color:#e3ebf1\">\n<div class=\"is-layout-flow wp-block-column\" style=\"flex-basis:20%\">\n<h3 class=\"has-black-color has-text-color\">13h30<\/h3>\n<\/div>\n\n\n\n<div class=\"is-layout-flow wp-block-column\" style=\"flex-basis:80%\">\n<h3 class=\"has-black-color has-text-color\">Arriv\u00e9e<\/h3>\n<\/div>\n<\/div>\n\n\n\n<div class=\"is-layout-flex wp-container-8 wp-block-columns has-background\" style=\"background-color:#e3ebf1\">\n<div class=\"is-layout-flow wp-block-column\" style=\"flex-basis:20%\">\n<h3>13h45<\/h3>\n<\/div>\n\n\n\n<div class=\"is-layout-flow wp-block-column\" style=\"flex-basis:80%\">\n<h3>Accueil<\/h3>\n\n\n\n<div class=\"is-layout-flex wp-container-6 wp-block-columns\">\n<div class=\"is-layout-flow wp-block-column\">\n<figure class=\"wp-block-image size-large is-resized\"><img decoding=\"async\" loading=\"lazy\" src=\"https:\/\/www.swisscleantech.ch\/files\/Martin-Eberle_1-edited.jpg\" alt=\"\" class=\"wp-image-31317\" width=\"300\" height=\"300\" srcset=\"https:\/\/www.swisscleantech.ch\/files\/Martin-Eberle_1-edited.jpg 1667w, https:\/\/www.swisscleantech.ch\/files\/Martin-Eberle_1-edited-300x300.jpg 300w, https:\/\/www.swisscleantech.ch\/files\/Martin-Eberle_1-edited-1024x1024.jpg 1024w, https:\/\/www.swisscleantech.ch\/files\/Martin-Eberle_1-edited-768x768.jpg 768w, https:\/\/www.swisscleantech.ch\/files\/Martin-Eberle_1-edited-1536x1536.jpg 1536w, https:\/\/www.swisscleantech.ch\/files\/Martin-Eberle_1-edited-125x125.jpg 125w\" sizes=\"(max-width: 300px) 100vw, 300px\" \/><\/figure>\n\n\n\n<div style=\"height:20px\" aria-hidden=\"true\" class=\"wp-block-spacer\"><\/div>\n\n\n\n<p><strong>Martin Eberle<\/strong><br>Managing Director Feller AG<\/p>\n<\/div>\n<\/div>\n<\/div>\n<\/div>\n\n\n\n<div class=\"is-layout-flex wp-container-11 wp-block-columns has-background\" style=\"background-color:#e3ebf1\">\n<div class=\"is-layout-flow wp-block-column\" style=\"flex-basis:20%\">\n<h3 class=\"has-black-color has-text-color\">14h00<\/h3>\n<\/div>\n\n\n\n<div class=\"is-layout-flow wp-block-column\" style=\"flex-basis:80%\">\n<h3 class=\"has-black-color has-text-color\">Visite guid\u00e9e de l'usine de production<\/h3>\n<\/div>\n<\/div>\n\n\n\n<h3><strong>\u00c9v\u00e9nement principal<\/strong><\/h3>\n\n\n\n<div class=\"is-layout-flex wp-container-16 wp-block-columns has-background\" style=\"background-color:#e3ebf1\">\n<div class=\"is-layout-flow wp-block-column\" style=\"flex-basis:20%\">\n<h3>16h00<\/h3>\n<\/div>\n\n\n\n<div class=\"is-layout-flow wp-block-column\" style=\"flex-basis:80%\">\n<h3>Accueil<\/h3>\n\n\n\n<div class=\"is-layout-flex wp-container-14 wp-block-columns\">\n<div class=\"is-layout-flow wp-block-column\">\n<figure class=\"wp-block-image size-full is-resized\"><img decoding=\"async\" loading=\"lazy\" src=\"https:\/\/www.swisscleantech.ch\/files\/Fabian-Etter-2.jpg\" alt=\"\" class=\"wp-image-29080\" width=\"300\" height=\"300\" srcset=\"https:\/\/www.swisscleantech.ch\/files\/Fabian-Etter-2.jpg 400w, https:\/\/www.swisscleantech.ch\/files\/Fabian-Etter-2-300x300.jpg 300w, https:\/\/www.swisscleantech.ch\/files\/Fabian-Etter-2-125x125.jpg 125w\" sizes=\"(max-width: 300px) 100vw, 300px\" \/><\/figure>\n\n\n\n<div style=\"height:20px\" aria-hidden=\"true\" class=\"wp-block-spacer\"><\/div>\n\n\n\n<p><strong>Fabian Etter<\/strong><br>Co-pr\u00e9sident swisscleantech<\/p>\n<\/div>\n<\/div>\n<\/div>\n<\/div>\n\n\n\n<div class=\"is-layout-flex wp-container-21 wp-block-columns has-background\" style=\"background-color:#e3ebf1\">\n<div class=\"is-layout-flow wp-block-column\" style=\"flex-basis:20%\">\n<h3>16h10<\/h3>\n<\/div>\n\n\n\n<div class=\"is-layout-flow wp-block-column\" style=\"flex-basis:80%\">\n<h3>Electricity 4.0: Des moyens innovants pour atteindre le z\u00e9ro net gr\u00e2ce \u00e0 la num\u00e9risation et \u00e0 l'efficacit\u00e9<\/h3>\n\n\n\n<div class=\"is-layout-flex wp-container-19 wp-block-columns\">\n<div class=\"is-layout-flow wp-block-column\">\n<figure class=\"wp-block-image size-full is-resized\"><img decoding=\"async\" loading=\"lazy\" src=\"https:\/\/www.swisscleantech.ch\/files\/Tanja-Vainio-Schneider-Electric.jpg\" alt=\"\" class=\"wp-image-26119\" width=\"300\" height=\"300\" srcset=\"https:\/\/www.swisscleantech.ch\/files\/Tanja-Vainio-Schneider-Electric.jpg 400w, https:\/\/www.swisscleantech.ch\/files\/Tanja-Vainio-Schneider-Electric-300x300.jpg 300w, https:\/\/www.swisscleantech.ch\/files\/Tanja-Vainio-Schneider-Electric-125x125.jpg 125w\" sizes=\"(max-width: 300px) 100vw, 300px\" \/><\/figure>\n\n\n\n<div style=\"height:20px\" aria-hidden=\"true\" class=\"wp-block-spacer\"><\/div>\n\n\n\n<p><strong>Tanja Vainio<\/strong><br>Country President Schneider Electric Schweiz<\/p>\n<\/div>\n<\/div>\n<\/div>\n<\/div>\n\n\n\n<div class=\"is-layout-flex wp-container-26 wp-block-columns has-background\" style=\"background-color:#e3ebf1\">\n<div class=\"is-layout-flow wp-block-column\" style=\"flex-basis:20%\">\n<h3>16h25<\/h3>\n<\/div>\n\n\n\n<div class=\"is-layout-flow wp-block-column\" style=\"flex-basis:80%\">\n<h3>Cons\u00e9quences du oui \u00e0 la loi sur l'\u00e9lectricit\u00e9 pour une \u00e9conomie adapt\u00e9e au climat<\/h3>\n\n\n\n<div class=\"is-layout-flex wp-container-24 wp-block-columns\">\n<div class=\"is-layout-flow wp-block-column\">\n<figure class=\"wp-block-image size-full is-resized\"><img decoding=\"async\" loading=\"lazy\" src=\"https:\/\/www.swisscleantech.ch\/files\/Michael-Mandl.jpg\" alt=\"\" class=\"wp-image-29081\" width=\"300\" height=\"300\" srcset=\"https:\/\/www.swisscleantech.ch\/files\/Michael-Mandl.jpg 400w, https:\/\/www.swisscleantech.ch\/files\/Michael-Mandl-300x300.jpg 300w, https:\/\/www.swisscleantech.ch\/files\/Michael-Mandl-125x125.jpg 125w\" sizes=\"(max-width: 300px) 100vw, 300px\" \/><\/figure>\n\n\n\n<div style=\"height:20px\" aria-hidden=\"true\" class=\"wp-block-spacer\"><\/div>\n\n\n\n<p><strong>Michael Mandl<\/strong><br>Co-directeur swisscleantech<\/p>\n<\/div>\n<\/div>\n<\/div>\n<\/div>\n\n\n\n<div class=\"is-layout-flex wp-container-29 wp-block-columns has-background\" style=\"background-color:#e3ebf1\">\n<div class=\"is-layout-flow wp-block-column\" style=\"flex-basis:20%\">\n<h3 class=\"has-black-color has-text-color\">16h40<\/h3>\n<\/div>\n\n\n\n<div class=\"is-layout-flow wp-block-column\" style=\"flex-basis:80%\">\n<h3>Mettre le tournant \u00e9nerg\u00e9tique et le net-z\u00e9ro au sol: Le r\u00f4le de l'\u00e9conomie compatible avec le climat<\/h3>\n\n\n\n<p>Discussion en panel<\/p>\n<\/div>\n<\/div>\n\n\n\n<div class=\"is-layout-flex wp-container-32 wp-block-columns has-background\" style=\"background-color:#e3ebf1\">\n<div class=\"is-layout-flow wp-block-column\" style=\"flex-basis:20%\">\n<h3 class=\"has-black-color has-text-color\">17h15<\/h3>\n<\/div>\n\n\n\n<div class=\"is-layout-flow wp-block-column\" style=\"flex-basis:80%\">\n<h3 class=\"has-black-color has-text-color\">Visite de l'Innovation Hub<\/h3>\n<\/div>\n<\/div>\n\n\n\n<div class=\"is-layout-flex wp-container-35 wp-block-columns has-background\" style=\"background-color:#79a6cb\">\n<div class=\"is-layout-flow wp-block-column\" style=\"flex-basis:20%\">\n<h3 class=\"has-white-color has-text-color\">18h15<\/h3>\n<\/div>\n\n\n\n<div class=\"is-layout-flow wp-block-column\" style=\"flex-basis:80%\">\n<h3 class=\"has-white-color has-text-color\">Ap\u00e9ro et Networking<\/h3>\n<\/div>\n<\/div>\n\n\n\n<div style=\"height:60px\" aria-hidden=\"true\" class=\"wp-block-spacer\"><\/div>\n\n\n\n<div class=\"is-layout-flex wp-container-40 wp-block-columns\">\n<div class=\"is-layout-flow wp-block-column abstand_gross has-background\" style=\"background-color:#e3ebf1\">\n<div class=\"is-layout-flex wp-container-38 wp-block-columns\">\n<div class=\"is-layout-flow wp-block-column\" style=\"flex-basis:33%\">\n<figure class=\"wp-block-image size-full\"><img decoding=\"async\" loading=\"lazy\" width=\"617\" height=\"350\" src=\"https:\/\/www.swisscleantech.ch\/files\/Schneider-Electric-Logo.png\" alt=\"\" class=\"wp-image-26177\" srcset=\"https:\/\/www.swisscleantech.ch\/files\/Schneider-Electric-Logo.png 617w, https:\/\/www.swisscleantech.ch\/files\/Schneider-Electric-Logo-300x170.png 300w\" sizes=\"(max-width: 617px) 100vw, 617px\" \/><\/figure>\n<\/div>\n\n\n\n<div class=\"is-layout-flow wp-block-column\">\n<h3>Event Host<\/h3>\n\n\n\n<p>Un grand merci pour votre hospitalit\u00e9!<\/p>\n<\/div>\n<\/div>\n<\/div>\n<\/div>\n\n\n\n<h6>Cette manifestation s'adresse exclusivement aux membres de swisscleantech et aux personnes invit\u00e9es.<\/h6>\n\n\n\n<div class=\"is-content-justification-left is-layout-flex wp-container-41 wp-block-buttons\">\n<div class=\"wp-block-button\"><a class=\"wp-block-button__link wp-element-button\" href=\"https:\/\/www.eventbrite.ch\/e\/2024-10-02-member2member-event-bei-schneider-electric-tickets-940835332807?aff=oddtdtcreator\" target=\"_blank\" rel=\"noopener\">Vers l'inscription<\/a><\/div>\n<\/div>\n\n\n\n<div style=\"height:40px\" aria-hidden=\"true\" class=\"wp-block-spacer\"><\/div>\n\n\n\n<div class=\"is-layout-flex wp-container-43 wp-block-columns has-background\" style=\"background-color:#79a6cb\">\n<div class=\"is-layout-flow wp-block-column\">\n<p class=\"has-white-color has-text-color\">Les \u00e9v\u00e9nements swisscleantech Member2Member permettent de d\u00e9couvrir les coulisses de membres passionnants et encouragent le r\u00e9seautage et le dialogue autour de l'\u00e9conomie, de la politique climatique et de la politique \u00e9nerg\u00e9tique compatibles avec le climat.<\/p>\n<\/div>\n<\/div>\n","protected":false},"featured_media":0,"template":"","acf":[],"_links":{"self":[{"href":"https:\/\/www.swisscleantech.ch\/fr\/wp-json\/wp\/v2\/agendaeintrag\/31714"}],"collection":[{"href":"https:\/\/www.swisscleantech.ch\/fr\/wp-json\/wp\/v2\/agendaeintrag"}],"about":[{"href":"https:\/\/www.swisscleantech.ch\/fr\/wp-json\/wp\/v2\/types\/agendaeintrag"}],"version-history":[{"count":0,"href":"https:\/\/www.swisscleantech.ch\/fr\/wp-json\/wp\/v2\/agendaeintrag\/31714\/revisions"}],"wp:attachment":[{"href":"https:\/\/www.swisscleantech.ch\/fr\/wp-json\/wp\/v2\/media?parent=31714"}],"curies":[{"name":"wp","href":"https:\/\/api.w.org\/{rel}","templated":true}]}}

<h2 class="has-text-align-left">Des moyens innovants pour atteindre le zéro net grâce à la numérisation et à l'efficacité</h2>



<p>Avec ses produits et services dans le domaine de l'électrification et de la numérisation, Schneider Electric permet à ses clients d'augmenter l'efficacité énergétique grâce à des technologies innovantes, de réduire les coûts, de promouvoir la décarbonisation et d'atteindre des objectifs de durabilité. Parallèlement, Schneider Electric montre l'exemple dans ses installations de production et prend clairement position sur le plan politique.</p>



<p>Avec une visite guidée de l'installation de production de Feller AG (en option) et de l'Innovation Hub, l'événement offre un aperçu passionnant des activités de Schneider Electric et de Feller dans le domaine des installations électriques, de la gestion de l'énergie et de l'automatisation.</p>



<h3><strong>Visite de l'usine Feller AG (en option)</strong></h3>



<h6>Il n'y a malheureusement plus de places disponibles pour la visite de l'usine - mais nous vous accueillerons volontiers à la manifestation principale à partir de 16 heures.</h6>



<div class="is-layout-flex wp-container-3 wp-block-columns has-background" style="background-color:#e3ebf1">
<div class="is-layout-flow wp-block-column" style="flex-basis:20%">
<h3 class="has-black-color has-text-color">13h30</h3>
</div>



<div class="is-layout-flow wp-block-column" style="flex-basis:80%">
<h3 class="has-black-color has-text-color">Arrivée</h3>
</div>
</div>



<div class="is-layout-flex wp-container-8 wp-block-columns has-background" style="background-color:#e3ebf1">
<div class="is-layout-flow wp-block-column" style="flex-basis:20%">
<h3>13h45</h3>
</div>



<div class="is-layout-flow wp-block-column" style="flex-basis:80%">
<h3>Accueil</h3>



<div class="is-layout-flex wp-container-6 wp-block-columns">
<div class="is-layout-flow wp-block-column">
<figure class="wp-block-image size-large is-resized"><img decoding="async" loading="lazy" src="https://www.swisscleantech.ch/files/Martin-Eberle_1-edited.jpg" alt="" class="wp-image-31317" width="300" height="300" srcset="https://www.swisscleantech.ch/files/Martin-Eberle_1-edited.jpg 1667w, https://www.swisscleantech.ch/files/Martin-Eberle_1-edited-300x300.jpg 300w, https://www.swisscleantech.ch/files/Martin-Eberle_1-edited-1024x1024.jpg 1024w, https://www.swisscleantech.ch/files/Martin-Eberle_1-edited-768x768.jpg 768w, https://www.swisscleantech.ch/files/Martin-Eberle_1-edited-1536x1536.jpg 1536w, https://www.swisscleantech.ch/files/Martin-Eberle_1-edited-125x125.jpg 125w" sizes="(max-width: 300px) 100vw, 300px" /></figure>



<div style="height:20px" aria-hidden="true" class="wp-block-spacer"></div>



<p><strong>Martin Eberle</strong><br>Managing Director Feller AG</p>
</div>
</div>
</div>
</div>



<div class="is-layout-flex wp-container-11 wp-block-columns has-background" style="background-color:#e3ebf1">
<div class="is-layout-flow wp-block-column" style="flex-basis:20%">
<h3 class="has-black-color has-text-color">14h00</h3>
</div>



<div class="is-layout-flow wp-block-column" style="flex-basis:80%">
<h3 class="has-black-color has-text-color">Visite guidée de l'usine de production</h3>
</div>
</div>



<h3><strong>Événement principal</strong></h3>



<div class="is-layout-flex wp-container-16 wp-block-columns has-background" style="background-color:#e3ebf1">
<div class="is-layout-flow wp-block-column" style="flex-basis:20%">
<h3>16h00</h3>
</div>



<div class="is-layout-flow wp-block-column" style="flex-basis:80%">
<h3>Accueil</h3>



<div class="is-layout-flex wp-container-14 wp-block-columns">
<div class="is-layout-flow wp-block-column">
<figure class="wp-block-image size-full is-resized"><img decoding="async" loading="lazy" src="https://www.swisscleantech.ch/files/Fabian-Etter-2.jpg" alt="" class="wp-image-29080" width="300" height="300" srcset="https://www.swisscleantech.ch/files/Fabian-Etter-2.jpg 400w, https://www.swisscleantech.ch/files/Fabian-Etter-2-300x300.jpg 300w, https://www.swisscleantech.ch/files/Fabian-Etter-2-125x125.jpg 125w" sizes="(max-width: 300px) 100vw, 300px" /></figure>



<div style="height:20px" aria-hidden="true" class="wp-block-spacer"></div>



<p><strong>Fabian Etter</strong><br>Co-président swisscleantech</p>
</div>
</div>
</div>
</div>



<div class="is-layout-flex wp-container-21 wp-block-columns has-background" style="background-color:#e3ebf1">
<div class="is-layout-flow wp-block-column" style="flex-basis:20%">
<h3>16h10</h3>
</div>



<div class="is-layout-flow wp-block-column" style="flex-basis:80%">
<h3>Electricity 4.0: Des moyens innovants pour atteindre le zéro net grâce à la numérisation et à l'efficacité</h3>



<div class="is-layout-flex wp-container-19 wp-block-columns">
<div class="is-layout-flow wp-block-column">
<figure class="wp-block-image size-full is-resized"><img decoding="async" loading="lazy" src="https://www.swisscleantech.ch/files/Tanja-Vainio-Schneider-Electric.jpg" alt="" class="wp-image-26119" width="300" height="300" srcset="https://www.swisscleantech.ch/files/Tanja-Vainio-Schneider-Electric.jpg 400w, https://www.swisscleantech.ch/files/Tanja-Vainio-Schneider-Electric-300x300.jpg 300w, https://www.swisscleantech.ch/files/Tanja-Vainio-Schneider-Electric-125x125.jpg 125w" sizes="(max-width: 300px) 100vw, 300px" /></figure>



<div style="height:20px" aria-hidden="true" class="wp-block-spacer"></div>



<p><strong>Tanja Vainio</strong><br>Country President Schneider Electric Schweiz</p>
</div>
</div>
</div>
</div>



<div class="is-layout-flex wp-container-26 wp-block-columns has-background" style="background-color:#e3ebf1">
<div class="is-layout-flow wp-block-column" style="flex-basis:20%">
<h3>16h25</h3>
</div>



<div class="is-layout-flow wp-block-column" style="flex-basis:80%">
<h3>Conséquences du oui à la loi sur l'électricité pour une économie adaptée au climat</h3>



<div class="is-layout-flex wp-container-24 wp-block-columns">
<div class="is-layout-flow wp-block-column">
<figure class="wp-block-image size-full is-resized"><img decoding="async" loading="lazy" src="https://www.swisscleantech.ch/files/Michael-Mandl.jpg" alt="" class="wp-image-29081" width="300" height="300" srcset="https://www.swisscleantech.ch/files/Michael-Mandl.jpg 400w, https://www.swisscleantech.ch/files/Michael-Mandl-300x300.jpg 300w, https://www.swisscleantech.ch/files/Michael-Mandl-125x125.jpg 125w" sizes="(max-width: 300px) 100vw, 300px" /></figure>



<div style="height:20px" aria-hidden="true" class="wp-block-spacer"></div>



<p><strong>Michael Mandl</strong><br>Co-directeur swisscleantech</p>
</div>
</div>
</div>
</div>



<div class="is-layout-flex wp-container-29 wp-block-columns has-background" style="background-color:#e3ebf1">
<div class="is-layout-flow wp-block-column" style="flex-basis:20%">
<h3 class="has-black-color has-text-color">16h40</h3>
</div>



<div class="is-layout-flow wp-block-column" style="flex-basis:80%">
<h3>Mettre le tournant énergétique et le net-zéro au sol: Le rôle de l'économie compatible avec le climat</h3>



<p>Discussion en panel</p>
</div>
</div>



<div class="is-layout-flex wp-container-32 wp-block-columns has-background" style="background-color:#e3ebf1">
<div class="is-layout-flow wp-block-column" style="flex-basis:20%">
<h3 class="has-black-color has-text-color">17h15</h3>
</div>



<div class="is-layout-flow wp-block-column" style="flex-basis:80%">
<h3 class="has-black-color has-text-color">Visite de l'Innovation Hub</h3>
</div>
</div>



<div class="is-layout-flex wp-container-35 wp-block-columns has-background" style="background-color:#79a6cb">
<div class="is-layout-flow wp-block-column" style="flex-basis:20%">
<h3 class="has-white-color has-text-color">18h15</h3>
</div>



<div class="is-layout-flow wp-block-column" style="flex-basis:80%">
<h3 class="has-white-color has-text-color">Apéro et Networking</h3>
</div>
</div>



<div style="height:60px" aria-hidden="true" class="wp-block-spacer"></div>



<div class="is-layout-flex wp-container-40 wp-block-columns">
<div class="is-layout-flow wp-block-column abstand_gross has-background" style="background-color:#e3ebf1">
<div class="is-layout-flex wp-container-38 wp-block-columns">
<div class="is-layout-flow wp-block-column" style="flex-basis:33%">
<figure class="wp-block-image size-full"><img decoding="async" loading="lazy" width="617" height="350" src="https://www.swisscleantech.ch/files/Schneider-Electric-Logo.png" alt="" class="wp-image-26177" srcset="https://www.swisscleantech.ch/files/Schneider-Electric-Logo.png 617w, https://www.swisscleantech.ch/files/Schneider-Electric-Logo-300x170.png 300w" sizes="(max-width: 617px) 100vw, 617px" /></figure>
</div>



<div class="is-layout-flow wp-block-column">
<h3>Event Host</h3>



<p>Un grand merci pour votre hospitalité!</p>
</div>
</div>
</div>
</div>



<h6>Cette manifestation s'adresse exclusivement aux membres de swisscleantech et aux personnes invitées.</h6>



<div class="is-content-justification-left is-layout-flex wp-container-41 wp-block-buttons">
<div class="wp-block-button"><a class="wp-block-button__link wp-element-button" href="https://www.eventbrite.ch/e/2024-10-02-member2member-event-bei-schneider-electric-tickets-940835332807?aff=oddtdtcreator" target="_blank" rel="noopener">Vers l'inscription</a></div>
</div>



<div style="height:40px" aria-hidden="true" class="wp-block-spacer"></div>



<div class="is-layout-flex wp-container-43 wp-block-columns has-background" style="background-color:#79a6cb">
<div class="is-layout-flow wp-block-column">
<p class="has-white-color has-text-color">Les événements swisscleantech Member2Member permettent de découvrir les coulisses de membres passionnants et encouragent le réseautage et le dialogue autour de l'économie, de la politique climatique et de la politique énergétique compatibles avec le climat.</p>
</div>
</div>
