{"id":31835,"date":"2024-10-16T13:27:03","date_gmt":"2024-10-16T13:27:03","guid":{"rendered":"https:\/\/www.swisscleantech.ch\/?post_type=agendaeintrag&#038;p=31835"},"modified":"2024-10-16T14:12:53","modified_gmt":"2024-10-16T14:12:53","slug":"der-weg-zum-netto-null-ziel-mit-lidl-schweiz-klimaziele-in-der-praxis","status":"publish","type":"agendaeintrag","link":"https:\/\/www.swisscleantech.ch\/fr\/agendaeintrag\/der-weg-zum-netto-null-ziel-mit-lidl-schweiz-klimaziele-in-der-praxis\/","title":{"rendered":"Der Weg zu Netto-Null mit Lidl Schweiz \u2013 Klimaziele in der Praxis"},"content":{"rendered":"\n<p><strong>Erfahre, wie Lidl Schweiz klare Roadmaps und konkrete Massnahmen zur Erreichung der Klimaziele entwickelt. Im Mittelpunkt stehen die Netto-Null-Ziele sowie die Bedeutung von Partnerschaften entlang der Lieferkette. Nutze das kompakte Webinar am Mittag f\u00fcr Fragen, Austausch und Vernetzung \u2013 eine ideale Gelegenheit f\u00fcr Inspiration und praxisnahen Wissenstransfer.<\/strong><\/p>\n\n\n\n<p>Mit \u00fcber 4\u2019500 Mitarbeitenden z\u00e4hlt Lidl zu den f\u00fchrenden Discountern in der Schweiz. Mit dieser Marktstellung geht auch eine besondere unternehmerische Verantwortung einher: Lidl Schweiz verpflichtet sich als Teil der internationalen Lidl Unternehmensgruppe \u00fcber alle Gesch\u00e4ftsbereiche und Lieferketten hinweg zum Netto-Null-Ziel bis 2050.<\/p>\n\n\n\n<h2><strong>Handfeste Roadmaps und griffige Massnahmen<\/strong><\/h2>\n\n\n\n<div class=\"is-layout-flex wp-container-3 wp-block-columns abstand_gross has-background\" style=\"background-color:#e3ebf1\">\n<div class=\"is-layout-flow wp-block-column\" style=\"flex-basis:33%\">\n<figure class=\"wp-block-image size-full\"><img decoding=\"async\" loading=\"lazy\" width=\"400\" height=\"400\" src=\"https:\/\/www.swisscleantech.ch\/files\/Julia-Baumann-Lidl-Schweiz.jpg\" alt=\"\" class=\"wp-image-30809\" srcset=\"https:\/\/www.swisscleantech.ch\/files\/Julia-Baumann-Lidl-Schweiz.jpg 400w, https:\/\/www.swisscleantech.ch\/files\/Julia-Baumann-Lidl-Schweiz-300x300.jpg 300w, https:\/\/www.swisscleantech.ch\/files\/Julia-Baumann-Lidl-Schweiz-125x125.jpg 125w\" sizes=\"(max-width: 400px) 100vw, 400px\" \/><\/figure>\n<\/div>\n\n\n\n<div class=\"is-layout-flow wp-block-column is-vertically-aligned-center\">\n<p><strong>Julia Baumann<\/strong><br>Head of Sustainability Lidl Schweiz<br><\/p>\n<\/div>\n<\/div>\n\n\n\n<p>Julia Baumann veranschaulicht, wie wissenschaftsbasierte Klimaziele in griffige Massnahmen \u00fcberf\u00fchrt werden und wie wichtig handfeste Roadmaps f\u00fcr die Zielerreichung sind. Anhand von konkreten Massnahmen schlagen wir die Br\u00fccke zwischen abstrakten Zielen und konkretem Klimaschutz \u2013 und machen so unternehmerische Netto-Null-Ziele greifbar.<\/p>\n\n\n\n<h2>Dialog und Partnerschaften entlang der Lieferkette<\/h2>\n\n\n\n<p>Da in der vor- und nachgelagerten Wertsch\u00f6pfungskette mehr als 90 Prozent der gesamten Emissionen des Unternehmens anfallen, verst\u00e4rkt Lidl Schweiz die Zusammenarbeit mit Partner*innen und Zuliefer*innen. So verpflichtet Lidl Schweiz seine gr\u00f6ssten Lieferant*innen zu Reduktionszielen bis 2026 gem\u00e4ss Science Based Targets initiative (SBTi). Lidl Schweiz gibt praxisnahe Einblicke in die Zusammenarbeit mit unterschiedlichen Anspruchsgruppen wie NGOs, Lieferant*innen, Kund*innen, Wissenschaftspartner*innen. Neben Best Practices diskutieren wir auch Herausforderungen des Discounters, die sich auf dem Weg zum Netto-Null-Ziel stellen.<\/p>\n\n\n\n<p><\/p>\n\n\n\n<div class=\"is-layout-flex wp-block-buttons\">\n<div class=\"wp-block-button\"><a class=\"wp-block-button__link wp-element-button\" href=\"https:\/\/www.eventbrite.ch\/e\/obu-swisscleantech-klimaziele-in-der-praxis-registration-1048541926127\" target=\"_blank\" rel=\"noopener\">Zur Anmeldung<\/a><\/div>\n<\/div>\n\n\n\n<div style=\"height:80px\" aria-hidden=\"true\" class=\"wp-block-spacer\"><\/div>\n\n\n\n<div class=\"is-layout-flex wp-container-6 wp-block-columns abstand_gross has-background\" style=\"background-color:#79a6cb\">\n<div class=\"is-layout-flow wp-block-column\">\n<h2 class=\"has-white-color has-text-color\"><strong>Klimaziele in der Praxis \u2013 Webinar am Mittag<\/strong><\/h2>\n\n\n\n<p class=\"has-white-color has-text-color\">Nach einem anschaulichen Input zur Netto-Null-Ziel-Erreichung eines Schweizer Unternehmens bleibt gen\u00fcgend Raum f\u00fcr Fragen und Austausch. Die Events finden jeweils \u00fcber Mittag und online statt. Teilnehmende profitieren damit kompakt von konkreten, praxisnahen Handlungsans\u00e4tzen eines Unternehmens, die Inspiration zur strategischen und konkreten Umsetzung im eigenen Unternehmen bieten.<\/p>\n\n\n\n<p class=\"has-white-color has-text-color\">Die Eventreihe \u00abKlimaziele in der Praxis \u2013 Webinar am Mittag\u00bb wird von swisscleantech und \u00f6bu durchgef\u00fchrt.<\/p>\n<\/div>\n<\/div>\n","protected":false},"featured_media":0,"template":"","acf":[],"_links":{"self":[{"href":"https:\/\/www.swisscleantech.ch\/fr\/wp-json\/wp\/v2\/agendaeintrag\/31835"}],"collection":[{"href":"https:\/\/www.swisscleantech.ch\/fr\/wp-json\/wp\/v2\/agendaeintrag"}],"about":[{"href":"https:\/\/www.swisscleantech.ch\/fr\/wp-json\/wp\/v2\/types\/agendaeintrag"}],"version-history":[{"count":0,"href":"https:\/\/www.swisscleantech.ch\/fr\/wp-json\/wp\/v2\/agendaeintrag\/31835\/revisions"}],"wp:attachment":[{"href":"https:\/\/www.swisscleantech.ch\/fr\/wp-json\/wp\/v2\/media?parent=31835"}],"curies":[{"name":"wp","href":"https:\/\/api.w.org\/{rel}","templated":true}]}}

<p><strong>Erfahre, wie Lidl Schweiz klare Roadmaps und konkrete Massnahmen zur Erreichung der Klimaziele entwickelt. Im Mittelpunkt stehen die Netto-Null-Ziele sowie die Bedeutung von Partnerschaften entlang der Lieferkette. Nutze das kompakte Webinar am Mittag für Fragen, Austausch und Vernetzung – eine ideale Gelegenheit für Inspiration und praxisnahen Wissenstransfer.</strong></p>



<p>Mit über 4’500 Mitarbeitenden zählt Lidl zu den führenden Discountern in der Schweiz. Mit dieser Marktstellung geht auch eine besondere unternehmerische Verantwortung einher: Lidl Schweiz verpflichtet sich als Teil der internationalen Lidl Unternehmensgruppe über alle Geschäftsbereiche und Lieferketten hinweg zum Netto-Null-Ziel bis 2050.</p>



<h2><strong>Handfeste Roadmaps und griffige Massnahmen</strong></h2>



<div class="is-layout-flex wp-container-3 wp-block-columns abstand_gross has-background" style="background-color:#e3ebf1">
<div class="is-layout-flow wp-block-column" style="flex-basis:33%">
<figure class="wp-block-image size-full"><img decoding="async" loading="lazy" width="400" height="400" src="https://www.swisscleantech.ch/files/Julia-Baumann-Lidl-Schweiz.jpg" alt="" class="wp-image-30809" srcset="https://www.swisscleantech.ch/files/Julia-Baumann-Lidl-Schweiz.jpg 400w, https://www.swisscleantech.ch/files/Julia-Baumann-Lidl-Schweiz-300x300.jpg 300w, https://www.swisscleantech.ch/files/Julia-Baumann-Lidl-Schweiz-125x125.jpg 125w" sizes="(max-width: 400px) 100vw, 400px" /></figure>
</div>



<div class="is-layout-flow wp-block-column is-vertically-aligned-center">
<p><strong>Julia Baumann</strong><br>Head of Sustainability Lidl Schweiz<br></p>
</div>
</div>



<p>Julia Baumann veranschaulicht, wie wissenschaftsbasierte Klimaziele in griffige Massnahmen überführt werden und wie wichtig handfeste Roadmaps für die Zielerreichung sind. Anhand von konkreten Massnahmen schlagen wir die Brücke zwischen abstrakten Zielen und konkretem Klimaschutz – und machen so unternehmerische Netto-Null-Ziele greifbar.</p>



<h2>Dialog und Partnerschaften entlang der Lieferkette</h2>



<p>Da in der vor- und nachgelagerten Wertschöpfungskette mehr als 90 Prozent der gesamten Emissionen des Unternehmens anfallen, verstärkt Lidl Schweiz die Zusammenarbeit mit Partner*innen und Zuliefer*innen. So verpflichtet Lidl Schweiz seine grössten Lieferant*innen zu Reduktionszielen bis 2026 gemäss Science Based Targets initiative (SBTi). Lidl Schweiz gibt praxisnahe Einblicke in die Zusammenarbeit mit unterschiedlichen Anspruchsgruppen wie NGOs, Lieferant*innen, Kund*innen, Wissenschaftspartner*innen. Neben Best Practices diskutieren wir auch Herausforderungen des Discounters, die sich auf dem Weg zum Netto-Null-Ziel stellen.</p>



<p></p>



<div class="is-layout-flex wp-block-buttons">
<div class="wp-block-button"><a class="wp-block-button__link wp-element-button" href="https://www.eventbrite.ch/e/obu-swisscleantech-klimaziele-in-der-praxis-registration-1048541926127" target="_blank" rel="noopener">Zur Anmeldung</a></div>
</div>



<div style="height:80px" aria-hidden="true" class="wp-block-spacer"></div>



<div class="is-layout-flex wp-container-6 wp-block-columns abstand_gross has-background" style="background-color:#79a6cb">
<div class="is-layout-flow wp-block-column">
<h2 class="has-white-color has-text-color"><strong>Klimaziele in der Praxis – Webinar am Mittag</strong></h2>



<p class="has-white-color has-text-color">Nach einem anschaulichen Input zur Netto-Null-Ziel-Erreichung eines Schweizer Unternehmens bleibt genügend Raum für Fragen und Austausch. Die Events finden jeweils über Mittag und online statt. Teilnehmende profitieren damit kompakt von konkreten, praxisnahen Handlungsansätzen eines Unternehmens, die Inspiration zur strategischen und konkreten Umsetzung im eigenen Unternehmen bieten.</p>



<p class="has-white-color has-text-color">Die Eventreihe «Klimaziele in der Praxis – Webinar am Mittag» wird von swisscleantech und öbu durchgeführt.</p>
</div>
</div>
