{"id":31955,"date":"2024-10-24T19:07:00","date_gmt":"2024-10-24T19:07:00","guid":{"rendered":"https:\/\/www.swisscleantech.ch\/?post_type=agendaeintrag&#038;p=31955"},"modified":"2024-10-24T19:07:01","modified_gmt":"2024-10-24T19:07:01","slug":"public-affairs-zirkel-zur-wintersession-2","status":"publish","type":"agendaeintrag","link":"https:\/\/www.swisscleantech.ch\/fr\/agendaeintrag\/public-affairs-zirkel-zur-wintersession-2\/","title":{"rendered":"Public Affairs-Zirkel zur Wintersession"},"content":{"rendered":"\n<p>Die f\u00fcr uns&nbsp;<strong>wichtigsten Dossiers der Wintersession<\/strong>&nbsp;werden sich in beiden R\u00e4ten um das Thema Energie drehen. Im St\u00e4nderat d\u00fcrfte der&nbsp;<strong>Beschleunigungserlass&nbsp;<\/strong>f\u00fcr hitzige Debatten sorgen. Das Anliegen, die Bewilligung von erneuerbaren Kraftwerken zu beschleunigen, ist zwar unbestritten, die damit geplanten Einschr\u00e4nkungen f\u00fcr Gemeinden und Umweltverb\u00e4nde allerdings ganz und gar nicht. Der Nationalrat wird sich das erste Mal mit der&nbsp;<strong>Stromreserve&nbsp;<\/strong>befassen. Die Beratungen in der zust\u00e4ndigen Kommission lassen erahnen, dass auch dieses Gesch\u00e4ft f\u00fcr viel Gespr\u00e4chsstoff sorgen wird.<\/p>\n\n\n\n<div class=\"is-layout-flex wp-container-3 wp-block-columns abstand_gross has-background\" style=\"background-color:#e3ebf1\">\n<div class=\"is-layout-flow wp-block-column\" style=\"flex-basis:33%\">\n<figure class=\"wp-block-image size-full\"><img decoding=\"async\" loading=\"lazy\" width=\"600\" height=\"400\" src=\"https:\/\/www.swisscleantech.ch\/files\/Markus-Flatt.jpeg\" alt=\"\" class=\"wp-image-31950\" srcset=\"https:\/\/www.swisscleantech.ch\/files\/Markus-Flatt.jpeg 600w, https:\/\/www.swisscleantech.ch\/files\/Markus-Flatt-300x200.jpeg 300w\" sizes=\"(max-width: 600px) 100vw, 600px\" \/><\/figure>\n<\/div>\n\n\n\n<div class=\"is-layout-flow wp-block-column is-vertically-aligned-center\">\n<h3><strong><strong>Markus Flatt<\/strong><\/strong><\/h3>\n\n\n\n<p>Partner bei EVU Partners AG<\/p>\n<\/div>\n<\/div>\n\n\n\n<p>Um diese beiden Brennpunkte der Energiepolitik vertieft zu beleuchten, konnten wir&nbsp;<strong>Markus Flatt<\/strong>&nbsp;von&nbsp;<a href=\"https:\/\/swisscleantech.cmail20.com\/t\/t-l-sjhxdk-tjgkykhw-y\/\" target=\"_blank\" rel=\"noopener\">EVU Partners<\/a>, einen profunden Kenner der Schweizer Energiebranche, gewinnen. Neben den konkreten Dossiers wollen wir mit ihm auch die Folgen der jeweiligen Entscheide besprechen und einen Ausblick auf die langfristige Stromversorgung der Schweiz wagen.<\/p>\n\n\n\n<h2>Programm<\/h2>\n\n\n\n<div class=\"is-layout-flex wp-container-6 wp-block-columns has-background\" style=\"background-color:#e3ebf1\">\n<div class=\"is-layout-flow wp-block-column\" style=\"flex-basis:20%\">\n<h3>16:00 Uhr<\/h3>\n<\/div>\n\n\n\n<div class=\"is-layout-flow wp-block-column\" style=\"flex-basis:80%\">\n<h3>Begr\u00fcssung und Einf\u00fchrung<\/h3>\n<\/div>\n<\/div>\n\n\n\n<div class=\"is-layout-flex wp-container-9 wp-block-columns has-background\" style=\"background-color:#e3ebf1\">\n<div class=\"is-layout-flow wp-block-column\" style=\"flex-basis:20%\">\n<h3>16:05 Uhr<\/h3>\n<\/div>\n\n\n\n<div class=\"is-layout-flow wp-block-column\" style=\"flex-basis:80%\">\n<h3><strong>Ausblick auf die Wintersession&nbsp;und die Energiezukunft der Schweiz mit Markus Flatt<\/strong><\/h3>\n<\/div>\n<\/div>\n\n\n\n<div class=\"is-layout-flex wp-container-12 wp-block-columns has-background\" style=\"background-color:#e3ebf1\">\n<div class=\"is-layout-flow wp-block-column\" style=\"flex-basis:19.99%\">\n<h3>16:45 Uhr<\/h3>\n<\/div>\n\n\n\n<div class=\"is-layout-flow wp-block-column\" style=\"flex-basis:80.01%\">\n<h3><strong>Analyse der Umfrageergebnisse zum Public Affairs-Zirkel<\/strong><\/h3>\n<\/div>\n<\/div>\n\n\n\n<p>Der swisscleantech Public Affairs-Zirkel verfolgt das Ziel, fr\u00fchzeitig \u00fcber energie- und klimapolitische Entwicklungen zu informieren, Anliegen entgegenzunehmen und \u00fcber die Aktivit\u00e4ten von swisscleantech zu informieren. Gleichzeitig geht es aber auch darum, die pers\u00f6nliche Vernetzung untereinander weiter zu f\u00f6rdern.<\/p>\n\n\n\n<h6>Diese Veranstaltung richtet sich exklusiv an Public Affairs-Verantwortliche von swisscleantech-Mitgliedern.<\/h6>\n","protected":false},"featured_media":0,"template":"","acf":[],"_links":{"self":[{"href":"https:\/\/www.swisscleantech.ch\/fr\/wp-json\/wp\/v2\/agendaeintrag\/31955"}],"collection":[{"href":"https:\/\/www.swisscleantech.ch\/fr\/wp-json\/wp\/v2\/agendaeintrag"}],"about":[{"href":"https:\/\/www.swisscleantech.ch\/fr\/wp-json\/wp\/v2\/types\/agendaeintrag"}],"version-history":[{"count":0,"href":"https:\/\/www.swisscleantech.ch\/fr\/wp-json\/wp\/v2\/agendaeintrag\/31955\/revisions"}],"wp:attachment":[{"href":"https:\/\/www.swisscleantech.ch\/fr\/wp-json\/wp\/v2\/media?parent=31955"}],"curies":[{"name":"wp","href":"https:\/\/api.w.org\/{rel}","templated":true}]}}

<p>Die für uns&nbsp;<strong>wichtigsten Dossiers der Wintersession</strong>&nbsp;werden sich in beiden Räten um das Thema Energie drehen. Im Ständerat dürfte der&nbsp;<strong>Beschleunigungserlass&nbsp;</strong>für hitzige Debatten sorgen. Das Anliegen, die Bewilligung von erneuerbaren Kraftwerken zu beschleunigen, ist zwar unbestritten, die damit geplanten Einschränkungen für Gemeinden und Umweltverbände allerdings ganz und gar nicht. Der Nationalrat wird sich das erste Mal mit der&nbsp;<strong>Stromreserve&nbsp;</strong>befassen. Die Beratungen in der zuständigen Kommission lassen erahnen, dass auch dieses Geschäft für viel Gesprächsstoff sorgen wird.</p>



<div class="is-layout-flex wp-container-3 wp-block-columns abstand_gross has-background" style="background-color:#e3ebf1">
<div class="is-layout-flow wp-block-column" style="flex-basis:33%">
<figure class="wp-block-image size-full"><img decoding="async" loading="lazy" width="600" height="400" src="https://www.swisscleantech.ch/files/Markus-Flatt.jpeg" alt="" class="wp-image-31950" srcset="https://www.swisscleantech.ch/files/Markus-Flatt.jpeg 600w, https://www.swisscleantech.ch/files/Markus-Flatt-300x200.jpeg 300w" sizes="(max-width: 600px) 100vw, 600px" /></figure>
</div>



<div class="is-layout-flow wp-block-column is-vertically-aligned-center">
<h3><strong><strong>Markus Flatt</strong></strong></h3>



<p>Partner bei EVU Partners AG</p>
</div>
</div>



<p>Um diese beiden Brennpunkte der Energiepolitik vertieft zu beleuchten, konnten wir&nbsp;<strong>Markus Flatt</strong>&nbsp;von&nbsp;<a href="https://swisscleantech.cmail20.com/t/t-l-sjhxdk-tjgkykhw-y/" target="_blank" rel="noopener">EVU Partners</a>, einen profunden Kenner der Schweizer Energiebranche, gewinnen. Neben den konkreten Dossiers wollen wir mit ihm auch die Folgen der jeweiligen Entscheide besprechen und einen Ausblick auf die langfristige Stromversorgung der Schweiz wagen.</p>



<h2>Programm</h2>



<div class="is-layout-flex wp-container-6 wp-block-columns has-background" style="background-color:#e3ebf1">
<div class="is-layout-flow wp-block-column" style="flex-basis:20%">
<h3>16:00 Uhr</h3>
</div>



<div class="is-layout-flow wp-block-column" style="flex-basis:80%">
<h3>Begrüssung und Einführung</h3>
</div>
</div>



<div class="is-layout-flex wp-container-9 wp-block-columns has-background" style="background-color:#e3ebf1">
<div class="is-layout-flow wp-block-column" style="flex-basis:20%">
<h3>16:05 Uhr</h3>
</div>



<div class="is-layout-flow wp-block-column" style="flex-basis:80%">
<h3><strong>Ausblick auf die Wintersession&nbsp;und die Energiezukunft der Schweiz mit Markus Flatt</strong></h3>
</div>
</div>



<div class="is-layout-flex wp-container-12 wp-block-columns has-background" style="background-color:#e3ebf1">
<div class="is-layout-flow wp-block-column" style="flex-basis:19.99%">
<h3>16:45 Uhr</h3>
</div>



<div class="is-layout-flow wp-block-column" style="flex-basis:80.01%">
<h3><strong>Analyse der Umfrageergebnisse zum Public Affairs-Zirkel</strong></h3>
</div>
</div>



<p>Der swisscleantech Public Affairs-Zirkel verfolgt das Ziel, frühzeitig über energie- und klimapolitische Entwicklungen zu informieren, Anliegen entgegenzunehmen und über die Aktivitäten von swisscleantech zu informieren. Gleichzeitig geht es aber auch darum, die persönliche Vernetzung untereinander weiter zu fördern.</p>



<h6>Diese Veranstaltung richtet sich exklusiv an Public Affairs-Verantwortliche von swisscleantech-Mitgliedern.</h6>
