{"id":34601,"date":"2025-05-06T07:42:50","date_gmt":"2025-05-06T07:42:50","guid":{"rendered":"https:\/\/www.swisscleantech.ch\/?post_type=agendaeintrag&#038;p=34601"},"modified":"2025-05-19T09:33:51","modified_gmt":"2025-05-19T09:33:51","slug":"public-affairs-zirkel-zur-sommersession-2","status":"publish","type":"agendaeintrag","link":"https:\/\/www.swisscleantech.ch\/fr\/agendaeintrag\/public-affairs-zirkel-zur-sommersession-2\/","title":{"rendered":"Public Affairs-Zirkel zur Sommersession"},"content":{"rendered":"<div class=\"wp-block-image\">\n<figure class=\"aligncenter size-large\"><img decoding=\"async\"  src=\"https:\/\/www.swisscleantech.ch\/files\/Public-Affairs-Zirkel-Icon-rot.svg\" alt=\"\" class=\"wp-image-31258\"\/><\/figure><\/div>\n\n<div class=\"wp-block-image\">\n<figure class=\"aligncenter size-large is-resized\"><img decoding=\"async\" loading=\"lazy\" src=\"https:\/\/www.swisscleantech.ch\/files\/Public-Affairs-Zirkel-Icon-rot.svg\" alt=\"\" class=\"wp-image-31258\" width=\"100\" height=\"100\"\/><\/figure><\/div>\n\n\n<h2 class=\"has-text-align-center\">Erfahrungsaustausch mit Deloitte<\/h2>\n\n\n\n<p>Den Schwerpunkt legen wir auf das&nbsp;<strong>Omnibus-Paket der EU<\/strong>. Ende Februar 2025 hat die Europ\u00e4ische Kommission ein&nbsp;<a href=\"https:\/\/swisscleantech.cmail19.com\/t\/t-l-glddie-tijhklvud-y\/\" target=\"_blank\" rel=\"noopener\">Paket von Vorschl\u00e4gen<\/a>&nbsp;ver\u00f6ffentlicht, welches die Nachhaltigkeitsberichterstattung f\u00fcr Unternehmen vereinfachen soll. Ziel ist es, den b\u00fcrokratischen Aufwand massiv zu reduzieren und damit die Wettbewerbsf\u00e4higkeit der Europ\u00e4ischen Wirtschaft zu st\u00e4rken. Gleichzeitig mit dem Omnibus-Paket wurde der&nbsp;<a href=\"https:\/\/swisscleantech.cmail19.com\/t\/t-l-glddie-tijhklvud-j\/\" target=\"_blank\" rel=\"noopener\">\u00abClean Industrial Deal\u00bb&nbsp;<\/a>vorgestellt. Dieser enth\u00e4lt konkrete Massnahmen, mit denen die Dekarbonisierung zum \u00abWachstumsmotor f\u00fcr die europ\u00e4ische Wirtschaft\u00bb werden soll.<\/p>\n\n\n\n<p>Worum geht es bei den beiden Vorlagen? Wie sind sie einzuordnen? Welche Auswirkungen k\u00f6nnten sie auf die Schweiz und auf Schweizer Unternehmen haben? Diese und weitere Fragen diskutieren wir mit <strong>Bastien Girod<\/strong>&nbsp;von Deloitte. Gemeinsam werden wir versuchen, die Diskussionen in der EU besser zu verstehen und die Auswirkungen auf eure Unternehmen abzusch\u00e4tzen.&nbsp;<\/p>\n\n\n\n<div class=\"is-layout-flex wp-container-3 wp-block-columns abstand_gross has-background\" style=\"background-color:#e3ebf1\">\n<div class=\"is-layout-flow wp-block-column\" style=\"flex-basis:33%\">\n<figure class=\"wp-block-image size-large\"><img decoding=\"async\" loading=\"lazy\" width=\"1024\" height=\"1024\" src=\"https:\/\/www.swisscleantech.ch\/files\/deloitte-ch-bastien-girod-l-1-1024x1024.jpg\" alt=\"\" class=\"wp-image-34576\" srcset=\"https:\/\/www.swisscleantech.ch\/files\/deloitte-ch-bastien-girod-l-1-1024x1024.jpg 1024w, https:\/\/www.swisscleantech.ch\/files\/deloitte-ch-bastien-girod-l-1-300x300.jpg 300w, https:\/\/www.swisscleantech.ch\/files\/deloitte-ch-bastien-girod-l-1-768x768.jpg 768w, https:\/\/www.swisscleantech.ch\/files\/deloitte-ch-bastien-girod-l-1-1536x1536.jpg 1536w, https:\/\/www.swisscleantech.ch\/files\/deloitte-ch-bastien-girod-l-1-2048x2048.jpg 2048w, https:\/\/www.swisscleantech.ch\/files\/deloitte-ch-bastien-girod-l-1-125x125.jpg 125w\" sizes=\"(max-width: 1024px) 100vw, 1024px\" \/><\/figure>\n<\/div>\n\n\n\n<div class=\"is-layout-flow wp-block-column is-vertically-aligned-center\">\n<h3>Bastien Girod<strong><strong> <\/strong><\/strong><\/h3>\n\n\n\n<p>Partner Deloitte<\/p>\n<\/div>\n<\/div>\n\n\n\n<p>Wie \u00fcblich werden wir auch auf die&nbsp;<strong>wichtigsten Dossiers der Sommersession<\/strong>&nbsp;f\u00fcr die klimataugliche Wirtschaft blicken. Voraussichtlich wird der Beschleunigungserlass f\u00fcr erneuerbare Energien und die Stromreserve ein letztes Mal f\u00fcr Diskussionen sorgen, bevor sie in die Schlussabstimmung gehen. Die weiteren Themen werden wir nach Bekanntgabe des Sessionsprogramms festlegen. Auch f\u00fcr eine \u00dcbersicht zu den wichtigsten&nbsp;<strong>Vernehmlassungen<\/strong>&nbsp;in der Energie- und Klimapolitik wollen wir uns Zeit nehmen.<\/p>\n\n\n\n<h2>Programm<\/h2>\n\n\n\n<div class=\"is-layout-flex wp-container-6 wp-block-columns has-background\" style=\"background-color:#79a6cb\">\n<div class=\"is-layout-flow wp-block-column\" style=\"flex-basis:20%\">\n<h3 class=\"has-white-color has-text-color\">16 Uhr<\/h3>\n<\/div>\n\n\n\n<div class=\"is-layout-flow wp-block-column\" style=\"flex-basis:80%\">\n<h3 class=\"has-white-color has-text-color\">Begr\u00fcssung und Einf\u00fchrung<\/h3>\n<\/div>\n<\/div>\n\n\n\n<div class=\"is-layout-flex wp-container-9 wp-block-columns has-background\" style=\"background-color:#e3ebf1\">\n<div class=\"is-layout-flow wp-block-column\" style=\"flex-basis:20%\">\n<h3 class=\"has-black-color has-text-color\">16:05 Uhr<\/h3>\n<\/div>\n\n\n\n<div class=\"is-layout-flow wp-block-column\" style=\"flex-basis:80%\">\n<h3><strong>Das Omnibus-Paket der EU und der \u00abClean Industrial Deal\u00bb<\/strong><br><\/h3>\n\n\n\n<p>Um was geht es? <\/p>\n\n\n\n<p>Was bedeuten die Vorlagen f\u00fcr Schweizer Unternehmen?<\/p>\n\n\n\n<p>Einordnung und Diskussion mit Bastien Girod<\/p>\n<\/div>\n<\/div>\n\n\n\n<div class=\"is-layout-flex wp-container-12 wp-block-columns has-background\" style=\"background-color:#e3ebf1\">\n<div class=\"is-layout-flow wp-block-column\" style=\"flex-basis:20%\">\n<h3>16:45 Uhr<\/h3>\n<\/div>\n\n\n\n<div class=\"is-layout-flow wp-block-column\" style=\"flex-basis:80%\">\n<h3><strong>Ausblick auf die Sommersession &amp; laufende Vernehmlassungen<\/strong><\/h3>\n<\/div>\n<\/div>\n\n\n\n<div class=\"is-layout-flex wp-container-15 wp-block-columns has-background\" style=\"background-color:#79a6cb\">\n<div class=\"is-layout-flow wp-block-column\" style=\"flex-basis:20%\">\n<h3 class=\"has-white-color has-text-color\">17 Uhr<\/h3>\n<\/div>\n\n\n\n<div class=\"is-layout-flow wp-block-column\" style=\"flex-basis:80%\">\n<h3 class=\"has-white-color has-text-color\"><strong>Ende<\/strong><\/h3>\n<\/div>\n<\/div>\n\n\n\n<div style=\"height:60px\" aria-hidden=\"true\" class=\"wp-block-spacer\"><\/div>\n\n\n\n<h6>Diese Veranstaltung richtet sich exklusiv an Public Affairs-Verantwortliche von swisscleantech-Mitgliedern und geladene G\u00e4ste.<\/h6>\n\n\n\n<div class=\"is-layout-flex wp-container-17 wp-block-columns has-background\" style=\"background-color:#79a6cb\">\n<div class=\"is-layout-flow wp-block-column\"><div class=\"wp-block-image\">\n<figure class=\"aligncenter size-large is-resized\"><img decoding=\"async\" src=\"https:\/\/www.swisscleantech.ch\/files\/Public-Affairs-Zirkel-Icon-mit-Text.svg\" alt=\"\" class=\"wp-image-31259\" width=\"250\"\/><\/figure><\/div>\n\n\n<div style=\"height:20px\" aria-hidden=\"true\" class=\"wp-block-spacer\"><\/div>\n\n\n\n<p class=\"has-white-color has-text-color\">Der swisscleantech Public Affairs-Zirkel verfolgt das Ziel, fr\u00fchzeitig \u00fcber energie- und klimapolitische Entwicklungen zu informieren, Anliegen entgegenzunehmen und \u00fcber die Aktivit\u00e4ten von swisscleantech zu informieren. Gleichzeitig geht es aber auch darum, die pers\u00f6nliche Vernetzung untereinander weiter zu f\u00f6rdern.<\/p>\n<\/div>\n<\/div>\n","protected":false},"featured_media":0,"template":"","acf":[],"_links":{"self":[{"href":"https:\/\/www.swisscleantech.ch\/fr\/wp-json\/wp\/v2\/agendaeintrag\/34601"}],"collection":[{"href":"https:\/\/www.swisscleantech.ch\/fr\/wp-json\/wp\/v2\/agendaeintrag"}],"about":[{"href":"https:\/\/www.swisscleantech.ch\/fr\/wp-json\/wp\/v2\/types\/agendaeintrag"}],"version-history":[{"count":8,"href":"https:\/\/www.swisscleantech.ch\/fr\/wp-json\/wp\/v2\/agendaeintrag\/34601\/revisions"}],"predecessor-version":[{"id":35165,"href":"https:\/\/www.swisscleantech.ch\/fr\/wp-json\/wp\/v2\/agendaeintrag\/34601\/revisions\/35165"}],"wp:attachment":[{"href":"https:\/\/www.swisscleantech.ch\/fr\/wp-json\/wp\/v2\/media?parent=34601"}],"curies":[{"name":"wp","href":"https:\/\/api.w.org\/{rel}","templated":true}]}}

<div class="wp-block-image">
<figure class="aligncenter size-large"><img decoding="async"  src="https://www.swisscleantech.ch/files/Public-Affairs-Zirkel-Icon-rot.svg" alt="" class="wp-image-31258"/></figure></div>

<div class="wp-block-image">
<figure class="aligncenter size-large is-resized"><img decoding="async" loading="lazy" src="https://www.swisscleantech.ch/files/Public-Affairs-Zirkel-Icon-rot.svg" alt="" class="wp-image-31258" width="100" height="100"/></figure></div>


<h2 class="has-text-align-center">Erfahrungsaustausch mit Deloitte</h2>



<p>Den Schwerpunkt legen wir auf das&nbsp;<strong>Omnibus-Paket der EU</strong>. Ende Februar 2025 hat die Europäische Kommission ein&nbsp;<a href="https://swisscleantech.cmail19.com/t/t-l-glddie-tijhklvud-y/" target="_blank" rel="noopener">Paket von Vorschlägen</a>&nbsp;veröffentlicht, welches die Nachhaltigkeitsberichterstattung für Unternehmen vereinfachen soll. Ziel ist es, den bürokratischen Aufwand massiv zu reduzieren und damit die Wettbewerbsfähigkeit der Europäischen Wirtschaft zu stärken. Gleichzeitig mit dem Omnibus-Paket wurde der&nbsp;<a href="https://swisscleantech.cmail19.com/t/t-l-glddie-tijhklvud-j/" target="_blank" rel="noopener">«Clean Industrial Deal»&nbsp;</a>vorgestellt. Dieser enthält konkrete Massnahmen, mit denen die Dekarbonisierung zum «Wachstumsmotor für die europäische Wirtschaft» werden soll.</p>



<p>Worum geht es bei den beiden Vorlagen? Wie sind sie einzuordnen? Welche Auswirkungen könnten sie auf die Schweiz und auf Schweizer Unternehmen haben? Diese und weitere Fragen diskutieren wir mit <strong>Bastien Girod</strong>&nbsp;von Deloitte. Gemeinsam werden wir versuchen, die Diskussionen in der EU besser zu verstehen und die Auswirkungen auf eure Unternehmen abzuschätzen.&nbsp;</p>



<div class="is-layout-flex wp-container-3 wp-block-columns abstand_gross has-background" style="background-color:#e3ebf1">
<div class="is-layout-flow wp-block-column" style="flex-basis:33%">
<figure class="wp-block-image size-large"><img decoding="async" loading="lazy" width="1024" height="1024" src="https://www.swisscleantech.ch/files/deloitte-ch-bastien-girod-l-1-1024x1024.jpg" alt="" class="wp-image-34576" srcset="https://www.swisscleantech.ch/files/deloitte-ch-bastien-girod-l-1-1024x1024.jpg 1024w, https://www.swisscleantech.ch/files/deloitte-ch-bastien-girod-l-1-300x300.jpg 300w, https://www.swisscleantech.ch/files/deloitte-ch-bastien-girod-l-1-768x768.jpg 768w, https://www.swisscleantech.ch/files/deloitte-ch-bastien-girod-l-1-1536x1536.jpg 1536w, https://www.swisscleantech.ch/files/deloitte-ch-bastien-girod-l-1-2048x2048.jpg 2048w, https://www.swisscleantech.ch/files/deloitte-ch-bastien-girod-l-1-125x125.jpg 125w" sizes="(max-width: 1024px) 100vw, 1024px" /></figure>
</div>



<div class="is-layout-flow wp-block-column is-vertically-aligned-center">
<h3>Bastien Girod<strong><strong> </strong></strong></h3>



<p>Partner Deloitte</p>
</div>
</div>



<p>Wie üblich werden wir auch auf die&nbsp;<strong>wichtigsten Dossiers der Sommersession</strong>&nbsp;für die klimataugliche Wirtschaft blicken. Voraussichtlich wird der Beschleunigungserlass für erneuerbare Energien und die Stromreserve ein letztes Mal für Diskussionen sorgen, bevor sie in die Schlussabstimmung gehen. Die weiteren Themen werden wir nach Bekanntgabe des Sessionsprogramms festlegen. Auch für eine Übersicht zu den wichtigsten&nbsp;<strong>Vernehmlassungen</strong>&nbsp;in der Energie- und Klimapolitik wollen wir uns Zeit nehmen.</p>



<h2>Programm</h2>



<div class="is-layout-flex wp-container-6 wp-block-columns has-background" style="background-color:#79a6cb">
<div class="is-layout-flow wp-block-column" style="flex-basis:20%">
<h3 class="has-white-color has-text-color">16 Uhr</h3>
</div>



<div class="is-layout-flow wp-block-column" style="flex-basis:80%">
<h3 class="has-white-color has-text-color">Begrüssung und Einführung</h3>
</div>
</div>



<div class="is-layout-flex wp-container-9 wp-block-columns has-background" style="background-color:#e3ebf1">
<div class="is-layout-flow wp-block-column" style="flex-basis:20%">
<h3 class="has-black-color has-text-color">16:05 Uhr</h3>
</div>



<div class="is-layout-flow wp-block-column" style="flex-basis:80%">
<h3><strong>Das Omnibus-Paket der EU und der «Clean Industrial Deal»</strong><br></h3>



<p>Um was geht es? </p>



<p>Was bedeuten die Vorlagen für Schweizer Unternehmen?</p>



<p>Einordnung und Diskussion mit Bastien Girod</p>
</div>
</div>



<div class="is-layout-flex wp-container-12 wp-block-columns has-background" style="background-color:#e3ebf1">
<div class="is-layout-flow wp-block-column" style="flex-basis:20%">
<h3>16:45 Uhr</h3>
</div>



<div class="is-layout-flow wp-block-column" style="flex-basis:80%">
<h3><strong>Ausblick auf die Sommersession &amp; laufende Vernehmlassungen</strong></h3>
</div>
</div>



<div class="is-layout-flex wp-container-15 wp-block-columns has-background" style="background-color:#79a6cb">
<div class="is-layout-flow wp-block-column" style="flex-basis:20%">
<h3 class="has-white-color has-text-color">17 Uhr</h3>
</div>



<div class="is-layout-flow wp-block-column" style="flex-basis:80%">
<h3 class="has-white-color has-text-color"><strong>Ende</strong></h3>
</div>
</div>



<div style="height:60px" aria-hidden="true" class="wp-block-spacer"></div>



<h6>Diese Veranstaltung richtet sich exklusiv an Public Affairs-Verantwortliche von swisscleantech-Mitgliedern und geladene Gäste.</h6>



<div class="is-layout-flex wp-container-17 wp-block-columns has-background" style="background-color:#79a6cb">
<div class="is-layout-flow wp-block-column"><div class="wp-block-image">
<figure class="aligncenter size-large is-resized"><img decoding="async" src="https://www.swisscleantech.ch/files/Public-Affairs-Zirkel-Icon-mit-Text.svg" alt="" class="wp-image-31259" width="250"/></figure></div>


<div style="height:20px" aria-hidden="true" class="wp-block-spacer"></div>



<p class="has-white-color has-text-color">Der swisscleantech Public Affairs-Zirkel verfolgt das Ziel, frühzeitig über energie- und klimapolitische Entwicklungen zu informieren, Anliegen entgegenzunehmen und über die Aktivitäten von swisscleantech zu informieren. Gleichzeitig geht es aber auch darum, die persönliche Vernetzung untereinander weiter zu fördern.</p>
</div>
</div>
