{"id":35997,"date":"2025-07-02T14:37:02","date_gmt":"2025-07-02T14:37:02","guid":{"rendered":"https:\/\/www.swisscleantech.ch\/?post_type=agendaeintrag&#038;p=35997"},"modified":"2025-07-22T11:44:54","modified_gmt":"2025-07-22T11:44:54","slug":"public-affairs-zirkel-zur-herbstsession-3","status":"publish","type":"agendaeintrag","link":"https:\/\/www.swisscleantech.ch\/fr\/agendaeintrag\/public-affairs-zirkel-zur-herbstsession-3\/","title":{"rendered":"Public Affairs-Zirkel zur Herbstsession"},"content":{"rendered":"<div class=\"wp-block-image\">\n<figure class=\"aligncenter size-large\"><img decoding=\"async\"  src=\"https:\/\/www.swisscleantech.ch\/files\/Public-Affairs-Zirkel-Icon-rot.svg\" alt=\"\" class=\"wp-image-31258\"\/><\/figure><\/div>\n\n<div class=\"wp-block-image\">\n<figure class=\"aligncenter size-large is-resized\"><img decoding=\"async\" loading=\"lazy\" src=\"https:\/\/www.swisscleantech.ch\/files\/Public-Affairs-Zirkel-Icon-rot.svg\" alt=\"\" class=\"wp-image-31258\" width=\"100\" height=\"100\"\/><\/figure><\/div>\n\n\n<h2 class=\"has-text-align-center\">Diskussion zu den Bilateralen III und dem Stromabkommen<\/h2>\n\n\n\n<p>Neben der \u00fcblichen Vorschau auf die Herbstsession werden wir uns dieses Mal den <strong>Bilateralen III <\/strong>widmen. Der Bundesrat hat am 13. Juni 2025 die Abkommen des \u00abPakets zur Stabilisierung und Weiterentwicklung der Beziehungen zwischen der Schweiz und der Europ\u00e4ischen Union\u00bb gutgeheissen und die Vernehmlassung er\u00f6ffnet. Innerhalb des Pakets steht das <strong>Stromabkommen<\/strong> f\u00fcr swisscleantech im Vordergrund.<\/p>\n\n\n\n<p>Worum geht es beim Stromabkommen? Was sind weitere Elemente des Pakets? Wie ist die klimataugliche Wirtschaft davon betroffen? Welches sind die umstrittenen Punkte? Diese und weitere Fragen m\u00f6chten wir gerne mit euch und diversen Expert*innen vertiefen: <strong>Christine B\u00fcsser Mauron<\/strong> war als Chefin Sektorielle Angelegenheiten der Abteilung Europa des EDA direkt involviert bei den Verhandlungen mit der EU. <strong>Kaspar Haffner<\/strong> ist Head of Communication &amp; Stakeholder Management bei Swissgrid, welche als Betreiberin des \u00dcbertragungsnetzes f\u00fcr den grenz\u00fcberschreitenden Stromverkehr verantwortlich ist. Die Runde vervollst\u00e4ndigt <strong>Barbara Schaffner<\/strong>, Nationalr\u00e4tin der GLP, die uns Einblicke in die anstehenden politischen Debatten geben wird.<\/p>\n\n\n\n<div class=\"is-layout-flex wp-container-3 wp-block-columns abstand_gross has-background\" style=\"background-color:#e3ebf1\">\n<div class=\"is-layout-flow wp-block-column\" style=\"flex-basis:33%\">\n<figure class=\"wp-block-image size-full\"><img decoding=\"async\" loading=\"lazy\" width=\"400\" height=\"400\" src=\"https:\/\/www.swisscleantech.ch\/files\/christine-buesser.png\" alt=\"\" class=\"wp-image-35999\" srcset=\"https:\/\/www.swisscleantech.ch\/files\/christine-buesser.png 400w, https:\/\/www.swisscleantech.ch\/files\/christine-buesser-300x300.png 300w, https:\/\/www.swisscleantech.ch\/files\/christine-buesser-125x125.png 125w\" sizes=\"(max-width: 400px) 100vw, 400px\" \/><\/figure>\n<\/div>\n\n\n\n<div class=\"is-layout-flow wp-block-column is-vertically-aligned-center\">\n<h3><strong>Christine B\u00fcsser Mauron<\/strong><\/h3>\n\n\n\n<p>Chefin Sektorielle Angelegenheiten Eidgen\u00f6ssisches Departement f\u00fcr ausw\u00e4rtige Angelegenheiten<\/p>\n<\/div>\n<\/div>\n\n\n\n<div class=\"is-layout-flex wp-container-6 wp-block-columns abstand_gross has-background\" style=\"background-color:#e3ebf1\">\n<div class=\"is-layout-flow wp-block-column\" style=\"flex-basis:33%\">\n<figure class=\"wp-block-image size-full\"><img decoding=\"async\" loading=\"lazy\" width=\"459\" height=\"456\" src=\"https:\/\/www.swisscleantech.ch\/files\/caspar-haffner-.png\" alt=\"\" class=\"wp-image-36001\" srcset=\"https:\/\/www.swisscleantech.ch\/files\/caspar-haffner-.png 459w, https:\/\/www.swisscleantech.ch\/files\/caspar-haffner--300x298.png 300w, https:\/\/www.swisscleantech.ch\/files\/caspar-haffner--125x125.png 125w\" sizes=\"(max-width: 459px) 100vw, 459px\" \/><\/figure>\n<\/div>\n\n\n\n<div class=\"is-layout-flow wp-block-column is-vertically-aligned-center\">\n<h3><strong>Kaspar Haffner<\/strong><\/h3>\n\n\n\n<p>Head of Communication &amp; Stakeholder Management Swissgrid<\/p>\n<\/div>\n<\/div>\n\n\n\n<div class=\"is-layout-flex wp-container-9 wp-block-columns abstand_gross has-background\" style=\"background-color:#e3ebf1\">\n<div class=\"is-layout-flow wp-block-column\" style=\"flex-basis:33%\">\n<figure class=\"wp-block-image size-full\"><img decoding=\"async\" loading=\"lazy\" width=\"409\" height=\"411\" src=\"https:\/\/www.swisscleantech.ch\/files\/Barbara-Schaffner.png\" alt=\"\" class=\"wp-image-36013\" srcset=\"https:\/\/www.swisscleantech.ch\/files\/Barbara-Schaffner.png 409w, https:\/\/www.swisscleantech.ch\/files\/Barbara-Schaffner-300x300.png 300w, https:\/\/www.swisscleantech.ch\/files\/Barbara-Schaffner-125x125.png 125w\" sizes=\"(max-width: 409px) 100vw, 409px\" \/><\/figure>\n<\/div>\n\n\n\n<div class=\"is-layout-flow wp-block-column is-vertically-aligned-center\">\n<h3><strong>Barbara Schaffner<\/strong><\/h3>\n\n\n\n<p>Nationalr\u00e4tin GLP<\/p>\n<\/div>\n<\/div>\n\n\n\n<p>Nach der Veranstaltung findet ein <strong>Ap\u00e9ro riche <\/strong>statt, an dem wir die Debatten weiterf\u00fchren, neue Bekanntschaften schliessen und einen geselligen Feierabend verbringen k\u00f6nnen.&nbsp;<\/p>\n\n\n\n<h2>Programm<\/h2>\n\n\n\n<div class=\"is-layout-flex wp-container-12 wp-block-columns has-background\" style=\"background-color:#79a6cb\">\n<div class=\"is-layout-flow wp-block-column\" style=\"flex-basis:20%\">\n<h3 class=\"has-white-color has-text-color\">16 Uhr<\/h3>\n<\/div>\n\n\n\n<div class=\"is-layout-flow wp-block-column\" style=\"flex-basis:80%\">\n<h3 class=\"has-white-color has-text-color\">Begr\u00fcssung und Einf\u00fchrung<\/h3>\n<\/div>\n<\/div>\n\n\n\n<div class=\"is-layout-flex wp-container-15 wp-block-columns has-background\" style=\"background-color:#e3ebf1\">\n<div class=\"is-layout-flow wp-block-column\" style=\"flex-basis:20%\">\n<h3>16:15 Uhr<\/h3>\n<\/div>\n\n\n\n<div class=\"is-layout-flow wp-block-column\" style=\"flex-basis:80%\">\n<h3><strong><strong>Inputreferate zu den Bilateralen III und zum Stromabkommen<\/strong><\/strong><\/h3>\n\n\n\n<ul>\n<li>Christine B\u00fcsser Mauron (EDA)<\/li>\n\n\n\n<li>Kaspar Haffner (Swissgrid)<\/li>\n\n\n\n<li>Barbara Schaffner (Nationalr\u00e4tin)<\/li>\n<\/ul>\n<\/div>\n<\/div>\n\n\n\n<div class=\"is-layout-flex wp-container-18 wp-block-columns has-background\" style=\"background-color:#e3ebf1\">\n<div class=\"is-layout-flow wp-block-column\" style=\"flex-basis:20%\">\n<h3>16:50 Uhr<\/h3>\n<\/div>\n\n\n\n<div class=\"is-layout-flow wp-block-column\" style=\"flex-basis:80%\">\n<h3><strong>Diskussion<\/strong><\/h3>\n<\/div>\n<\/div>\n\n\n\n<div class=\"is-layout-flex wp-container-21 wp-block-columns has-background\" style=\"background-color:#e3ebf1\">\n<div class=\"is-layout-flow wp-block-column\" style=\"flex-basis:20%\">\n<h3>17:30 Uhr<\/h3>\n<\/div>\n\n\n\n<div class=\"is-layout-flow wp-block-column\" style=\"flex-basis:80%\">\n<h3><strong>Ausblick auf die Herbstsession &amp; laufende Vernehmlassungen<\/strong><\/h3>\n<\/div>\n<\/div>\n\n\n\n<div class=\"is-layout-flex wp-container-24 wp-block-columns has-background\" style=\"background-color:#79a6cb\">\n<div class=\"is-layout-flow wp-block-column\" style=\"flex-basis:20%\">\n<h3 class=\"has-white-color has-text-color\">18 Uhr<\/h3>\n<\/div>\n\n\n\n<div class=\"is-layout-flow wp-block-column\" style=\"flex-basis:80%\">\n<h3 class=\"has-white-color has-text-color\"><strong>Ap\u00e9ro riche<\/strong><\/h3>\n<\/div>\n<\/div>\n\n\n\n<div style=\"height:24px\" aria-hidden=\"true\" class=\"wp-block-spacer\"><\/div>\n\n\n\n<h6>Diese Veranstaltung richtet sich exklusiv an Public Affairs-Verantwortliche von swisscleantech-Mitgliedern und geladene G\u00e4ste.<\/h6>\n\n\n\n<div class=\"is-content-justification-left is-layout-flex wp-container-25 wp-block-buttons\">\n<div class=\"wp-block-button\"><a class=\"wp-block-button__link wp-element-button\" href=\"https:\/\/www.eventbrite.ch\/e\/public-affairs-zirkel-zur-herbstsession-2025-tickets-1454817401009?aff=oddtdtcreator\" target=\"_blank\" rel=\"noopener\">Zur Anmeldung<\/a><\/div>\n<\/div>\n\n\n\n<div style=\"height:34px\" aria-hidden=\"true\" class=\"wp-block-spacer\"><\/div>\n\n\n\n<div class=\"is-layout-flex wp-container-27 wp-block-columns has-background\" style=\"background-color:#79a6cb\">\n<div class=\"is-layout-flow wp-block-column\"><div class=\"wp-block-image\">\n<figure class=\"aligncenter size-large is-resized\"><img decoding=\"async\" src=\"https:\/\/www.swisscleantech.ch\/files\/Public-Affairs-Zirkel-Icon-mit-Text.svg\" alt=\"\" class=\"wp-image-31259\" width=\"250\"\/><\/figure><\/div>\n\n\n<div style=\"height:20px\" aria-hidden=\"true\" class=\"wp-block-spacer\"><\/div>\n\n\n\n<p class=\"has-white-color has-text-color\">Der swisscleantech Public Affairs-Zirkel verfolgt das Ziel, fr\u00fchzeitig \u00fcber energie- und klimapolitische Entwicklungen zu informieren, Anliegen entgegenzunehmen und \u00fcber die Aktivit\u00e4ten von swisscleantech zu informieren. Gleichzeitig geht es aber auch darum, die pers\u00f6nliche Vernetzung untereinander weiter zu f\u00f6rdern.<\/p>\n<\/div>\n<\/div>\n","protected":false},"featured_media":0,"template":"","acf":[],"_links":{"self":[{"href":"https:\/\/www.swisscleantech.ch\/fr\/wp-json\/wp\/v2\/agendaeintrag\/35997"}],"collection":[{"href":"https:\/\/www.swisscleantech.ch\/fr\/wp-json\/wp\/v2\/agendaeintrag"}],"about":[{"href":"https:\/\/www.swisscleantech.ch\/fr\/wp-json\/wp\/v2\/types\/agendaeintrag"}],"version-history":[{"count":29,"href":"https:\/\/www.swisscleantech.ch\/fr\/wp-json\/wp\/v2\/agendaeintrag\/35997\/revisions"}],"predecessor-version":[{"id":36397,"href":"https:\/\/www.swisscleantech.ch\/fr\/wp-json\/wp\/v2\/agendaeintrag\/35997\/revisions\/36397"}],"wp:attachment":[{"href":"https:\/\/www.swisscleantech.ch\/fr\/wp-json\/wp\/v2\/media?parent=35997"}],"curies":[{"name":"wp","href":"https:\/\/api.w.org\/{rel}","templated":true}]}}

<div class="wp-block-image">
<figure class="aligncenter size-large"><img decoding="async"  src="https://www.swisscleantech.ch/files/Public-Affairs-Zirkel-Icon-rot.svg" alt="" class="wp-image-31258"/></figure></div>

<div class="wp-block-image">
<figure class="aligncenter size-large is-resized"><img decoding="async" loading="lazy" src="https://www.swisscleantech.ch/files/Public-Affairs-Zirkel-Icon-rot.svg" alt="" class="wp-image-31258" width="100" height="100"/></figure></div>


<h2 class="has-text-align-center">Diskussion zu den Bilateralen III und dem Stromabkommen</h2>



<p>Neben der üblichen Vorschau auf die Herbstsession werden wir uns dieses Mal den <strong>Bilateralen III </strong>widmen. Der Bundesrat hat am 13. Juni 2025 die Abkommen des «Pakets zur Stabilisierung und Weiterentwicklung der Beziehungen zwischen der Schweiz und der Europäischen Union» gutgeheissen und die Vernehmlassung eröffnet. Innerhalb des Pakets steht das <strong>Stromabkommen</strong> für swisscleantech im Vordergrund.</p>



<p>Worum geht es beim Stromabkommen? Was sind weitere Elemente des Pakets? Wie ist die klimataugliche Wirtschaft davon betroffen? Welches sind die umstrittenen Punkte? Diese und weitere Fragen möchten wir gerne mit euch und diversen Expert*innen vertiefen: <strong>Christine Büsser Mauron</strong> war als Chefin Sektorielle Angelegenheiten der Abteilung Europa des EDA direkt involviert bei den Verhandlungen mit der EU. <strong>Kaspar Haffner</strong> ist Head of Communication &amp; Stakeholder Management bei Swissgrid, welche als Betreiberin des Übertragungsnetzes für den grenzüberschreitenden Stromverkehr verantwortlich ist. Die Runde vervollständigt <strong>Barbara Schaffner</strong>, Nationalrätin der GLP, die uns Einblicke in die anstehenden politischen Debatten geben wird.</p>



<div class="is-layout-flex wp-container-3 wp-block-columns abstand_gross has-background" style="background-color:#e3ebf1">
<div class="is-layout-flow wp-block-column" style="flex-basis:33%">
<figure class="wp-block-image size-full"><img decoding="async" loading="lazy" width="400" height="400" src="https://www.swisscleantech.ch/files/christine-buesser.png" alt="" class="wp-image-35999" srcset="https://www.swisscleantech.ch/files/christine-buesser.png 400w, https://www.swisscleantech.ch/files/christine-buesser-300x300.png 300w, https://www.swisscleantech.ch/files/christine-buesser-125x125.png 125w" sizes="(max-width: 400px) 100vw, 400px" /></figure>
</div>



<div class="is-layout-flow wp-block-column is-vertically-aligned-center">
<h3><strong>Christine Büsser Mauron</strong></h3>



<p>Chefin Sektorielle Angelegenheiten Eidgenössisches Departement für auswärtige Angelegenheiten</p>
</div>
</div>



<div class="is-layout-flex wp-container-6 wp-block-columns abstand_gross has-background" style="background-color:#e3ebf1">
<div class="is-layout-flow wp-block-column" style="flex-basis:33%">
<figure class="wp-block-image size-full"><img decoding="async" loading="lazy" width="459" height="456" src="https://www.swisscleantech.ch/files/caspar-haffner-.png" alt="" class="wp-image-36001" srcset="https://www.swisscleantech.ch/files/caspar-haffner-.png 459w, https://www.swisscleantech.ch/files/caspar-haffner--300x298.png 300w, https://www.swisscleantech.ch/files/caspar-haffner--125x125.png 125w" sizes="(max-width: 459px) 100vw, 459px" /></figure>
</div>



<div class="is-layout-flow wp-block-column is-vertically-aligned-center">
<h3><strong>Kaspar Haffner</strong></h3>



<p>Head of Communication &amp; Stakeholder Management Swissgrid</p>
</div>
</div>



<div class="is-layout-flex wp-container-9 wp-block-columns abstand_gross has-background" style="background-color:#e3ebf1">
<div class="is-layout-flow wp-block-column" style="flex-basis:33%">
<figure class="wp-block-image size-full"><img decoding="async" loading="lazy" width="409" height="411" src="https://www.swisscleantech.ch/files/Barbara-Schaffner.png" alt="" class="wp-image-36013" srcset="https://www.swisscleantech.ch/files/Barbara-Schaffner.png 409w, https://www.swisscleantech.ch/files/Barbara-Schaffner-300x300.png 300w, https://www.swisscleantech.ch/files/Barbara-Schaffner-125x125.png 125w" sizes="(max-width: 409px) 100vw, 409px" /></figure>
</div>



<div class="is-layout-flow wp-block-column is-vertically-aligned-center">
<h3><strong>Barbara Schaffner</strong></h3>



<p>Nationalrätin GLP</p>
</div>
</div>



<p>Nach der Veranstaltung findet ein <strong>Apéro riche </strong>statt, an dem wir die Debatten weiterführen, neue Bekanntschaften schliessen und einen geselligen Feierabend verbringen können.&nbsp;</p>



<h2>Programm</h2>



<div class="is-layout-flex wp-container-12 wp-block-columns has-background" style="background-color:#79a6cb">
<div class="is-layout-flow wp-block-column" style="flex-basis:20%">
<h3 class="has-white-color has-text-color">16 Uhr</h3>
</div>



<div class="is-layout-flow wp-block-column" style="flex-basis:80%">
<h3 class="has-white-color has-text-color">Begrüssung und Einführung</h3>
</div>
</div>



<div class="is-layout-flex wp-container-15 wp-block-columns has-background" style="background-color:#e3ebf1">
<div class="is-layout-flow wp-block-column" style="flex-basis:20%">
<h3>16:15 Uhr</h3>
</div>



<div class="is-layout-flow wp-block-column" style="flex-basis:80%">
<h3><strong><strong>Inputreferate zu den Bilateralen III und zum Stromabkommen</strong></strong></h3>



<ul>
<li>Christine Büsser Mauron (EDA)</li>



<li>Kaspar Haffner (Swissgrid)</li>



<li>Barbara Schaffner (Nationalrätin)</li>
</ul>
</div>
</div>



<div class="is-layout-flex wp-container-18 wp-block-columns has-background" style="background-color:#e3ebf1">
<div class="is-layout-flow wp-block-column" style="flex-basis:20%">
<h3>16:50 Uhr</h3>
</div>



<div class="is-layout-flow wp-block-column" style="flex-basis:80%">
<h3><strong>Diskussion</strong></h3>
</div>
</div>



<div class="is-layout-flex wp-container-21 wp-block-columns has-background" style="background-color:#e3ebf1">
<div class="is-layout-flow wp-block-column" style="flex-basis:20%">
<h3>17:30 Uhr</h3>
</div>



<div class="is-layout-flow wp-block-column" style="flex-basis:80%">
<h3><strong>Ausblick auf die Herbstsession &amp; laufende Vernehmlassungen</strong></h3>
</div>
</div>



<div class="is-layout-flex wp-container-24 wp-block-columns has-background" style="background-color:#79a6cb">
<div class="is-layout-flow wp-block-column" style="flex-basis:20%">
<h3 class="has-white-color has-text-color">18 Uhr</h3>
</div>



<div class="is-layout-flow wp-block-column" style="flex-basis:80%">
<h3 class="has-white-color has-text-color"><strong>Apéro riche</strong></h3>
</div>
</div>



<div style="height:24px" aria-hidden="true" class="wp-block-spacer"></div>



<h6>Diese Veranstaltung richtet sich exklusiv an Public Affairs-Verantwortliche von swisscleantech-Mitgliedern und geladene Gäste.</h6>



<div class="is-content-justification-left is-layout-flex wp-container-25 wp-block-buttons">
<div class="wp-block-button"><a class="wp-block-button__link wp-element-button" href="https://www.eventbrite.ch/e/public-affairs-zirkel-zur-herbstsession-2025-tickets-1454817401009?aff=oddtdtcreator" target="_blank" rel="noopener">Zur Anmeldung</a></div>
</div>



<div style="height:34px" aria-hidden="true" class="wp-block-spacer"></div>



<div class="is-layout-flex wp-container-27 wp-block-columns has-background" style="background-color:#79a6cb">
<div class="is-layout-flow wp-block-column"><div class="wp-block-image">
<figure class="aligncenter size-large is-resized"><img decoding="async" src="https://www.swisscleantech.ch/files/Public-Affairs-Zirkel-Icon-mit-Text.svg" alt="" class="wp-image-31259" width="250"/></figure></div>


<div style="height:20px" aria-hidden="true" class="wp-block-spacer"></div>



<p class="has-white-color has-text-color">Der swisscleantech Public Affairs-Zirkel verfolgt das Ziel, frühzeitig über energie- und klimapolitische Entwicklungen zu informieren, Anliegen entgegenzunehmen und über die Aktivitäten von swisscleantech zu informieren. Gleichzeitig geht es aber auch darum, die persönliche Vernetzung untereinander weiter zu fördern.</p>
</div>
</div>
