{"id":36394,"date":"2025-07-22T12:18:32","date_gmt":"2025-07-22T12:18:32","guid":{"rendered":"https:\/\/www.swisscleantech.ch\/?post_type=agendaeintrag&#038;p=36394"},"modified":"2025-07-23T12:26:17","modified_gmt":"2025-07-23T12:26:17","slug":"neue-chancen-durch-kreislaufwirtschaft-auswirkungen-des-umweltschutzgesetzes","status":"publish","type":"agendaeintrag","link":"https:\/\/www.swisscleantech.ch\/fr\/agendaeintrag\/neue-chancen-durch-kreislaufwirtschaft-auswirkungen-des-umweltschutzgesetzes\/","title":{"rendered":"Neue Chancen durch Kreislaufwirtschaft \u2013 Auswirkungen des Umweltschutzgesetzes"},"content":{"rendered":"\n<p>Die Revision des Umweltschutzgesetzes bietet die Chance, die Schweiz als Vorreiterin der Kreislaufwirtschaft zu positionieren \u2013 und stellt die Weichen f\u00fcr eine ressourcenschonendere und wettbewerbsf\u00e4higere Wirtschaft in der Schweiz. Die Anpassung der rechtlichen Grundlagen ist ein notwendiger Schritt, um auf globale Herausforderungen wie Rohstoffknappheit, Umweltbelastung und steigende regulatorische Anforderungen zu reagieren.<\/p>\n\n\n\n<p>Doch die Revision allein gen\u00fcgt nicht \u2013 der Erfolg entscheidet sich in der Umsetzung: Unternehmen ben\u00f6tigen Planbarkeit, finanzielle Anreize und M\u00f6glichkeiten f\u00fcr effektiven Austausch und Wissenstransfer. Besonders KMU stehen vor Herausforderungen: Investitionskosten, fehlendes Know-how und unsichere Marktchancen bremsen oft den Wandel.<\/p>\n\n\n\n<p>Das Webinar bietet deshalb einen \u00dcberblick \u00fcber die Neuerungen der Revision und die Konsequenzen f\u00fcr Schweizer Unternehmen. Gemeinsam mit Kreislaufwirtschafts-Expert*innen diskutieren wir dar\u00fcber hinaus die wirtschaftlichen Chancen, welche Massnahmen zur Schliessung, Verlangsamung und Verengung von Ressourcenkreislaufen bieten.<\/p>\n\n\n\n<h2>Programm<\/h2>\n\n\n\n<div class=\"is-layout-flex wp-container-6 wp-block-columns has-background\" style=\"background-color:#e3ebf1\">\n<div class=\"is-layout-flow wp-block-column\" style=\"flex-basis:20%\">\n<h3>11 Uhr<\/h3>\n<\/div>\n\n\n\n<div class=\"is-layout-flow wp-block-column\" style=\"flex-basis:80%\">\n<h3>Ein starkes Fundament f\u00fcr die Schweizer Kreislaufwirtschaft<\/h3>\n\n\n\n<p>Auswirkungen der Revision des Umweltschutzgesetzes auf die Kreislaufwirtschaft<\/p>\n\n\n\n<div class=\"is-layout-flex wp-container-4 wp-block-columns\">\n<div class=\"is-layout-flow wp-block-column\">\n<figure class=\"wp-block-image size-full is-resized\"><img decoding=\"async\" loading=\"lazy\" src=\"https:\/\/www.swisscleantech.ch\/files\/Gregory-Germann-swisscleantech-1.jpg\" alt=\"\" class=\"wp-image-36243\" width=\"300\" height=\"300\" srcset=\"https:\/\/www.swisscleantech.ch\/files\/Gregory-Germann-swisscleantech-1.jpg 400w, https:\/\/www.swisscleantech.ch\/files\/Gregory-Germann-swisscleantech-1-300x300.jpg 300w, https:\/\/www.swisscleantech.ch\/files\/Gregory-Germann-swisscleantech-1-125x125.jpg 125w\" sizes=\"(max-width: 300px) 100vw, 300px\" \/><\/figure>\n<\/div>\n\n\n\n<div class=\"is-layout-flow wp-block-column is-vertically-aligned-center\">\n<p><strong>Gregory Germann<br><\/strong>Projektleiter Mobilit\u00e4t &amp; Kreislaufwirtschaft swisscleantech<\/p>\n<\/div>\n<\/div>\n<\/div>\n<\/div>\n\n\n\n<div class=\"is-layout-flex wp-container-15 wp-block-columns has-background\" style=\"background-color:#e3ebf1\">\n<div class=\"is-layout-flow wp-block-column\" style=\"flex-basis:20%\">\n<h3>11:20 Uhr<\/h3>\n<\/div>\n\n\n\n<div class=\"is-layout-flow wp-block-column\" style=\"flex-basis:80%\">\n<h3>Neue wirtschaftliche Chancen durch die Revision des Umweltschutzgesetzes<\/h3>\n\n\n\n<p>Diskussion<\/p>\n\n\n\n<div class=\"is-layout-flex wp-container-10 wp-block-columns\">\n<div class=\"is-layout-flow wp-block-column\">\n<figure class=\"wp-block-image size-full is-resized\"><img decoding=\"async\" loading=\"lazy\" src=\"https:\/\/www.swisscleantech.ch\/files\/Tobias-Stucki-Berner-Fachhochschule-1.jpg\" alt=\"\" class=\"wp-image-36402\" width=\"300\" height=\"300\" srcset=\"https:\/\/www.swisscleantech.ch\/files\/Tobias-Stucki-Berner-Fachhochschule-1.jpg 400w, https:\/\/www.swisscleantech.ch\/files\/Tobias-Stucki-Berner-Fachhochschule-1-300x300.jpg 300w, https:\/\/www.swisscleantech.ch\/files\/Tobias-Stucki-Berner-Fachhochschule-1-125x125.jpg 125w\" sizes=\"(max-width: 300px) 100vw, 300px\" \/><\/figure>\n<\/div>\n\n\n\n<div class=\"is-layout-flow wp-block-column is-vertically-aligned-center\">\n<p><strong>Tobias Stucki<\/strong><br>Co-Leiter Institut Sustainable Business der Berner Fachhochschule<\/p>\n<\/div>\n<\/div>\n\n\n\n<div class=\"is-layout-flex wp-container-13 wp-block-columns\">\n<div class=\"is-layout-flow wp-block-column\">\n<figure class=\"wp-block-image size-full is-resized\"><img decoding=\"async\" loading=\"lazy\" src=\"https:\/\/www.swisscleantech.ch\/files\/Dr-Nina-Widmer-PwC.jpg\" alt=\"\" class=\"wp-image-30523\" width=\"300\" height=\"300\" srcset=\"https:\/\/www.swisscleantech.ch\/files\/Dr-Nina-Widmer-PwC.jpg 400w, https:\/\/www.swisscleantech.ch\/files\/Dr-Nina-Widmer-PwC-300x300.jpg 300w, https:\/\/www.swisscleantech.ch\/files\/Dr-Nina-Widmer-PwC-125x125.jpg 125w\" sizes=\"(max-width: 300px) 100vw, 300px\" \/><\/figure>\n<\/div>\n\n\n\n<div class=\"is-layout-flow wp-block-column is-vertically-aligned-center\">\n<p><strong>Nina Widmer<br><\/strong>Manager Sustainability Team PwC<\/p>\n<\/div>\n<\/div>\n\n\n\n<p>Moderation: Gregory Germann<\/p>\n<\/div>\n<\/div>\n\n\n\n<div class=\"is-layout-flex wp-container-18 wp-block-columns has-background\" style=\"background-color:#e3ebf1\">\n<div class=\"is-layout-flow wp-block-column\" style=\"flex-basis:20%\">\n<h3>11:50 Uhr<\/h3>\n<\/div>\n\n\n\n<div class=\"is-layout-flow wp-block-column\" style=\"flex-basis:80%\">\n<h3>Schlussdiskussion<\/h3>\n\n\n\n<p>Mit Fragen aus dem Publikum<\/p>\n<\/div>\n<\/div>\n\n\n\n<div class=\"is-layout-flex wp-block-buttons\">\n<div class=\"wp-block-button\"><a class=\"wp-block-button__link wp-element-button\" href=\"https:\/\/us06web.zoom.us\/webinar\/register\/WN_sjyzW2UgTcyJSxe9o6Sc-Q\" target=\"_blank\" rel=\"noopener\">Zur Anmeldung<\/a><\/div>\n<\/div>\n","protected":false},"featured_media":0,"template":"","acf":[],"_links":{"self":[{"href":"https:\/\/www.swisscleantech.ch\/fr\/wp-json\/wp\/v2\/agendaeintrag\/36394"}],"collection":[{"href":"https:\/\/www.swisscleantech.ch\/fr\/wp-json\/wp\/v2\/agendaeintrag"}],"about":[{"href":"https:\/\/www.swisscleantech.ch\/fr\/wp-json\/wp\/v2\/types\/agendaeintrag"}],"version-history":[{"count":17,"href":"https:\/\/www.swisscleantech.ch\/fr\/wp-json\/wp\/v2\/agendaeintrag\/36394\/revisions"}],"predecessor-version":[{"id":36413,"href":"https:\/\/www.swisscleantech.ch\/fr\/wp-json\/wp\/v2\/agendaeintrag\/36394\/revisions\/36413"}],"wp:attachment":[{"href":"https:\/\/www.swisscleantech.ch\/fr\/wp-json\/wp\/v2\/media?parent=36394"}],"curies":[{"name":"wp","href":"https:\/\/api.w.org\/{rel}","templated":true}]}}

<p>Die Revision des Umweltschutzgesetzes bietet die Chance, die Schweiz als Vorreiterin der Kreislaufwirtschaft zu positionieren – und stellt die Weichen für eine ressourcenschonendere und wettbewerbsfähigere Wirtschaft in der Schweiz. Die Anpassung der rechtlichen Grundlagen ist ein notwendiger Schritt, um auf globale Herausforderungen wie Rohstoffknappheit, Umweltbelastung und steigende regulatorische Anforderungen zu reagieren.</p>



<p>Doch die Revision allein genügt nicht – der Erfolg entscheidet sich in der Umsetzung: Unternehmen benötigen Planbarkeit, finanzielle Anreize und Möglichkeiten für effektiven Austausch und Wissenstransfer. Besonders KMU stehen vor Herausforderungen: Investitionskosten, fehlendes Know-how und unsichere Marktchancen bremsen oft den Wandel.</p>



<p>Das Webinar bietet deshalb einen Überblick über die Neuerungen der Revision und die Konsequenzen für Schweizer Unternehmen. Gemeinsam mit Kreislaufwirtschafts-Expert*innen diskutieren wir darüber hinaus die wirtschaftlichen Chancen, welche Massnahmen zur Schliessung, Verlangsamung und Verengung von Ressourcenkreislaufen bieten.</p>



<h2>Programm</h2>



<div class="is-layout-flex wp-container-6 wp-block-columns has-background" style="background-color:#e3ebf1">
<div class="is-layout-flow wp-block-column" style="flex-basis:20%">
<h3>11 Uhr</h3>
</div>



<div class="is-layout-flow wp-block-column" style="flex-basis:80%">
<h3>Ein starkes Fundament für die Schweizer Kreislaufwirtschaft</h3>



<p>Auswirkungen der Revision des Umweltschutzgesetzes auf die Kreislaufwirtschaft</p>



<div class="is-layout-flex wp-container-4 wp-block-columns">
<div class="is-layout-flow wp-block-column">
<figure class="wp-block-image size-full is-resized"><img decoding="async" loading="lazy" src="https://www.swisscleantech.ch/files/Gregory-Germann-swisscleantech-1.jpg" alt="" class="wp-image-36243" width="300" height="300" srcset="https://www.swisscleantech.ch/files/Gregory-Germann-swisscleantech-1.jpg 400w, https://www.swisscleantech.ch/files/Gregory-Germann-swisscleantech-1-300x300.jpg 300w, https://www.swisscleantech.ch/files/Gregory-Germann-swisscleantech-1-125x125.jpg 125w" sizes="(max-width: 300px) 100vw, 300px" /></figure>
</div>



<div class="is-layout-flow wp-block-column is-vertically-aligned-center">
<p><strong>Gregory Germann<br></strong>Projektleiter Mobilität &amp; Kreislaufwirtschaft swisscleantech</p>
</div>
</div>
</div>
</div>



<div class="is-layout-flex wp-container-15 wp-block-columns has-background" style="background-color:#e3ebf1">
<div class="is-layout-flow wp-block-column" style="flex-basis:20%">
<h3>11:20 Uhr</h3>
</div>



<div class="is-layout-flow wp-block-column" style="flex-basis:80%">
<h3>Neue wirtschaftliche Chancen durch die Revision des Umweltschutzgesetzes</h3>



<p>Diskussion</p>



<div class="is-layout-flex wp-container-10 wp-block-columns">
<div class="is-layout-flow wp-block-column">
<figure class="wp-block-image size-full is-resized"><img decoding="async" loading="lazy" src="https://www.swisscleantech.ch/files/Tobias-Stucki-Berner-Fachhochschule-1.jpg" alt="" class="wp-image-36402" width="300" height="300" srcset="https://www.swisscleantech.ch/files/Tobias-Stucki-Berner-Fachhochschule-1.jpg 400w, https://www.swisscleantech.ch/files/Tobias-Stucki-Berner-Fachhochschule-1-300x300.jpg 300w, https://www.swisscleantech.ch/files/Tobias-Stucki-Berner-Fachhochschule-1-125x125.jpg 125w" sizes="(max-width: 300px) 100vw, 300px" /></figure>
</div>



<div class="is-layout-flow wp-block-column is-vertically-aligned-center">
<p><strong>Tobias Stucki</strong><br>Co-Leiter Institut Sustainable Business der Berner Fachhochschule</p>
</div>
</div>



<div class="is-layout-flex wp-container-13 wp-block-columns">
<div class="is-layout-flow wp-block-column">
<figure class="wp-block-image size-full is-resized"><img decoding="async" loading="lazy" src="https://www.swisscleantech.ch/files/Dr-Nina-Widmer-PwC.jpg" alt="" class="wp-image-30523" width="300" height="300" srcset="https://www.swisscleantech.ch/files/Dr-Nina-Widmer-PwC.jpg 400w, https://www.swisscleantech.ch/files/Dr-Nina-Widmer-PwC-300x300.jpg 300w, https://www.swisscleantech.ch/files/Dr-Nina-Widmer-PwC-125x125.jpg 125w" sizes="(max-width: 300px) 100vw, 300px" /></figure>
</div>



<div class="is-layout-flow wp-block-column is-vertically-aligned-center">
<p><strong>Nina Widmer<br></strong>Manager Sustainability Team PwC</p>
</div>
</div>



<p>Moderation: Gregory Germann</p>
</div>
</div>



<div class="is-layout-flex wp-container-18 wp-block-columns has-background" style="background-color:#e3ebf1">
<div class="is-layout-flow wp-block-column" style="flex-basis:20%">
<h3>11:50 Uhr</h3>
</div>



<div class="is-layout-flow wp-block-column" style="flex-basis:80%">
<h3>Schlussdiskussion</h3>



<p>Mit Fragen aus dem Publikum</p>
</div>
</div>



<div class="is-layout-flex wp-block-buttons">
<div class="wp-block-button"><a class="wp-block-button__link wp-element-button" href="https://us06web.zoom.us/webinar/register/WN_sjyzW2UgTcyJSxe9o6Sc-Q" target="_blank" rel="noopener">Zur Anmeldung</a></div>
</div>
