{"id":36752,"date":"2025-09-25T13:27:36","date_gmt":"2025-09-25T13:27:36","guid":{"rendered":"https:\/\/www.swisscleantech.ch\/?post_type=agendaeintrag&#038;p=36752"},"modified":"2025-10-23T14:02:49","modified_gmt":"2025-10-23T14:02:49","slug":"elektrifizierung-der-fahrzeugflotte-beschleunigen-webinar","status":"publish","type":"agendaeintrag","link":"https:\/\/www.swisscleantech.ch\/fr\/agendaeintrag\/elektrifizierung-der-fahrzeugflotte-beschleunigen-webinar\/","title":{"rendered":"Elektrifizierung der Fahrzeugflotte beschleunigen \u2013 Webinar"},"content":{"rendered":"\n<p>Ein Drittel der Emissionen in der Schweiz werden durch den Verkehr verursacht. Doch sp\u00e4testens seit dem Ja zum Klimaschutzgesetz ist klar: Bis 2050 m\u00fcssen sie auf null reduziert werden. Ein grosser Hebel liegt bei den Fahrzeugflotten von Unternehmen, welche rund 50% aller Neuzulassungen ausmachen. Diese Fahrzeuge auf klimafreundliche Alternativen umzustellen, tr\u00e4gt nicht nur zu den nationalen Klimazielen bei, sondern erm\u00f6glicht auch grosse Fortschritte in der unternehmensinternen Dekarbonisierung.<\/p>\n\n\n\n<p>Doch die Umstellung bringt auch Herausforderungen mit sich, welche zu Zur\u00fcckhaltung, Unsicherheit und Z\u00f6gern f\u00fchren k\u00f6nnen. Das Webinar bietet deshalb einen kompakten \u00dcberblick, um die Elektrifizierung von Fahrzeugflotten im eigenen Unternehmen voranzutreiben.<\/p>\n\n\n\n<h2>Programm<\/h2>\n\n\n\n<div class=\"is-layout-flex wp-container-5 wp-block-columns has-background\" style=\"background-color:#e3ebf1\">\n<div class=\"is-layout-flow wp-block-column\" style=\"flex-basis:20%\">\n<h3>11 Uhr<\/h3>\n<\/div>\n\n\n\n<div class=\"is-layout-flow wp-block-column\" style=\"flex-basis:80%\">\n<h3>Die Rolle von Fahrzeugflotten im Klimaschutz <\/h3>\n\n\n\n<div class=\"is-layout-flex wp-container-3 wp-block-columns\">\n<div class=\"is-layout-flow wp-block-column\">\n<figure class=\"wp-block-image size-full is-resized\"><img decoding=\"async\" loading=\"lazy\" src=\"https:\/\/www.swisscleantech.ch\/files\/Christian-Zeyer-2.jpg\" alt=\"\" class=\"wp-image-29082\" width=\"300\" height=\"300\" srcset=\"https:\/\/www.swisscleantech.ch\/files\/Christian-Zeyer-2.jpg 400w, https:\/\/www.swisscleantech.ch\/files\/Christian-Zeyer-2-300x300.jpg 300w, https:\/\/www.swisscleantech.ch\/files\/Christian-Zeyer-2-125x125.jpg 125w\" sizes=\"(max-width: 300px) 100vw, 300px\" \/><\/figure>\n\n\n\n<div style=\"height:20px\" aria-hidden=\"true\" class=\"wp-block-spacer\"><\/div>\n\n\n\n<p><strong>Christian Zeyer<\/strong><br>Co-Gesch\u00e4ftsf\u00fchrer swisscleantech<\/p>\n<\/div>\n<\/div>\n<\/div>\n<\/div>\n\n\n\n<div class=\"is-layout-flex wp-container-10 wp-block-columns has-background\" style=\"background-color:#e3ebf1\">\n<div class=\"is-layout-flow wp-block-column\" style=\"flex-basis:20%\">\n<h3>11:10 Uhr<\/h3>\n<\/div>\n\n\n\n<div class=\"is-layout-flow wp-block-column\" style=\"flex-basis:80%\">\n<h3>Clean Fleet: Das Programm f\u00fcr umweltfreundliche Fahrzeugflotten<\/h3>\n\n\n\n<div class=\"is-layout-flex wp-container-8 wp-block-columns\">\n<div class=\"is-layout-flow wp-block-column\">\n<figure class=\"wp-block-image size-full is-resized\"><img decoding=\"async\" loading=\"lazy\" src=\"https:\/\/www.swisscleantech.ch\/files\/Kurt-Egli-Clean-Fleet.jpg\" alt=\"\" class=\"wp-image-36760\" width=\"300\" height=\"300\" srcset=\"https:\/\/www.swisscleantech.ch\/files\/Kurt-Egli-Clean-Fleet.jpg 400w, https:\/\/www.swisscleantech.ch\/files\/Kurt-Egli-Clean-Fleet-300x300.jpg 300w, https:\/\/www.swisscleantech.ch\/files\/Kurt-Egli-Clean-Fleet-125x125.jpg 125w\" sizes=\"(max-width: 300px) 100vw, 300px\" \/><\/figure>\n\n\n\n<div style=\"height:20px\" aria-hidden=\"true\" class=\"wp-block-spacer\"><\/div>\n\n\n\n<p><strong>Kurt Egli<\/strong><br>Gesch\u00e4ftsf\u00fchrer Clean Fleet<\/p>\n<\/div>\n<\/div>\n<\/div>\n<\/div>\n\n\n\n<div class=\"is-layout-flex wp-container-15 wp-block-columns has-background\" style=\"background-color:#e3ebf1\">\n<div class=\"is-layout-flow wp-block-column\" style=\"flex-basis:20%\">\n<h3>11:20 Uhr<\/h3>\n<\/div>\n\n\n\n<div class=\"is-layout-flow wp-block-column\" style=\"flex-basis:80%\">\n<h3>Umstieg auf die E-Mobilit\u00e4t \u2013Erfahrungsbericht eines KMU<\/h3>\n\n\n\n<div class=\"is-layout-flex wp-container-13 wp-block-columns\">\n<div class=\"is-layout-flow wp-block-column\">\n<figure class=\"wp-block-image size-full\"><img decoding=\"async\" loading=\"lazy\" width=\"300\" height=\"300\" src=\"https:\/\/www.swisscleantech.ch\/files\/Daniel_Eugster_SWISSCLEANTECH_Maerz2020_300x300.jpg\" alt=\"\" class=\"wp-image-16352\" srcset=\"https:\/\/www.swisscleantech.ch\/files\/Daniel_Eugster_SWISSCLEANTECH_Maerz2020_300x300.jpg 300w, https:\/\/www.swisscleantech.ch\/files\/Daniel_Eugster_SWISSCLEANTECH_Maerz2020_300x300-125x125.jpg 125w\" sizes=\"(max-width: 300px) 100vw, 300px\" \/><\/figure>\n\n\n\n<div style=\"height:20px\" aria-hidden=\"true\" class=\"wp-block-spacer\"><\/div>\n\n\n\n<p><strong>Daniel Eugster<\/strong><br>Inhaber &amp; Gesch\u00e4ftsf\u00fchrer Haustechnik Eugster, Vorstand swisscleantech<\/p>\n<\/div>\n<\/div>\n<\/div>\n<\/div>\n\n\n\n<div class=\"is-layout-flex wp-container-20 wp-block-columns has-background\" style=\"background-color:#e3ebf1\">\n<div class=\"is-layout-flow wp-block-column\" style=\"flex-basis:20%\">\n<h3>11:30 Uhr<\/h3>\n<\/div>\n\n\n\n<div class=\"is-layout-flow wp-block-column\" style=\"flex-basis:80%\">\n<h3>Wie die Post 4&#8217;700 Lieferwagen elektrifiziert <\/h3>\n\n\n\n<div class=\"is-layout-flex wp-container-18 wp-block-columns\">\n<div class=\"is-layout-flow wp-block-column\">\n<figure class=\"wp-block-image size-full is-resized\"><img decoding=\"async\" loading=\"lazy\" src=\"https:\/\/www.swisscleantech.ch\/files\/Dario-Kueng-Die-Schweizerische-Post.jpg\" alt=\"\" class=\"wp-image-36761\" width=\"300\" height=\"300\" srcset=\"https:\/\/www.swisscleantech.ch\/files\/Dario-Kueng-Die-Schweizerische-Post.jpg 400w, https:\/\/www.swisscleantech.ch\/files\/Dario-Kueng-Die-Schweizerische-Post-300x300.jpg 300w, https:\/\/www.swisscleantech.ch\/files\/Dario-Kueng-Die-Schweizerische-Post-125x125.jpg 125w\" sizes=\"(max-width: 300px) 100vw, 300px\" \/><\/figure>\n\n\n\n<div style=\"height:20px\" aria-hidden=\"true\" class=\"wp-block-spacer\"><\/div>\n\n\n\n<p><strong>Dario K\u00fcng<\/strong><br>Leiter Ladenetz Logistik Die Schweizerische Post<\/p>\n<\/div>\n<\/div>\n<\/div>\n<\/div>\n\n\n\n<div class=\"is-layout-flex wp-container-23 wp-block-columns has-white-color has-text-color has-background\" style=\"background-color:#79a6cb\">\n<div class=\"is-layout-flow wp-block-column\" style=\"flex-basis:20%\">\n<h3 class=\"has-white-color has-text-color\">11:40 Uhr<\/h3>\n<\/div>\n\n\n\n<div class=\"is-layout-flow wp-block-column has-white-color has-text-color\" style=\"flex-basis:80%\">\n<h3 class=\"has-white-color has-text-color\">Schlussdiskussion<\/h3>\n\n\n\n<p>mit Fragen aus dem Publikum<\/p>\n<\/div>\n<\/div>\n\n\n\n<div style=\"height:80px\" aria-hidden=\"true\" class=\"wp-block-spacer\"><\/div>\n\n\n\n<div class=\"is-layout-flex wp-container-28 wp-block-columns\">\n<div class=\"is-layout-flow wp-block-column abstand_gross has-background\" style=\"background-color:#e3ebf1\">\n<div class=\"is-layout-flex wp-container-26 wp-block-columns\">\n<div class=\"is-layout-flow wp-block-column\" style=\"flex-basis:33%\">\n<figure class=\"wp-block-image size-full\"><img decoding=\"async\" loading=\"lazy\" width=\"617\" height=\"350\" src=\"https:\/\/www.swisscleantech.ch\/files\/cleanfleet.png\" alt=\"\" class=\"wp-image-19967\" srcset=\"https:\/\/www.swisscleantech.ch\/files\/cleanfleet.png 617w, https:\/\/www.swisscleantech.ch\/files\/cleanfleet-300x170.png 300w\" sizes=\"(max-width: 617px) 100vw, 617px\" \/><\/figure>\n<\/div>\n\n\n\n<div class=\"is-layout-flow wp-block-column\">\n<h3>Event Partner<\/h3>\n\n\n\n<p>Herzlichen Dank f\u00fcr die Unterst\u00fctzung!<\/p>\n<\/div>\n<\/div>\n<\/div>\n<\/div>\n\n\n\n<div class=\"is-content-justification-left is-layout-flex wp-container-29 wp-block-buttons\">\n<div class=\"wp-block-button is-style-fill\"><a class=\"wp-block-button__link wp-element-button\" href=\"https:\/\/us06web.zoom.us\/webinar\/register\/WN_Zq4MpNAGS1WJcydtHH7PMQ\" target=\"_blank\" rel=\"noopener\">Zur Anmeldung<\/a><\/div>\n<\/div>\n","protected":false},"featured_media":0,"template":"","acf":[],"_links":{"self":[{"href":"https:\/\/www.swisscleantech.ch\/fr\/wp-json\/wp\/v2\/agendaeintrag\/36752"}],"collection":[{"href":"https:\/\/www.swisscleantech.ch\/fr\/wp-json\/wp\/v2\/agendaeintrag"}],"about":[{"href":"https:\/\/www.swisscleantech.ch\/fr\/wp-json\/wp\/v2\/types\/agendaeintrag"}],"version-history":[{"count":11,"href":"https:\/\/www.swisscleantech.ch\/fr\/wp-json\/wp\/v2\/agendaeintrag\/36752\/revisions"}],"predecessor-version":[{"id":37004,"href":"https:\/\/www.swisscleantech.ch\/fr\/wp-json\/wp\/v2\/agendaeintrag\/36752\/revisions\/37004"}],"wp:attachment":[{"href":"https:\/\/www.swisscleantech.ch\/fr\/wp-json\/wp\/v2\/media?parent=36752"}],"curies":[{"name":"wp","href":"https:\/\/api.w.org\/{rel}","templated":true}]}}

<p>Ein Drittel der Emissionen in der Schweiz werden durch den Verkehr verursacht. Doch spätestens seit dem Ja zum Klimaschutzgesetz ist klar: Bis 2050 müssen sie auf null reduziert werden. Ein grosser Hebel liegt bei den Fahrzeugflotten von Unternehmen, welche rund 50% aller Neuzulassungen ausmachen. Diese Fahrzeuge auf klimafreundliche Alternativen umzustellen, trägt nicht nur zu den nationalen Klimazielen bei, sondern ermöglicht auch grosse Fortschritte in der unternehmensinternen Dekarbonisierung.</p>



<p>Doch die Umstellung bringt auch Herausforderungen mit sich, welche zu Zurückhaltung, Unsicherheit und Zögern führen können. Das Webinar bietet deshalb einen kompakten Überblick, um die Elektrifizierung von Fahrzeugflotten im eigenen Unternehmen voranzutreiben.</p>



<h2>Programm</h2>



<div class="is-layout-flex wp-container-5 wp-block-columns has-background" style="background-color:#e3ebf1">
<div class="is-layout-flow wp-block-column" style="flex-basis:20%">
<h3>11 Uhr</h3>
</div>



<div class="is-layout-flow wp-block-column" style="flex-basis:80%">
<h3>Die Rolle von Fahrzeugflotten im Klimaschutz </h3>



<div class="is-layout-flex wp-container-3 wp-block-columns">
<div class="is-layout-flow wp-block-column">
<figure class="wp-block-image size-full is-resized"><img decoding="async" loading="lazy" src="https://www.swisscleantech.ch/files/Christian-Zeyer-2.jpg" alt="" class="wp-image-29082" width="300" height="300" srcset="https://www.swisscleantech.ch/files/Christian-Zeyer-2.jpg 400w, https://www.swisscleantech.ch/files/Christian-Zeyer-2-300x300.jpg 300w, https://www.swisscleantech.ch/files/Christian-Zeyer-2-125x125.jpg 125w" sizes="(max-width: 300px) 100vw, 300px" /></figure>



<div style="height:20px" aria-hidden="true" class="wp-block-spacer"></div>



<p><strong>Christian Zeyer</strong><br>Co-Geschäftsführer swisscleantech</p>
</div>
</div>
</div>
</div>



<div class="is-layout-flex wp-container-10 wp-block-columns has-background" style="background-color:#e3ebf1">
<div class="is-layout-flow wp-block-column" style="flex-basis:20%">
<h3>11:10 Uhr</h3>
</div>



<div class="is-layout-flow wp-block-column" style="flex-basis:80%">
<h3>Clean Fleet: Das Programm für umweltfreundliche Fahrzeugflotten</h3>



<div class="is-layout-flex wp-container-8 wp-block-columns">
<div class="is-layout-flow wp-block-column">
<figure class="wp-block-image size-full is-resized"><img decoding="async" loading="lazy" src="https://www.swisscleantech.ch/files/Kurt-Egli-Clean-Fleet.jpg" alt="" class="wp-image-36760" width="300" height="300" srcset="https://www.swisscleantech.ch/files/Kurt-Egli-Clean-Fleet.jpg 400w, https://www.swisscleantech.ch/files/Kurt-Egli-Clean-Fleet-300x300.jpg 300w, https://www.swisscleantech.ch/files/Kurt-Egli-Clean-Fleet-125x125.jpg 125w" sizes="(max-width: 300px) 100vw, 300px" /></figure>



<div style="height:20px" aria-hidden="true" class="wp-block-spacer"></div>



<p><strong>Kurt Egli</strong><br>Geschäftsführer Clean Fleet</p>
</div>
</div>
</div>
</div>



<div class="is-layout-flex wp-container-15 wp-block-columns has-background" style="background-color:#e3ebf1">
<div class="is-layout-flow wp-block-column" style="flex-basis:20%">
<h3>11:20 Uhr</h3>
</div>



<div class="is-layout-flow wp-block-column" style="flex-basis:80%">
<h3>Umstieg auf die E-Mobilität –Erfahrungsbericht eines KMU</h3>



<div class="is-layout-flex wp-container-13 wp-block-columns">
<div class="is-layout-flow wp-block-column">
<figure class="wp-block-image size-full"><img decoding="async" loading="lazy" width="300" height="300" src="https://www.swisscleantech.ch/files/Daniel_Eugster_SWISSCLEANTECH_Maerz2020_300x300.jpg" alt="" class="wp-image-16352" srcset="https://www.swisscleantech.ch/files/Daniel_Eugster_SWISSCLEANTECH_Maerz2020_300x300.jpg 300w, https://www.swisscleantech.ch/files/Daniel_Eugster_SWISSCLEANTECH_Maerz2020_300x300-125x125.jpg 125w" sizes="(max-width: 300px) 100vw, 300px" /></figure>



<div style="height:20px" aria-hidden="true" class="wp-block-spacer"></div>



<p><strong>Daniel Eugster</strong><br>Inhaber &amp; Geschäftsführer Haustechnik Eugster, Vorstand swisscleantech</p>
</div>
</div>
</div>
</div>



<div class="is-layout-flex wp-container-20 wp-block-columns has-background" style="background-color:#e3ebf1">
<div class="is-layout-flow wp-block-column" style="flex-basis:20%">
<h3>11:30 Uhr</h3>
</div>



<div class="is-layout-flow wp-block-column" style="flex-basis:80%">
<h3>Wie die Post 4&#8217;700 Lieferwagen elektrifiziert </h3>



<div class="is-layout-flex wp-container-18 wp-block-columns">
<div class="is-layout-flow wp-block-column">
<figure class="wp-block-image size-full is-resized"><img decoding="async" loading="lazy" src="https://www.swisscleantech.ch/files/Dario-Kueng-Die-Schweizerische-Post.jpg" alt="" class="wp-image-36761" width="300" height="300" srcset="https://www.swisscleantech.ch/files/Dario-Kueng-Die-Schweizerische-Post.jpg 400w, https://www.swisscleantech.ch/files/Dario-Kueng-Die-Schweizerische-Post-300x300.jpg 300w, https://www.swisscleantech.ch/files/Dario-Kueng-Die-Schweizerische-Post-125x125.jpg 125w" sizes="(max-width: 300px) 100vw, 300px" /></figure>



<div style="height:20px" aria-hidden="true" class="wp-block-spacer"></div>



<p><strong>Dario Küng</strong><br>Leiter Ladenetz Logistik Die Schweizerische Post</p>
</div>
</div>
</div>
</div>



<div class="is-layout-flex wp-container-23 wp-block-columns has-white-color has-text-color has-background" style="background-color:#79a6cb">
<div class="is-layout-flow wp-block-column" style="flex-basis:20%">
<h3 class="has-white-color has-text-color">11:40 Uhr</h3>
</div>



<div class="is-layout-flow wp-block-column has-white-color has-text-color" style="flex-basis:80%">
<h3 class="has-white-color has-text-color">Schlussdiskussion</h3>



<p>mit Fragen aus dem Publikum</p>
</div>
</div>



<div style="height:80px" aria-hidden="true" class="wp-block-spacer"></div>



<div class="is-layout-flex wp-container-28 wp-block-columns">
<div class="is-layout-flow wp-block-column abstand_gross has-background" style="background-color:#e3ebf1">
<div class="is-layout-flex wp-container-26 wp-block-columns">
<div class="is-layout-flow wp-block-column" style="flex-basis:33%">
<figure class="wp-block-image size-full"><img decoding="async" loading="lazy" width="617" height="350" src="https://www.swisscleantech.ch/files/cleanfleet.png" alt="" class="wp-image-19967" srcset="https://www.swisscleantech.ch/files/cleanfleet.png 617w, https://www.swisscleantech.ch/files/cleanfleet-300x170.png 300w" sizes="(max-width: 617px) 100vw, 617px" /></figure>
</div>



<div class="is-layout-flow wp-block-column">
<h3>Event Partner</h3>



<p>Herzlichen Dank für die Unterstützung!</p>
</div>
</div>
</div>
</div>



<div class="is-content-justification-left is-layout-flex wp-container-29 wp-block-buttons">
<div class="wp-block-button is-style-fill"><a class="wp-block-button__link wp-element-button" href="https://us06web.zoom.us/webinar/register/WN_Zq4MpNAGS1WJcydtHH7PMQ" target="_blank" rel="noopener">Zur Anmeldung</a></div>
</div>
