{"id":36866,"date":"2025-10-06T12:19:31","date_gmt":"2025-10-06T12:19:31","guid":{"rendered":"https:\/\/www.swisscleantech.ch\/?post_type=agendaeintrag&#038;p=36866"},"modified":"2025-10-06T12:19:33","modified_gmt":"2025-10-06T12:19:33","slug":"mit-der-axa-und-digital-sustainability-zum-netto-null-ziel-klimaziele-in-der-praxis","status":"publish","type":"agendaeintrag","link":"https:\/\/www.swisscleantech.ch\/fr\/agendaeintrag\/mit-der-axa-und-digital-sustainability-zum-netto-null-ziel-klimaziele-in-der-praxis\/","title":{"rendered":"Mit der AXA und Digital Sustainability zum Netto-Null-Ziel \u2013 Klimaziele in der Praxis"},"content":{"rendered":"\n<p><strong>Als f\u00fchrendes internationales Versicherungsunternehmen f\u00fcr L\u00f6sungen in den Bereichen Risikoabsicherung und Verm\u00f6gensverwaltung verankert die AXA Nachhaltigkeit strategisch \u2013 als Versicherung, als Investorin und als Unternehmen, das als Teil der Gesellschaft seinen Beitrag leistet. Die AXA zeigt im Webinar mit Best Practices konkret auf, wie sie als Dienstleisterin Scope-3-Emissionen erfolgreich reduziert \u2013 am Beispiel Umgang mit Hardware, insbesondere Monitoren und Laptops. <\/strong><\/p>\n\n\n\n<p>Die AXA Schweiz bietet umfassende L\u00f6sungen in Risikoabsicherung, Lebensversicherung und Verm\u00f6gensverwaltung an. Neben ihren klimafreundlichen Versicherungen \u2013 wie der E-Fahrzeugversicherung mit Rabatt auf Ladestationen und Laden \u2013 will die AXA ihren Fussabdruck als Investorin reduzieren und die CO<sub>2<\/sub>-Emissionen im eigenen Gesch\u00e4ftsbetrieb senken.<\/p>\n\n\n\n<h2><strong>Scope-3-Emissionen mit Fokus auf IT-Hardware erfolgreich senken<\/strong><\/h2>\n\n\n\n<p>Etwa 20&nbsp;% der Emissionen der AXA Schweiz stammen aus der IT. Der Grossteil dieser Emissionen stammt dabei nicht aus den Rechenzentren, sondern aus dem Kauf und Betrieb von Ger\u00e4ten (Scope 3), insbesondere von Monitoren und Laptops.<\/p>\n\n\n\n<p>Im Rahmen des Programms Digital Sustainability analysiert die AXA IT-spezifische Emissionen, leitet daraus Ziele ab, setzt entsprechende Massnahmen um und kommuniziert Fortschritte intern wie auch extern. &nbsp;<\/p>\n\n\n\n<h2>Dialog und Partnerschaften entlang der Lieferkette<\/h2>\n\n\n\n<p>Im Webinar veranschaulicht die AXA, mit welchen konkreten Massnahmen das Unternehmen seinen Beitrag zur digitalen Nachhaltigkeit gestaltet und mit welchen Herausforderungen es dabei konfrontiert ist. Als Lead Digital Sustainability gibt Josef Frattaroli Einblicke in das Programm Digital Sustainability der AXA und zeigt auf, wie das Unternehmen mit innovativen Ans\u00e4tzen seine Scope-3-Emissionen erfolgreich reduziert.<\/p>\n\n\n\n<div class=\"is-layout-flex wp-container-3 wp-block-columns abstand_gross has-background\" style=\"background-color:#e3ebf1\">\n<div class=\"is-layout-flow wp-block-column\" style=\"flex-basis:33%\">\n<figure class=\"wp-block-image size-full is-resized\"><img decoding=\"async\" loading=\"lazy\" src=\"https:\/\/www.swisscleantech.ch\/files\/Josef-Frattaroli-AXA.jpg\" alt=\"\" class=\"wp-image-36867\" width=\"300\" height=\"300\" srcset=\"https:\/\/www.swisscleantech.ch\/files\/Josef-Frattaroli-AXA.jpg 400w, https:\/\/www.swisscleantech.ch\/files\/Josef-Frattaroli-AXA-300x300.jpg 300w, https:\/\/www.swisscleantech.ch\/files\/Josef-Frattaroli-AXA-125x125.jpg 125w\" sizes=\"(max-width: 300px) 100vw, 300px\" \/><\/figure>\n<\/div>\n\n\n\n<div class=\"is-layout-flow wp-block-column is-vertically-aligned-center\">\n<h3><strong>Josef Frattaroli<\/strong><\/h3>\n\n\n\n<p>Josef Frattaroli ist Lead Digital Sustainability bei der AXA Schweiz und leitet verschiedene strategische Initiativen und Projekte innerhalb des Unternehmens.<br><\/p>\n<\/div>\n<\/div>\n\n\n\n<p><\/p>\n\n\n\n<div class=\"is-layout-flex wp-block-buttons\">\n<div class=\"wp-block-button\"><a class=\"wp-block-button__link wp-element-button\" href=\"https:\/\/us06web.zoom.us\/webinar\/register\/WN_HgLydbIJS1ekj0bOmQpwOw\" target=\"_blank\" rel=\"noopener\">Zur Anmeldung<\/a><\/div>\n<\/div>\n\n\n\n<div style=\"height:80px\" aria-hidden=\"true\" class=\"wp-block-spacer\"><\/div>\n\n\n\n<div class=\"is-layout-flex wp-container-6 wp-block-columns abstand_gross has-background\" style=\"background-color:#79a6cb\">\n<div class=\"is-layout-flow wp-block-column\">\n<h2 class=\"has-white-color has-text-color\"><strong>Klimaziele in der Praxis \u2013 Webinar am Mittag<\/strong><\/h2>\n\n\n\n<p class=\"has-white-color has-text-color\">Nach einem anschaulichen Input zur Netto-Null-Ziel-Erreichung eines Schweizer Unternehmens bleibt gen\u00fcgend Raum f\u00fcr Fragen und Austausch. Die Events finden jeweils \u00fcber Mittag und online statt. Teilnehmende profitieren damit kompakt von konkreten, praxisnahen Handlungsans\u00e4tzen eines Unternehmens, die Inspiration zur strategischen und konkreten Umsetzung im eigenen Unternehmen bieten.<\/p>\n\n\n\n<p class=\"has-white-color has-text-color\">Die Eventreihe \u00abKlimaziele in der Praxis \u2013 Webinar am Mittag\u00bb wird von \u00f6bu und swisscleante durchgef\u00fchrt.<\/p>\n<\/div>\n<\/div>\n","protected":false},"featured_media":0,"template":"","acf":[],"_links":{"self":[{"href":"https:\/\/www.swisscleantech.ch\/fr\/wp-json\/wp\/v2\/agendaeintrag\/36866"}],"collection":[{"href":"https:\/\/www.swisscleantech.ch\/fr\/wp-json\/wp\/v2\/agendaeintrag"}],"about":[{"href":"https:\/\/www.swisscleantech.ch\/fr\/wp-json\/wp\/v2\/types\/agendaeintrag"}],"version-history":[{"count":5,"href":"https:\/\/www.swisscleantech.ch\/fr\/wp-json\/wp\/v2\/agendaeintrag\/36866\/revisions"}],"predecessor-version":[{"id":36872,"href":"https:\/\/www.swisscleantech.ch\/fr\/wp-json\/wp\/v2\/agendaeintrag\/36866\/revisions\/36872"}],"wp:attachment":[{"href":"https:\/\/www.swisscleantech.ch\/fr\/wp-json\/wp\/v2\/media?parent=36866"}],"curies":[{"name":"wp","href":"https:\/\/api.w.org\/{rel}","templated":true}]}}

<p><strong>Als führendes internationales Versicherungsunternehmen für Lösungen in den Bereichen Risikoabsicherung und Vermögensverwaltung verankert die AXA Nachhaltigkeit strategisch – als Versicherung, als Investorin und als Unternehmen, das als Teil der Gesellschaft seinen Beitrag leistet. Die AXA zeigt im Webinar mit Best Practices konkret auf, wie sie als Dienstleisterin Scope-3-Emissionen erfolgreich reduziert – am Beispiel Umgang mit Hardware, insbesondere Monitoren und Laptops. </strong></p>



<p>Die AXA Schweiz bietet umfassende Lösungen in Risikoabsicherung, Lebensversicherung und Vermögensverwaltung an. Neben ihren klimafreundlichen Versicherungen – wie der E-Fahrzeugversicherung mit Rabatt auf Ladestationen und Laden – will die AXA ihren Fussabdruck als Investorin reduzieren und die CO<sub>2</sub>-Emissionen im eigenen Geschäftsbetrieb senken.</p>



<h2><strong>Scope-3-Emissionen mit Fokus auf IT-Hardware erfolgreich senken</strong></h2>



<p>Etwa 20&nbsp;% der Emissionen der AXA Schweiz stammen aus der IT. Der Grossteil dieser Emissionen stammt dabei nicht aus den Rechenzentren, sondern aus dem Kauf und Betrieb von Geräten (Scope 3), insbesondere von Monitoren und Laptops.</p>



<p>Im Rahmen des Programms Digital Sustainability analysiert die AXA IT-spezifische Emissionen, leitet daraus Ziele ab, setzt entsprechende Massnahmen um und kommuniziert Fortschritte intern wie auch extern. &nbsp;</p>



<h2>Dialog und Partnerschaften entlang der Lieferkette</h2>



<p>Im Webinar veranschaulicht die AXA, mit welchen konkreten Massnahmen das Unternehmen seinen Beitrag zur digitalen Nachhaltigkeit gestaltet und mit welchen Herausforderungen es dabei konfrontiert ist. Als Lead Digital Sustainability gibt Josef Frattaroli Einblicke in das Programm Digital Sustainability der AXA und zeigt auf, wie das Unternehmen mit innovativen Ansätzen seine Scope-3-Emissionen erfolgreich reduziert.</p>



<div class="is-layout-flex wp-container-3 wp-block-columns abstand_gross has-background" style="background-color:#e3ebf1">
<div class="is-layout-flow wp-block-column" style="flex-basis:33%">
<figure class="wp-block-image size-full is-resized"><img decoding="async" loading="lazy" src="https://www.swisscleantech.ch/files/Josef-Frattaroli-AXA.jpg" alt="" class="wp-image-36867" width="300" height="300" srcset="https://www.swisscleantech.ch/files/Josef-Frattaroli-AXA.jpg 400w, https://www.swisscleantech.ch/files/Josef-Frattaroli-AXA-300x300.jpg 300w, https://www.swisscleantech.ch/files/Josef-Frattaroli-AXA-125x125.jpg 125w" sizes="(max-width: 300px) 100vw, 300px" /></figure>
</div>



<div class="is-layout-flow wp-block-column is-vertically-aligned-center">
<h3><strong>Josef Frattaroli</strong></h3>



<p>Josef Frattaroli ist Lead Digital Sustainability bei der AXA Schweiz und leitet verschiedene strategische Initiativen und Projekte innerhalb des Unternehmens.<br></p>
</div>
</div>



<p></p>



<div class="is-layout-flex wp-block-buttons">
<div class="wp-block-button"><a class="wp-block-button__link wp-element-button" href="https://us06web.zoom.us/webinar/register/WN_HgLydbIJS1ekj0bOmQpwOw" target="_blank" rel="noopener">Zur Anmeldung</a></div>
</div>



<div style="height:80px" aria-hidden="true" class="wp-block-spacer"></div>



<div class="is-layout-flex wp-container-6 wp-block-columns abstand_gross has-background" style="background-color:#79a6cb">
<div class="is-layout-flow wp-block-column">
<h2 class="has-white-color has-text-color"><strong>Klimaziele in der Praxis – Webinar am Mittag</strong></h2>



<p class="has-white-color has-text-color">Nach einem anschaulichen Input zur Netto-Null-Ziel-Erreichung eines Schweizer Unternehmens bleibt genügend Raum für Fragen und Austausch. Die Events finden jeweils über Mittag und online statt. Teilnehmende profitieren damit kompakt von konkreten, praxisnahen Handlungsansätzen eines Unternehmens, die Inspiration zur strategischen und konkreten Umsetzung im eigenen Unternehmen bieten.</p>



<p class="has-white-color has-text-color">Die Eventreihe «Klimaziele in der Praxis – Webinar am Mittag» wird von öbu und swisscleante durchgeführt.</p>
</div>
</div>
