{"id":37058,"date":"2025-10-29T09:41:13","date_gmt":"2025-10-29T09:41:13","guid":{"rendered":"https:\/\/www.swisscleantech.ch\/?post_type=agendaeintrag&#038;p=37058"},"modified":"2026-02-17T12:04:19","modified_gmt":"2026-02-17T12:04:19","slug":"netto-null-mit-schwervermeidbaren-restemissionen-erreichen-webinar","status":"publish","type":"agendaeintrag","link":"https:\/\/www.swisscleantech.ch\/fr\/agendaeintrag\/netto-null-mit-schwervermeidbaren-restemissionen-erreichen-webinar\/","title":{"rendered":"Netto-Null mit schwervermeidbaren Restemissionen erreichen \u2013 Webinar"},"content":{"rendered":"\n<p>Carbon Dioxide Removal (CDR) entfernt CO<sub>2<\/sub> dauerhaft aus der Atmosph\u00e4re und ist \u2013 zus\u00e4tzlich zur gr\u00f6sstm\u00f6glichen Reduktion von Treibhausgasemissionen \u2013 n\u00f6tig, um die Klimaziele zu erreichen. &nbsp;Mit CDR k\u00f6nnen schwer vermeidbare Emissionen ausgeglichen werden, um eine Netto-Null Emissionsbilanz zu erzielen. erm\u00f6glicht es, schwer eliminierbare Emissionen auszugleichen. In der Schweiz wird ein bedeutender Teil dieser Restemissionen bei der Wirtschaft anfallen.<\/p>\n\n\n\n<p>Wie diese Restemissionen mit den Treibhausgasbilanzen der Staaten und mit der weltweiten Treibhausgasbilanz zusammenh\u00e4ngen und welche prozeduralen und rechtlichen Aspekte betreffend den Ausgleich mit CDR zu ber\u00fccksichtigen w\u00e4ren, hat swisscleantech in einem Whitepaper dargestellt \u2013 diese Perspektiven werden im Webinar erl\u00e4utert. Nach einer Darstellung der g\u00fcltigen rechtlichen Grundlagen durch das<strong> Bundesamt f\u00fcr Umwelt<\/strong> diskutieren wir das Thema gemeinsam mit einem betroffenen Unternehmen und der Swiss Carbon Removal Plattform.<\/p>\n\n\n\n<h2>Programm<\/h2>\n\n\n\n<div class=\"is-layout-flex wp-container-3 wp-block-columns has-background\" style=\"background-color:#79a6cb\">\n<div class=\"is-layout-flow wp-block-column\" style=\"flex-basis:20%\">\n<h3 class=\"has-white-color has-text-color\">11 Uhr<\/h3>\n<\/div>\n\n\n\n<div class=\"is-layout-flow wp-block-column\" style=\"flex-basis:80%\">\n<h3 class=\"has-white-color has-text-color\">Begr\u00fcssung<\/h3>\n<\/div>\n<\/div>\n\n\n\n<div class=\"is-layout-flex wp-container-8 wp-block-columns has-background\" style=\"background-color:#e3ebf1\">\n<div class=\"is-layout-flow wp-block-column\" style=\"flex-basis:20%\">\n<h3>11:10 Uhr<\/h3>\n<\/div>\n\n\n\n<div class=\"is-layout-flow wp-block-column\" style=\"flex-basis:80%\">\n<h3>Die g\u00fcltigen gesetzlichen Rahmenbedingungen<\/h3>\n\n\n\n<div style=\"height:20px\" aria-hidden=\"true\" class=\"wp-block-spacer\"><\/div>\n\n\n\n<div class=\"is-layout-flex wp-container-6 wp-block-columns\">\n<div class=\"is-layout-flow wp-block-column\">\n<figure class=\"wp-block-image size-full is-resized\"><img decoding=\"async\" loading=\"lazy\" src=\"https:\/\/www.swisscleantech.ch\/files\/Sophie-Wenger-Bundesamt-fur-Umwelt.jpg\" alt=\"\" class=\"wp-image-35533\" width=\"300\" height=\"300\" srcset=\"https:\/\/www.swisscleantech.ch\/files\/Sophie-Wenger-Bundesamt-fur-Umwelt.jpg 400w, https:\/\/www.swisscleantech.ch\/files\/Sophie-Wenger-Bundesamt-fur-Umwelt-300x300.jpg 300w, https:\/\/www.swisscleantech.ch\/files\/Sophie-Wenger-Bundesamt-fur-Umwelt-125x125.jpg 125w\" sizes=\"(max-width: 300px) 100vw, 300px\" \/><\/figure>\n\n\n\n<div style=\"height:20px\" aria-hidden=\"true\" class=\"wp-block-spacer\"><\/div>\n\n\n\n<p><strong>Sophie Wenger<\/strong><br>Climate Policy Officer Bundesamt f\u00fcr Umwelt BAFU<\/p>\n<\/div>\n<\/div>\n<\/div>\n<\/div>\n\n\n\n<div class=\"is-layout-flex wp-container-13 wp-block-columns has-background\" style=\"background-color:#e3ebf1\">\n<div class=\"is-layout-flow wp-block-column\" style=\"flex-basis:20%\">\n<h3>11:20 Uhr<\/h3>\n<\/div>\n\n\n\n<div class=\"is-layout-flow wp-block-column\" style=\"flex-basis:80%\">\n<h3>Schlussfolgerungen und Empfehlungen<\/h3>\n\n\n\n<div style=\"height:20px\" aria-hidden=\"true\" class=\"wp-block-spacer\"><\/div>\n\n\n\n<div class=\"is-layout-flex wp-container-11 wp-block-columns\">\n<div class=\"is-layout-flow wp-block-column\">\n<figure class=\"wp-block-image size-full is-resized\"><img decoding=\"async\" loading=\"lazy\" src=\"https:\/\/www.swisscleantech.ch\/files\/Christian-Zeyer-2.jpg\" alt=\"\" class=\"wp-image-29082\" width=\"300\" height=\"300\" srcset=\"https:\/\/www.swisscleantech.ch\/files\/Christian-Zeyer-2.jpg 400w, https:\/\/www.swisscleantech.ch\/files\/Christian-Zeyer-2-300x300.jpg 300w, https:\/\/www.swisscleantech.ch\/files\/Christian-Zeyer-2-125x125.jpg 125w\" sizes=\"(max-width: 300px) 100vw, 300px\" \/><\/figure>\n\n\n\n<div style=\"height:20px\" aria-hidden=\"true\" class=\"wp-block-spacer\"><\/div>\n\n\n\n<p><strong>Christian Zeyer<\/strong><br>Co-Gesch\u00e4ftsf\u00fchrer swisscleantech<\/p>\n<\/div>\n<\/div>\n<\/div>\n<\/div>\n\n\n\n<div class=\"is-layout-flex wp-container-19 wp-block-columns has-background\" style=\"background-color:#e3ebf1\">\n<div class=\"is-layout-flow wp-block-column\" style=\"flex-basis:20%\">\n<h3>11:30 Uhr<\/h3>\n<\/div>\n\n\n\n<div class=\"is-layout-flow wp-block-column\" style=\"flex-basis:80%\">\n<h3>Diskussion<\/h3>\n\n\n\n<div style=\"height:20px\" aria-hidden=\"true\" class=\"wp-block-spacer\"><\/div>\n\n\n\n<div class=\"is-layout-flex wp-container-17 wp-block-columns\">\n<div class=\"is-layout-flow wp-block-column\">\n<figure class=\"wp-block-image size-full is-resized\"><img decoding=\"async\" loading=\"lazy\" src=\"https:\/\/www.swisscleantech.ch\/files\/Lukas-Fehr-Risiko-Dialog.jpg\" alt=\"\" class=\"wp-image-37167\" width=\"300\" height=\"300\" srcset=\"https:\/\/www.swisscleantech.ch\/files\/Lukas-Fehr-Risiko-Dialog.jpg 400w, https:\/\/www.swisscleantech.ch\/files\/Lukas-Fehr-Risiko-Dialog-300x300.jpg 300w, https:\/\/www.swisscleantech.ch\/files\/Lukas-Fehr-Risiko-Dialog-125x125.jpg 125w\" sizes=\"(max-width: 300px) 100vw, 300px\" \/><\/figure>\n\n\n\n<div style=\"height:20px\" aria-hidden=\"true\" class=\"wp-block-spacer\"><\/div>\n\n\n\n<p><strong>Lukas Fehr<\/strong><br>Projektleiter Stiftung Risiko-Dialog<\/p>\n<\/div>\n\n\n\n<div class=\"is-layout-flow wp-block-column\">\n<figure class=\"wp-block-image size-full is-resized\"><img decoding=\"async\" loading=\"lazy\" src=\"https:\/\/www.swisscleantech.ch\/files\/Ina-Maria-Walthert-AMAG.jpg\" alt=\"\" class=\"wp-image-34505\" width=\"300\" height=\"300\" srcset=\"https:\/\/www.swisscleantech.ch\/files\/Ina-Maria-Walthert-AMAG.jpg 400w, https:\/\/www.swisscleantech.ch\/files\/Ina-Maria-Walthert-AMAG-300x300.jpg 300w, https:\/\/www.swisscleantech.ch\/files\/Ina-Maria-Walthert-AMAG-125x125.jpg 125w\" sizes=\"(max-width: 300px) 100vw, 300px\" \/><\/figure>\n\n\n\n<div style=\"height:20px\" aria-hidden=\"true\" class=\"wp-block-spacer\"><\/div>\n\n\n\n<p><strong>Ina Maria Walthert<\/strong><br>Head Group Sustainability AMAG Group<\/p>\n<\/div>\n<\/div>\n\n\n\n<p><\/p>\n<\/div>\n<\/div>\n\n\n\n<p>Wir freuen uns auf den Dialog!<\/p>\n\n\n\n<div class=\"is-layout-flex wp-block-buttons\">\n<div class=\"wp-block-button\"><a class=\"wp-block-button__link wp-element-button\" href=\"https:\/\/us06web.zoom.us\/webinar\/register\/WN_8mvMoLqrQl-2xHZ7gKVsiA\" target=\"_blank\" rel=\"noopener\">Zur Anmeldung<\/a><\/div>\n<\/div>\n","protected":false},"featured_media":0,"template":"","acf":[],"_links":{"self":[{"href":"https:\/\/www.swisscleantech.ch\/fr\/wp-json\/wp\/v2\/agendaeintrag\/37058"}],"collection":[{"href":"https:\/\/www.swisscleantech.ch\/fr\/wp-json\/wp\/v2\/agendaeintrag"}],"about":[{"href":"https:\/\/www.swisscleantech.ch\/fr\/wp-json\/wp\/v2\/types\/agendaeintrag"}],"version-history":[{"count":14,"href":"https:\/\/www.swisscleantech.ch\/fr\/wp-json\/wp\/v2\/agendaeintrag\/37058\/revisions"}],"predecessor-version":[{"id":38070,"href":"https:\/\/www.swisscleantech.ch\/fr\/wp-json\/wp\/v2\/agendaeintrag\/37058\/revisions\/38070"}],"wp:attachment":[{"href":"https:\/\/www.swisscleantech.ch\/fr\/wp-json\/wp\/v2\/media?parent=37058"}],"curies":[{"name":"wp","href":"https:\/\/api.w.org\/{rel}","templated":true}]}}

<p>Carbon Dioxide Removal (CDR) entfernt CO<sub>2</sub> dauerhaft aus der Atmosphäre und ist – zusätzlich zur grösstmöglichen Reduktion von Treibhausgasemissionen – nötig, um die Klimaziele zu erreichen. &nbsp;Mit CDR können schwer vermeidbare Emissionen ausgeglichen werden, um eine Netto-Null Emissionsbilanz zu erzielen. ermöglicht es, schwer eliminierbare Emissionen auszugleichen. In der Schweiz wird ein bedeutender Teil dieser Restemissionen bei der Wirtschaft anfallen.</p>



<p>Wie diese Restemissionen mit den Treibhausgasbilanzen der Staaten und mit der weltweiten Treibhausgasbilanz zusammenhängen und welche prozeduralen und rechtlichen Aspekte betreffend den Ausgleich mit CDR zu berücksichtigen wären, hat swisscleantech in einem Whitepaper dargestellt – diese Perspektiven werden im Webinar erläutert. Nach einer Darstellung der gültigen rechtlichen Grundlagen durch das<strong> Bundesamt für Umwelt</strong> diskutieren wir das Thema gemeinsam mit einem betroffenen Unternehmen und der Swiss Carbon Removal Plattform.</p>



<h2>Programm</h2>



<div class="is-layout-flex wp-container-3 wp-block-columns has-background" style="background-color:#79a6cb">
<div class="is-layout-flow wp-block-column" style="flex-basis:20%">
<h3 class="has-white-color has-text-color">11 Uhr</h3>
</div>



<div class="is-layout-flow wp-block-column" style="flex-basis:80%">
<h3 class="has-white-color has-text-color">Begrüssung</h3>
</div>
</div>



<div class="is-layout-flex wp-container-8 wp-block-columns has-background" style="background-color:#e3ebf1">
<div class="is-layout-flow wp-block-column" style="flex-basis:20%">
<h3>11:10 Uhr</h3>
</div>



<div class="is-layout-flow wp-block-column" style="flex-basis:80%">
<h3>Die gültigen gesetzlichen Rahmenbedingungen</h3>



<div style="height:20px" aria-hidden="true" class="wp-block-spacer"></div>



<div class="is-layout-flex wp-container-6 wp-block-columns">
<div class="is-layout-flow wp-block-column">
<figure class="wp-block-image size-full is-resized"><img decoding="async" loading="lazy" src="https://www.swisscleantech.ch/files/Sophie-Wenger-Bundesamt-fur-Umwelt.jpg" alt="" class="wp-image-35533" width="300" height="300" srcset="https://www.swisscleantech.ch/files/Sophie-Wenger-Bundesamt-fur-Umwelt.jpg 400w, https://www.swisscleantech.ch/files/Sophie-Wenger-Bundesamt-fur-Umwelt-300x300.jpg 300w, https://www.swisscleantech.ch/files/Sophie-Wenger-Bundesamt-fur-Umwelt-125x125.jpg 125w" sizes="(max-width: 300px) 100vw, 300px" /></figure>



<div style="height:20px" aria-hidden="true" class="wp-block-spacer"></div>



<p><strong>Sophie Wenger</strong><br>Climate Policy Officer Bundesamt für Umwelt BAFU</p>
</div>
</div>
</div>
</div>



<div class="is-layout-flex wp-container-13 wp-block-columns has-background" style="background-color:#e3ebf1">
<div class="is-layout-flow wp-block-column" style="flex-basis:20%">
<h3>11:20 Uhr</h3>
</div>



<div class="is-layout-flow wp-block-column" style="flex-basis:80%">
<h3>Schlussfolgerungen und Empfehlungen</h3>



<div style="height:20px" aria-hidden="true" class="wp-block-spacer"></div>



<div class="is-layout-flex wp-container-11 wp-block-columns">
<div class="is-layout-flow wp-block-column">
<figure class="wp-block-image size-full is-resized"><img decoding="async" loading="lazy" src="https://www.swisscleantech.ch/files/Christian-Zeyer-2.jpg" alt="" class="wp-image-29082" width="300" height="300" srcset="https://www.swisscleantech.ch/files/Christian-Zeyer-2.jpg 400w, https://www.swisscleantech.ch/files/Christian-Zeyer-2-300x300.jpg 300w, https://www.swisscleantech.ch/files/Christian-Zeyer-2-125x125.jpg 125w" sizes="(max-width: 300px) 100vw, 300px" /></figure>



<div style="height:20px" aria-hidden="true" class="wp-block-spacer"></div>



<p><strong>Christian Zeyer</strong><br>Co-Geschäftsführer swisscleantech</p>
</div>
</div>
</div>
</div>



<div class="is-layout-flex wp-container-19 wp-block-columns has-background" style="background-color:#e3ebf1">
<div class="is-layout-flow wp-block-column" style="flex-basis:20%">
<h3>11:30 Uhr</h3>
</div>



<div class="is-layout-flow wp-block-column" style="flex-basis:80%">
<h3>Diskussion</h3>



<div style="height:20px" aria-hidden="true" class="wp-block-spacer"></div>



<div class="is-layout-flex wp-container-17 wp-block-columns">
<div class="is-layout-flow wp-block-column">
<figure class="wp-block-image size-full is-resized"><img decoding="async" loading="lazy" src="https://www.swisscleantech.ch/files/Lukas-Fehr-Risiko-Dialog.jpg" alt="" class="wp-image-37167" width="300" height="300" srcset="https://www.swisscleantech.ch/files/Lukas-Fehr-Risiko-Dialog.jpg 400w, https://www.swisscleantech.ch/files/Lukas-Fehr-Risiko-Dialog-300x300.jpg 300w, https://www.swisscleantech.ch/files/Lukas-Fehr-Risiko-Dialog-125x125.jpg 125w" sizes="(max-width: 300px) 100vw, 300px" /></figure>



<div style="height:20px" aria-hidden="true" class="wp-block-spacer"></div>



<p><strong>Lukas Fehr</strong><br>Projektleiter Stiftung Risiko-Dialog</p>
</div>



<div class="is-layout-flow wp-block-column">
<figure class="wp-block-image size-full is-resized"><img decoding="async" loading="lazy" src="https://www.swisscleantech.ch/files/Ina-Maria-Walthert-AMAG.jpg" alt="" class="wp-image-34505" width="300" height="300" srcset="https://www.swisscleantech.ch/files/Ina-Maria-Walthert-AMAG.jpg 400w, https://www.swisscleantech.ch/files/Ina-Maria-Walthert-AMAG-300x300.jpg 300w, https://www.swisscleantech.ch/files/Ina-Maria-Walthert-AMAG-125x125.jpg 125w" sizes="(max-width: 300px) 100vw, 300px" /></figure>



<div style="height:20px" aria-hidden="true" class="wp-block-spacer"></div>



<p><strong>Ina Maria Walthert</strong><br>Head Group Sustainability AMAG Group</p>
</div>
</div>



<p></p>
</div>
</div>



<p>Wir freuen uns auf den Dialog!</p>



<div class="is-layout-flex wp-block-buttons">
<div class="wp-block-button"><a class="wp-block-button__link wp-element-button" href="https://us06web.zoom.us/webinar/register/WN_8mvMoLqrQl-2xHZ7gKVsiA" target="_blank" rel="noopener">Zur Anmeldung</a></div>
</div>
