{"id":37880,"date":"2026-01-27T08:53:15","date_gmt":"2026-01-27T08:53:15","guid":{"rendered":"https:\/\/www.swisscleantech.ch\/?post_type=agendaeintrag&#038;p=37880"},"modified":"2026-01-27T08:53:16","modified_gmt":"2026-01-27T08:53:16","slug":"vertriebsleitertagung-energie-4","status":"publish","type":"agendaeintrag","link":"https:\/\/www.swisscleantech.ch\/fr\/agendaeintrag\/vertriebsleitertagung-energie-4\/","title":{"rendered":"Vertriebsleitertagung Energie"},"content":{"rendered":"\n<p><strong>Die unabh\u00e4ngige Schweizer Plattform f\u00fcr Vertriebsleiter und F\u00fchrungskr\u00e4fte der EVU<\/strong><\/p>\n\n\n\n<p>Der Energiesektor befindet sich im Wandel. Wettbewerb, sinkende Margen und Pflicht zur<br>Energieeffizienz setzen die Energieversorgungsunternehmen unter Druck. Kundenbindung und die Ausweitung der Wertsch\u00f6pfung sind wichtige Handlungsoptionen, um sich nachhaltig f\u00fcr die Zukunft aufzustellen.<\/p>\n\n\n\n<p>Dabei gilt es, die eigene Ausgangssituation zu beachten und wohl\u00fcberlegt die eigenen St\u00e4rken auszubauen. F\u00fcr VertriebsleiterInnen und EntscheiderInnen aus Versorgungsunternehmen stehen grosse Herausforderungen an.<\/p>\n\n\n\n<p>Einen aktuellen und von hochkar\u00e4tigen ReferentInnen pr\u00e4sentierten Ein- und Ausblick zu den laufenden Entwicklungen und Projekten in der Schweiz sowie Erfahrungen aus dem Ausland bietet unsere Vertriebsleitertagung Energie.<\/p>\n\n\n\n<h2>Fokusthemen der 8. Jahrestagung<\/h2>\n\n\n\n<ul>\n<li>Stand Mantelerlass, Verordnungen, \u00dcbergansfristen<\/li>\n\n\n\n<li>Flexibilit\u00e4ten und Speicherl\u00f6sungen<\/li>\n\n\n\n<li>Datenschutz und Regulierung<\/li>\n\n\n\n<li>Stamm-\/Datenmanagement<\/li>\n\n\n\n<li>Neue Energiedienstleistungen und Gesch\u00e4ftsmodelle<\/li>\n<\/ul>\n","protected":false},"featured_media":0,"template":"","acf":[],"_links":{"self":[{"href":"https:\/\/www.swisscleantech.ch\/fr\/wp-json\/wp\/v2\/agendaeintrag\/37880"}],"collection":[{"href":"https:\/\/www.swisscleantech.ch\/fr\/wp-json\/wp\/v2\/agendaeintrag"}],"about":[{"href":"https:\/\/www.swisscleantech.ch\/fr\/wp-json\/wp\/v2\/types\/agendaeintrag"}],"version-history":[{"count":4,"href":"https:\/\/www.swisscleantech.ch\/fr\/wp-json\/wp\/v2\/agendaeintrag\/37880\/revisions"}],"predecessor-version":[{"id":37884,"href":"https:\/\/www.swisscleantech.ch\/fr\/wp-json\/wp\/v2\/agendaeintrag\/37880\/revisions\/37884"}],"wp:attachment":[{"href":"https:\/\/www.swisscleantech.ch\/fr\/wp-json\/wp\/v2\/media?parent=37880"}],"curies":[{"name":"wp","href":"https:\/\/api.w.org\/{rel}","templated":true}]}}

<p><strong>Die unabhängige Schweizer Plattform für Vertriebsleiter und Führungskräfte der EVU</strong></p>



<p>Der Energiesektor befindet sich im Wandel. Wettbewerb, sinkende Margen und Pflicht zur<br>Energieeffizienz setzen die Energieversorgungsunternehmen unter Druck. Kundenbindung und die Ausweitung der Wertschöpfung sind wichtige Handlungsoptionen, um sich nachhaltig für die Zukunft aufzustellen.</p>



<p>Dabei gilt es, die eigene Ausgangssituation zu beachten und wohlüberlegt die eigenen Stärken auszubauen. Für VertriebsleiterInnen und EntscheiderInnen aus Versorgungsunternehmen stehen grosse Herausforderungen an.</p>



<p>Einen aktuellen und von hochkarätigen ReferentInnen präsentierten Ein- und Ausblick zu den laufenden Entwicklungen und Projekten in der Schweiz sowie Erfahrungen aus dem Ausland bietet unsere Vertriebsleitertagung Energie.</p>



<h2>Fokusthemen der 8. Jahrestagung</h2>



<ul>
<li>Stand Mantelerlass, Verordnungen, Übergansfristen</li>



<li>Flexibilitäten und Speicherlösungen</li>



<li>Datenschutz und Regulierung</li>



<li>Stamm-/Datenmanagement</li>



<li>Neue Energiedienstleistungen und Geschäftsmodelle</li>
</ul>
