{"id":8768,"date":"2018-05-21T19:43:48","date_gmt":"2018-05-21T19:43:48","guid":{"rendered":"https:\/\/www.swisscleantech.ch\/?page_id=8768"},"modified":"2020-03-12T14:10:49","modified_gmt":"2020-03-12T14:10:49","slug":"agenda","status":"publish","type":"page","link":"https:\/\/www.swisscleantech.ch\/fr\/agenda\/","title":{"rendered":"Ev\u00e9nements"},"content":{"rendered":"<p>D\u00e9velopper des solutions ensemble\u00a0: c\u2019est l\u2019objectif central de swisscleantech. Mettez-vous en r\u00e9seau avec les pionniers de l\u2019\u00e9conomie, des sciences et de la politique. Apportez votre expertise. Inspirez-vous des travaux de nos groupes th\u00e9matiques. Et entrez en contact avec des gens passionnants lors de nos \u00e9v\u00e9nements saisonniers.<\/p>\n<p>Par ce lien, les adh\u00e9rents et partenaires peuvent <a href=\"https:\/\/www.swisscleantech.ch\/fr\/agenda\/transmettre-linscription-dans-lagenda\/\">inscrire leurs \u00e9v\u00e9nements dans notre agenda<\/a>.<\/p>\n","protected":false},"excerpt":{"rendered":"<p>D\u00e9velopper des solutions ensemble\u00a0: c\u2019est l\u2019objectif central de swisscleantech. Mettez-vous en r\u00e9seau avec les pionniers de l\u2019\u00e9conomie, des sciences et de la politique. Apportez votre expertise. Inspirez-vous des travaux de nos groupes th\u00e9matiques. Et entrez en contact avec des gens passionnants lors de nos \u00e9v\u00e9nements saisonniers. Par ce lien, les adh\u00e9rents et partenaires peuvent inscrire&#8230;  <a class=\"excerpt-read-more\" href=\"https:\/\/www.swisscleantech.ch\/fr\/agenda\/\" title=\"LireEv\u00e9nements\">Lire la suite &raquo;<\/a><\/p>\n","protected":false},"author":2,"featured_media":0,"parent":0,"menu_order":0,"comment_status":"closed","ping_status":"closed","template":"page-agenda.php","meta":{"inline_featured_image":false},"acf":[],"_links":{"self":[{"href":"https:\/\/www.swisscleantech.ch\/fr\/wp-json\/wp\/v2\/pages\/8768"}],"collection":[{"href":"https:\/\/www.swisscleantech.ch\/fr\/wp-json\/wp\/v2\/pages"}],"about":[{"href":"https:\/\/www.swisscleantech.ch\/fr\/wp-json\/wp\/v2\/types\/page"}],"author":[{"embeddable":true,"href":"https:\/\/www.swisscleantech.ch\/fr\/wp-json\/wp\/v2\/users\/2"}],"replies":[{"embeddable":true,"href":"https:\/\/www.swisscleantech.ch\/fr\/wp-json\/wp\/v2\/comments?post=8768"}],"version-history":[{"count":4,"href":"https:\/\/www.swisscleantech.ch\/fr\/wp-json\/wp\/v2\/pages\/8768\/revisions"}],"predecessor-version":[{"id":16316,"href":"https:\/\/www.swisscleantech.ch\/fr\/wp-json\/wp\/v2\/pages\/8768\/revisions\/16316"}],"wp:attachment":[{"href":"https:\/\/www.swisscleantech.ch\/fr\/wp-json\/wp\/v2\/media?parent=8768"}],"curies":[{"name":"wp","href":"https:\/\/api.w.org\/{rel}","templated":true}]}}

Evénements

<p>Développer des solutions ensemble : c’est l’objectif central de swisscleantech. Mettez-vous en réseau avec les pionniers de l’économie, des sciences et de la politique. Apportez votre expertise. Inspirez-vous des travaux de nos groupes thématiques. Et entrez en contact avec des gens passionnants lors de nos événements saisonniers.</p>
<p>Par ce lien, les adhérents et partenaires peuvent <a href="https://www.swisscleantech.ch/fr/agenda/transmettre-linscription-dans-lagenda/">inscrire leurs événements dans notre agenda</a>.</p>

<p>Développer des solutions ensemble : c’est l’objectif central de swisscleantech. Mettez-vous en réseau avec les pionniers de l’économie, des sciences et de la politique. Apportez votre expertise. Inspirez-vous des travaux de nos groupes thématiques. Et entrez en contact avec des gens passionnants lors de nos événements saisonniers. Par ce lien, les adhérents et partenaires peuvent inscrire&#8230;  <a class="excerpt-read-more" href="https://www.swisscleantech.ch/fr/agenda/" title="LireEvénements">Lire la suite &raquo;</a></p>
